{"id":5944,"date":"2026-02-18T21:22:12","date_gmt":"2026-02-18T20:22:12","guid":{"rendered":"https:\/\/kichiko.net\/?page_id=5944"},"modified":"2026-02-18T21:45:37","modified_gmt":"2026-02-18T20:45:37","slug":"adorable-lucky-guy","status":"publish","type":"page","link":"https:\/\/kichiko.net\/?page_id=5944","title":{"rendered":"Adorable Lucky Guy"},"content":{"rendered":"\n<p>Nr.3\u00a0ble en r\u00f8d hann. Han fikk navnet \u00abKichiko`s Adorable Lucky Guy \u00bb.<br>Nick : Lucky<br>Rase : Shiba<br>Kj\u00f8nn: Hann<br>Farge : R\u00f8d<br>F\u00f8dt:\u00a05\/11-2025<br>Reg.nr : NO54442\/25<br>HD:<br>AD:<br>Patella:<br>Bitt:<\/p>\n\n\n\n<p>Eier : Tone Stene og John Perkins, Auli<\/p>\n\n\n\n<figure class=\"wp-block-image size-large\"><img loading=\"lazy\" width=\"873\" height=\"1024\" src=\"https:\/\/kichiko.net\/wp-content\/uploads\/2026\/02\/2-873x1024.jpg\" alt=\"\" class=\"wp-image-5970\" srcset=\"https:\/\/kichiko.net\/wp-content\/uploads\/2026\/02\/2-873x1024.jpg 873w, https:\/\/kichiko.net\/wp-content\/uploads\/2026\/02\/2-400x469.jpg 400w, https:\/\/kichiko.net\/wp-content\/uploads\/2026\/02\/2-768x901.jpg 768w, https:\/\/kichiko.net\/wp-content\/uploads\/2026\/02\/2-1310x1536.jpg 1310w, https:\/\/kichiko.net\/wp-content\/uploads\/2026\/02\/2.jpg 1679w\" sizes=\"(max-width: 873px) 100vw, 873px\" \/><figcaption>Nyf\u00f8dt<\/figcaption><\/figure>\n\n\n\n<figure class=\"wp-block-image size-large\"><img loading=\"lazy\" width=\"768\" height=\"1024\" src=\"https:\/\/kichiko.net\/wp-content\/uploads\/2026\/02\/2-1-uke-768x1024.jpg\" alt=\"\" class=\"wp-image-5971\" srcset=\"https:\/\/kichiko.net\/wp-content\/uploads\/2026\/02\/2-1-uke-768x1024.jpg 768w, https:\/\/kichiko.net\/wp-content\/uploads\/2026\/02\/2-1-uke-400x533.jpg 400w, https:\/\/kichiko.net\/wp-content\/uploads\/2026\/02\/2-1-uke-1152x1536.jpg 1152w, https:\/\/kichiko.net\/wp-content\/uploads\/2026\/02\/2-1-uke.jpg 1536w\" sizes=\"(max-width: 768px) 100vw, 768px\" \/><figcaption>1 uke<\/figcaption><\/figure>\n\n\n\n<figure class=\"wp-block-image size-large\"><img loading=\"lazy\" width=\"912\" height=\"1024\" src=\"https:\/\/kichiko.net\/wp-content\/uploads\/2026\/02\/3-2-uker-912x1024.jpg\" alt=\"\" class=\"wp-image-5973\" srcset=\"https:\/\/kichiko.net\/wp-content\/uploads\/2026\/02\/3-2-uker-912x1024.jpg 912w, https:\/\/kichiko.net\/wp-content\/uploads\/2026\/02\/3-2-uker-400x449.jpg 400w, https:\/\/kichiko.net\/wp-content\/uploads\/2026\/02\/3-2-uker-768x862.jpg 768w, https:\/\/kichiko.net\/wp-content\/uploads\/2026\/02\/3-2-uker-1368x1536.jpg 1368w, https:\/\/kichiko.net\/wp-content\/uploads\/2026\/02\/3-2-uker.jpg 1716w\" sizes=\"(max-width: 912px) 100vw, 912px\" \/><figcaption>2 uker<\/figcaption><\/figure>\n\n\n\n<figure class=\"wp-block-image size-large\"><img loading=\"lazy\" width=\"945\" height=\"1024\" src=\"https:\/\/kichiko.net\/wp-content\/uploads\/2026\/02\/3-3-uker-945x1024.jpg\" alt=\"\" class=\"wp-image-5974\" srcset=\"https:\/\/kichiko.net\/wp-content\/uploads\/2026\/02\/3-3-uker-945x1024.jpg 945w, https:\/\/kichiko.net\/wp-content\/uploads\/2026\/02\/3-3-uker-400x433.jpg 400w, https:\/\/kichiko.net\/wp-content\/uploads\/2026\/02\/3-3-uker-768x832.jpg 768w, https:\/\/kichiko.net\/wp-content\/uploads\/2026\/02\/3-3-uker-1418x1536.jpg 1418w, https:\/\/kichiko.net\/wp-content\/uploads\/2026\/02\/3-3-uker.jpg 1747w\" sizes=\"(max-width: 945px) 100vw, 945px\" \/><figcaption>3 uker<\/figcaption><\/figure>\n\n\n\n<figure class=\"wp-block-image size-large\"><img loading=\"lazy\" width=\"918\" height=\"1024\" src=\"https:\/\/kichiko.net\/wp-content\/uploads\/2026\/02\/gronn-4-uker-918x1024.jpg\" alt=\"\" class=\"wp-image-5975\" srcset=\"https:\/\/kichiko.net\/wp-content\/uploads\/2026\/02\/gronn-4-uker-918x1024.jpg 918w, https:\/\/kichiko.net\/wp-content\/uploads\/2026\/02\/gronn-4-uker-400x446.jpg 400w, https:\/\/kichiko.net\/wp-content\/uploads\/2026\/02\/gronn-4-uker-768x857.jpg 768w, https:\/\/kichiko.net\/wp-content\/uploads\/2026\/02\/gronn-4-uker-1377x1536.jpg 1377w, https:\/\/kichiko.net\/wp-content\/uploads\/2026\/02\/gronn-4-uker.jpg 1722w\" sizes=\"(max-width: 918px) 100vw, 918px\" \/><figcaption>4 uker<\/figcaption><\/figure>\n\n\n\n<figure class=\"wp-block-image size-large\"><img loading=\"lazy\" width=\"784\" height=\"1024\" src=\"https:\/\/kichiko.net\/wp-content\/uploads\/2026\/02\/gronn-5-uker-784x1024.jpg\" alt=\"\" class=\"wp-image-5976\" srcset=\"https:\/\/kichiko.net\/wp-content\/uploads\/2026\/02\/gronn-5-uker-784x1024.jpg 784w, https:\/\/kichiko.net\/wp-content\/uploads\/2026\/02\/gronn-5-uker-400x522.jpg 400w, https:\/\/kichiko.net\/wp-content\/uploads\/2026\/02\/gronn-5-uker-768x1003.jpg 768w, https:\/\/kichiko.net\/wp-content\/uploads\/2026\/02\/gronn-5-uker-1176x1536.jpg 1176w, https:\/\/kichiko.net\/wp-content\/uploads\/2026\/02\/gronn-5-uker.jpg 1568w\" sizes=\"(max-width: 784px) 100vw, 784px\" \/><figcaption>5 uker<\/figcaption><\/figure>\n\n\n\n<figure class=\"wp-block-image size-large\"><img loading=\"lazy\" width=\"879\" height=\"1024\" src=\"https:\/\/kichiko.net\/wp-content\/uploads\/2026\/02\/gronn-6-uker-879x1024.jpg\" alt=\"\" class=\"wp-image-5977\" srcset=\"https:\/\/kichiko.net\/wp-content\/uploads\/2026\/02\/gronn-6-uker-879x1024.jpg 879w, https:\/\/kichiko.net\/wp-content\/uploads\/2026\/02\/gronn-6-uker-400x466.jpg 400w, https:\/\/kichiko.net\/wp-content\/uploads\/2026\/02\/gronn-6-uker-768x895.jpg 768w, https:\/\/kichiko.net\/wp-content\/uploads\/2026\/02\/gronn-6-uker-1319x1536.jpg 1319w, https:\/\/kichiko.net\/wp-content\/uploads\/2026\/02\/gronn-6-uker.jpg 1758w\" sizes=\"(max-width: 879px) 100vw, 879px\" \/><figcaption>6 uker<\/figcaption><\/figure>\n\n\n\n<figure class=\"wp-block-image size-large\"><img loading=\"lazy\" width=\"753\" height=\"1024\" src=\"https:\/\/kichiko.net\/wp-content\/uploads\/2026\/02\/gronn-7-uker-753x1024.jpg\" alt=\"\" class=\"wp-image-5978\" srcset=\"https:\/\/kichiko.net\/wp-content\/uploads\/2026\/02\/gronn-7-uker-753x1024.jpg 753w, https:\/\/kichiko.net\/wp-content\/uploads\/2026\/02\/gronn-7-uker-400x544.jpg 400w, https:\/\/kichiko.net\/wp-content\/uploads\/2026\/02\/gronn-7-uker-768x1044.jpg 768w, https:\/\/kichiko.net\/wp-content\/uploads\/2026\/02\/gronn-7-uker-1130x1536.jpg 1130w, https:\/\/kichiko.net\/wp-content\/uploads\/2026\/02\/gronn-7-uker.jpg 1506w\" sizes=\"(max-width: 753px) 100vw, 753px\" \/><figcaption>7 uker<\/figcaption><\/figure>\n\n\n\n<figure class=\"wp-block-image size-large\"><img loading=\"lazy\" width=\"768\" height=\"1024\" src=\"https:\/\/kichiko.net\/wp-content\/uploads\/2026\/02\/Lucky-perkins-Auli-768x1024.jpg\" alt=\"\" class=\"wp-image-5979\" srcset=\"https:\/\/kichiko.net\/wp-content\/uploads\/2026\/02\/Lucky-perkins-Auli-768x1024.jpg 768w, https:\/\/kichiko.net\/wp-content\/uploads\/2026\/02\/Lucky-perkins-Auli-400x533.jpg 400w, https:\/\/kichiko.net\/wp-content\/uploads\/2026\/02\/Lucky-perkins-Auli-1152x1536.jpg 1152w, https:\/\/kichiko.net\/wp-content\/uploads\/2026\/02\/Lucky-perkins-Auli.jpg 1536w\" sizes=\"(max-width: 768px) 100vw, 768px\" \/><figcaption>Lucky med sin nye familie<\/figcaption><\/figure>\n","protected":false},"excerpt":{"rendered":"<p>Nr.3\u00a0ble en r\u00f8d hann. Han fikk navnet \u00abKichiko`s Adorable Lucky Guy \u00bb.Nick : LuckyRase : ShibaKj\u00f8nn: HannFarge : R\u00f8dF\u00f8dt:\u00a05\/11-2025Reg.nr : NO54442\/25HD:AD:Patella:Bitt: Eier : Tone Stene og John Perkins, Auli<\/p>\n","protected":false},"author":2,"featured_media":0,"parent":5925,"menu_order":3,"comment_status":"closed","ping_status":"closed","template":"","meta":[],"_links":{"self":[{"href":"https:\/\/kichiko.net\/index.php?rest_route=\/wp\/v2\/pages\/5944"}],"collection":[{"href":"https:\/\/kichiko.net\/index.php?rest_route=\/wp\/v2\/pages"}],"about":[{"href":"https:\/\/kichiko.net\/index.php?rest_route=\/wp\/v2\/types\/page"}],"author":[{"embeddable":true,"href":"https:\/\/kichiko.net\/index.php?rest_route=\/wp\/v2\/users\/2"}],"replies":[{"embeddable":true,"href":"https:\/\/kichiko.net\/index.php?rest_route=%2Fwp%2Fv2%2Fcomments&post=5944"}],"version-history":[{"count":3,"href":"https:\/\/kichiko.net\/index.php?rest_route=\/wp\/v2\/pages\/5944\/revisions"}],"predecessor-version":[{"id":5980,"href":"https:\/\/kichiko.net\/index.php?rest_route=\/wp\/v2\/pages\/5944\/revisions\/5980"}],"up":[{"embeddable":true,"href":"https:\/\/kichiko.net\/index.php?rest_route=\/wp\/v2\/pages\/5925"}],"wp:attachment":[{"href":"https:\/\/kichiko.net\/index.php?rest_route=%2Fwp%2Fv2%2Fmedia&parent=5944"}],"curies":[{"name":"wp","href":"https:\/\/api.w.org\/{rel}","templated":true}]}}