{"id":5767,"date":"2025-03-13T22:20:46","date_gmt":"2025-03-13T21:20:46","guid":{"rendered":"https:\/\/kichiko.net\/?page_id=5767"},"modified":"2025-05-11T21:33:30","modified_gmt":"2025-05-11T20:33:30","slug":"vimsa","status":"publish","type":"page","link":"https:\/\/kichiko.net\/?page_id=5767","title":{"rendered":"Vimsa"},"content":{"rendered":"\n<figure class=\"wp-block-image size-large\"><img loading=\"lazy\" width=\"683\" height=\"1024\" src=\"https:\/\/kichiko.net\/wp-content\/uploads\/2025\/03\/ken-683x1024.jpg\" alt=\"\" class=\"wp-image-5768\" srcset=\"https:\/\/kichiko.net\/wp-content\/uploads\/2025\/03\/ken-683x1024.jpg 683w, https:\/\/kichiko.net\/wp-content\/uploads\/2025\/03\/ken-400x600.jpg 400w, https:\/\/kichiko.net\/wp-content\/uploads\/2025\/03\/ken-768x1152.jpg 768w, https:\/\/kichiko.net\/wp-content\/uploads\/2025\/03\/ken-1024x1536.jpg 1024w, https:\/\/kichiko.net\/wp-content\/uploads\/2025\/03\/ken.jpg 1365w\" sizes=\"(max-width: 683px) 100vw, 683px\" \/><figcaption>Navn :&nbsp;Kichiko`s A Xmas Rockstar<br>Nick : Kenai<br>Kj\u00f8nn :&nbsp;Tispe<br>Farge : Sort\/gr\u00e5<br>H\u00e5rlag: Langh\u00e5r<br>F\u00f8dt : 29\/10-2024<br>Reg.nr :&nbsp;No56095\/24<br>Oppdretter : Hilde Schyttelvik, \u00c5ros<br>HD :<br>AD:<br>Bitt :<br>Eier: Kristine Elene Schyttelvik-Rundhaug<br>D\u00f8d: 2\/5-2025<br><\/figcaption><\/figure>\n","protected":false},"excerpt":{"rendered":"","protected":false},"author":2,"featured_media":0,"parent":61,"menu_order":20,"comment_status":"closed","ping_status":"closed","template":"","meta":[],"_links":{"self":[{"href":"https:\/\/kichiko.net\/index.php?rest_route=\/wp\/v2\/pages\/5767"}],"collection":[{"href":"https:\/\/kichiko.net\/index.php?rest_route=\/wp\/v2\/pages"}],"about":[{"href":"https:\/\/kichiko.net\/index.php?rest_route=\/wp\/v2\/types\/page"}],"author":[{"embeddable":true,"href":"https:\/\/kichiko.net\/index.php?rest_route=\/wp\/v2\/users\/2"}],"replies":[{"embeddable":true,"href":"https:\/\/kichiko.net\/index.php?rest_route=%2Fwp%2Fv2%2Fcomments&post=5767"}],"version-history":[{"count":4,"href":"https:\/\/kichiko.net\/index.php?rest_route=\/wp\/v2\/pages\/5767\/revisions"}],"predecessor-version":[{"id":5812,"href":"https:\/\/kichiko.net\/index.php?rest_route=\/wp\/v2\/pages\/5767\/revisions\/5812"}],"up":[{"embeddable":true,"href":"https:\/\/kichiko.net\/index.php?rest_route=\/wp\/v2\/pages\/61"}],"wp:attachment":[{"href":"https:\/\/kichiko.net\/index.php?rest_route=%2Fwp%2Fv2%2Fmedia&parent=5767"}],"curies":[{"name":"wp","href":"https:\/\/api.w.org\/{rel}","templated":true}]}}