{"id":5627,"date":"2025-02-09T19:10:44","date_gmt":"2025-02-09T18:10:44","guid":{"rendered":"https:\/\/kichiko.net\/?page_id=5627"},"modified":"2025-02-09T19:46:48","modified_gmt":"2025-02-09T18:46:48","slug":"a-xmas","status":"publish","type":"page","link":"https:\/\/kichiko.net\/?page_id=5627","title":{"rendered":"A Xmas First Born"},"content":{"rendered":"\n<figure class=\"wp-block-image size-large\"><img loading=\"lazy\" width=\"1024\" height=\"683\" src=\"https:\/\/kichiko.net\/wp-content\/uploads\/2025\/02\/bass-1024x683.jpg\" alt=\"\" class=\"wp-image-5681\" srcset=\"https:\/\/kichiko.net\/wp-content\/uploads\/2025\/02\/bass-1024x683.jpg 1024w, https:\/\/kichiko.net\/wp-content\/uploads\/2025\/02\/bass-400x267.jpg 400w, https:\/\/kichiko.net\/wp-content\/uploads\/2025\/02\/bass-768x512.jpg 768w, https:\/\/kichiko.net\/wp-content\/uploads\/2025\/02\/bass-1536x1024.jpg 1536w, https:\/\/kichiko.net\/wp-content\/uploads\/2025\/02\/bass.jpg 2048w\" sizes=\"(max-width: 1024px) 100vw, 1024px\" \/><\/figure>\n\n\n\n<p>Navn :&nbsp;Kichiko`s A Xmas First Born<br>Nick : Link<br>Kj\u00f8nn :&nbsp;Hannhund<br>Farge : Sort\/gr\u00e5<br>H\u00e5rlag: Langh\u00e5r<br>F\u00f8dt : 29\/10-2024<br>Reg.nr :&nbsp;No56093\/24<br>Oppdretter : Hilde Schyttelvik, \u00c5ros<br>HD :<br>AD:<br>Bitt :<br>Eiere: Siw Bremseth og Kenneth Gylland, St\u00f8ren<\/p>\n\n\n\n<figure class=\"wp-block-image size-large\"><img loading=\"lazy\" width=\"1024\" height=\"813\" src=\"https:\/\/kichiko.net\/wp-content\/uploads\/2025\/02\/Link-1024x813.jpg\" alt=\"\" class=\"wp-image-5668\" srcset=\"https:\/\/kichiko.net\/wp-content\/uploads\/2025\/02\/Link-1024x813.jpg 1024w, https:\/\/kichiko.net\/wp-content\/uploads\/2025\/02\/Link-400x318.jpg 400w, https:\/\/kichiko.net\/wp-content\/uploads\/2025\/02\/Link-768x610.jpg 768w, https:\/\/kichiko.net\/wp-content\/uploads\/2025\/02\/Link-1536x1220.jpg 1536w, https:\/\/kichiko.net\/wp-content\/uploads\/2025\/02\/Link.jpg 2048w\" sizes=\"(max-width: 1024px) 100vw, 1024px\" \/><\/figure>\n\n\n\n<p><\/p>\n","protected":false},"excerpt":{"rendered":"<p>Navn :&nbsp;Kichiko`s A Xmas First BornNick : LinkKj\u00f8nn :&nbsp;HannhundFarge : Sort\/gr\u00e5H\u00e5rlag: Langh\u00e5rF\u00f8dt : 29\/10-2024Reg.nr :&nbsp;No56093\/24Oppdretter : Hilde Schyttelvik, \u00c5rosHD :AD:Bitt :Eiere: Siw Bremseth og Kenneth Gylland, St\u00f8ren<\/p>\n","protected":false},"author":2,"featured_media":0,"parent":5625,"menu_order":1,"comment_status":"closed","ping_status":"closed","template":"","meta":[],"_links":{"self":[{"href":"https:\/\/kichiko.net\/index.php?rest_route=\/wp\/v2\/pages\/5627"}],"collection":[{"href":"https:\/\/kichiko.net\/index.php?rest_route=\/wp\/v2\/pages"}],"about":[{"href":"https:\/\/kichiko.net\/index.php?rest_route=\/wp\/v2\/types\/page"}],"author":[{"embeddable":true,"href":"https:\/\/kichiko.net\/index.php?rest_route=\/wp\/v2\/users\/2"}],"replies":[{"embeddable":true,"href":"https:\/\/kichiko.net\/index.php?rest_route=%2Fwp%2Fv2%2Fcomments&post=5627"}],"version-history":[{"count":6,"href":"https:\/\/kichiko.net\/index.php?rest_route=\/wp\/v2\/pages\/5627\/revisions"}],"predecessor-version":[{"id":5682,"href":"https:\/\/kichiko.net\/index.php?rest_route=\/wp\/v2\/pages\/5627\/revisions\/5682"}],"up":[{"embeddable":true,"href":"https:\/\/kichiko.net\/index.php?rest_route=\/wp\/v2\/pages\/5625"}],"wp:attachment":[{"href":"https:\/\/kichiko.net\/index.php?rest_route=%2Fwp%2Fv2%2Fmedia&parent=5627"}],"curies":[{"name":"wp","href":"https:\/\/api.w.org\/{rel}","templated":true}]}}