{"id":5540,"date":"2025-02-08T00:08:45","date_gmt":"2025-02-07T23:08:45","guid":{"rendered":"https:\/\/kichiko.net\/?page_id=5540"},"modified":"2025-03-23T10:40:07","modified_gmt":"2025-03-23T09:40:07","slug":"y-2","status":"publish","type":"page","link":"https:\/\/kichiko.net\/?page_id=5540","title":{"rendered":"Young An Spicy"},"content":{"rendered":"\n<p>Nr.2\u00a0ble en r\u00f8d hann. Han fikk navnet \u00abKichiko`s Young And Spicy \u00bb.<br>Nick : Ole<br>Rase : Shiba<br>Kj\u00f8nn: Hann<br>Farge : R\u00f8d<br>F\u00f8dt:\u00a02\/2-2025<br>Reg.nr : NO34177\/25<br>HD:<br>AD:<br>Patella:<br>Bitt:<\/p>\n\n\n\n<p>Eier :<\/p>\n\n\n\n<figure class=\"wp-block-image size-large\"><img loading=\"lazy\" width=\"768\" height=\"1024\" src=\"https:\/\/kichiko.net\/wp-content\/uploads\/2025\/02\/475844125_1999943310527707_3202249295511980615_n-768x1024.jpg\" alt=\"\" class=\"wp-image-5570\" srcset=\"https:\/\/kichiko.net\/wp-content\/uploads\/2025\/02\/475844125_1999943310527707_3202249295511980615_n-768x1024.jpg 768w, https:\/\/kichiko.net\/wp-content\/uploads\/2025\/02\/475844125_1999943310527707_3202249295511980615_n-400x533.jpg 400w, https:\/\/kichiko.net\/wp-content\/uploads\/2025\/02\/475844125_1999943310527707_3202249295511980615_n-1152x1536.jpg 1152w, https:\/\/kichiko.net\/wp-content\/uploads\/2025\/02\/475844125_1999943310527707_3202249295511980615_n.jpg 1536w\" sizes=\"(max-width: 768px) 100vw, 768px\" \/><figcaption>Nyf\u00f8dt<\/figcaption><\/figure>\n\n\n\n<figure class=\"wp-block-image size-large\"><img loading=\"lazy\" width=\"768\" height=\"1024\" src=\"https:\/\/kichiko.net\/wp-content\/uploads\/2025\/02\/476925219_2004502753405096_7415269018008362628_n-768x1024.jpg\" alt=\"\" class=\"wp-image-5571\" srcset=\"https:\/\/kichiko.net\/wp-content\/uploads\/2025\/02\/476925219_2004502753405096_7415269018008362628_n-768x1024.jpg 768w, https:\/\/kichiko.net\/wp-content\/uploads\/2025\/02\/476925219_2004502753405096_7415269018008362628_n-400x533.jpg 400w, https:\/\/kichiko.net\/wp-content\/uploads\/2025\/02\/476925219_2004502753405096_7415269018008362628_n-1152x1536.jpg 1152w, https:\/\/kichiko.net\/wp-content\/uploads\/2025\/02\/476925219_2004502753405096_7415269018008362628_n.jpg 1536w\" sizes=\"(max-width: 768px) 100vw, 768px\" \/><figcaption>1 uke<\/figcaption><\/figure>\n\n\n\n<figure class=\"wp-block-image size-large\"><img loading=\"lazy\" width=\"768\" height=\"1024\" src=\"https:\/\/kichiko.net\/wp-content\/uploads\/2025\/02\/svart-768x1024.jpg\" alt=\"\" class=\"wp-image-5725\" srcset=\"https:\/\/kichiko.net\/wp-content\/uploads\/2025\/02\/svart-768x1024.jpg 768w, https:\/\/kichiko.net\/wp-content\/uploads\/2025\/02\/svart-400x533.jpg 400w, https:\/\/kichiko.net\/wp-content\/uploads\/2025\/02\/svart-1152x1536.jpg 1152w, https:\/\/kichiko.net\/wp-content\/uploads\/2025\/02\/svart.jpg 1536w\" sizes=\"(max-width: 768px) 100vw, 768px\" \/><figcaption>2 uker<\/figcaption><\/figure>\n\n\n\n<figure class=\"wp-block-image size-full\"><img loading=\"lazy\" width=\"720\" height=\"960\" src=\"https:\/\/kichiko.net\/wp-content\/uploads\/2025\/02\/sort.jpg\" alt=\"\" class=\"wp-image-5742\" srcset=\"https:\/\/kichiko.net\/wp-content\/uploads\/2025\/02\/sort.jpg 720w, https:\/\/kichiko.net\/wp-content\/uploads\/2025\/02\/sort-400x533.jpg 400w\" sizes=\"(max-width: 720px) 100vw, 720px\" \/><figcaption>3 uker<\/figcaption><\/figure>\n\n\n\n<figure class=\"wp-block-image size-large\"><img loading=\"lazy\" width=\"920\" height=\"1024\" src=\"https:\/\/kichiko.net\/wp-content\/uploads\/2025\/03\/sort-920x1024.jpg\" alt=\"\" class=\"wp-image-5775\" srcset=\"https:\/\/kichiko.net\/wp-content\/uploads\/2025\/03\/sort-920x1024.jpg 920w, https:\/\/kichiko.net\/wp-content\/uploads\/2025\/03\/sort-400x445.jpg 400w, https:\/\/kichiko.net\/wp-content\/uploads\/2025\/03\/sort-768x855.jpg 768w, https:\/\/kichiko.net\/wp-content\/uploads\/2025\/03\/sort-1380x1536.jpg 1380w, https:\/\/kichiko.net\/wp-content\/uploads\/2025\/03\/sort.jpg 1840w\" sizes=\"(max-width: 920px) 100vw, 920px\" \/><figcaption>5 uker<\/figcaption><\/figure>\n\n\n\n<figure class=\"wp-block-image size-large\"><img loading=\"lazy\" width=\"768\" height=\"1024\" src=\"https:\/\/kichiko.net\/wp-content\/uploads\/2025\/03\/sort-1-768x1024.jpg\" alt=\"\" class=\"wp-image-5796\" srcset=\"https:\/\/kichiko.net\/wp-content\/uploads\/2025\/03\/sort-1-768x1024.jpg 768w, https:\/\/kichiko.net\/wp-content\/uploads\/2025\/03\/sort-1-400x533.jpg 400w, https:\/\/kichiko.net\/wp-content\/uploads\/2025\/03\/sort-1-1152x1536.jpg 1152w, https:\/\/kichiko.net\/wp-content\/uploads\/2025\/03\/sort-1.jpg 1536w\" sizes=\"(max-width: 768px) 100vw, 768px\" \/><figcaption>6 uker<\/figcaption><\/figure>\n\n\n\n<figure class=\"wp-block-image size-large\"><img loading=\"lazy\" width=\"776\" height=\"1024\" src=\"https:\/\/kichiko.net\/wp-content\/uploads\/2025\/03\/2-sort-ole-776x1024.jpg\" alt=\"\" class=\"wp-image-5797\" srcset=\"https:\/\/kichiko.net\/wp-content\/uploads\/2025\/03\/2-sort-ole-776x1024.jpg 776w, https:\/\/kichiko.net\/wp-content\/uploads\/2025\/03\/2-sort-ole-400x528.jpg 400w, https:\/\/kichiko.net\/wp-content\/uploads\/2025\/03\/2-sort-ole-768x1013.jpg 768w, https:\/\/kichiko.net\/wp-content\/uploads\/2025\/03\/2-sort-ole-1164x1536.jpg 1164w, https:\/\/kichiko.net\/wp-content\/uploads\/2025\/03\/2-sort-ole.jpg 1552w\" sizes=\"(max-width: 776px) 100vw, 776px\" \/><\/figure>\n","protected":false},"excerpt":{"rendered":"<p>Nr.2\u00a0ble en r\u00f8d hann. Han fikk navnet \u00abKichiko`s Young And Spicy \u00bb.Nick : OleRase : ShibaKj\u00f8nn: HannFarge : R\u00f8dF\u00f8dt:\u00a02\/2-2025Reg.nr : NO34177\/25HD:AD:Patella:Bitt: Eier :<\/p>\n","protected":false},"author":2,"featured_media":0,"parent":5536,"menu_order":2,"comment_status":"closed","ping_status":"closed","template":"","meta":[],"_links":{"self":[{"href":"https:\/\/kichiko.net\/index.php?rest_route=\/wp\/v2\/pages\/5540"}],"collection":[{"href":"https:\/\/kichiko.net\/index.php?rest_route=\/wp\/v2\/pages"}],"about":[{"href":"https:\/\/kichiko.net\/index.php?rest_route=\/wp\/v2\/types\/page"}],"author":[{"embeddable":true,"href":"https:\/\/kichiko.net\/index.php?rest_route=\/wp\/v2\/users\/2"}],"replies":[{"embeddable":true,"href":"https:\/\/kichiko.net\/index.php?rest_route=%2Fwp%2Fv2%2Fcomments&post=5540"}],"version-history":[{"count":8,"href":"https:\/\/kichiko.net\/index.php?rest_route=\/wp\/v2\/pages\/5540\/revisions"}],"predecessor-version":[{"id":5798,"href":"https:\/\/kichiko.net\/index.php?rest_route=\/wp\/v2\/pages\/5540\/revisions\/5798"}],"up":[{"embeddable":true,"href":"https:\/\/kichiko.net\/index.php?rest_route=\/wp\/v2\/pages\/5536"}],"wp:attachment":[{"href":"https:\/\/kichiko.net\/index.php?rest_route=%2Fwp%2Fv2%2Fmedia&parent=5540"}],"curies":[{"name":"wp","href":"https:\/\/api.w.org\/{rel}","templated":true}]}}