{"id":5538,"date":"2025-02-08T00:07:53","date_gmt":"2025-02-07T23:07:53","guid":{"rendered":"https:\/\/kichiko.net\/?page_id=5538"},"modified":"2025-03-23T10:38:21","modified_gmt":"2025-03-23T09:38:21","slug":"y","status":"publish","type":"page","link":"https:\/\/kichiko.net\/?page_id=5538","title":{"rendered":"Young And Sweet"},"content":{"rendered":"\n<p>Nr.1\u00a0ble en r\u00f8d hann. Han fikk navnet \u00abKichiko`s Young And Sweet \u00bb.<br>Nick :  Ayax<br>Rase : Shiba<br>Kj\u00f8nn: Hann<br>Farge : R\u00f8d<br>F\u00f8dt:\u00a02\/2-2025<br>Reg.nr : NO34175\/25<br>HD:<br>AD:<br>Patella:<br>Bitt:<\/p>\n\n\n\n<p>Eier :<\/p>\n\n\n\n<figure class=\"wp-block-image size-large\"><img loading=\"lazy\" width=\"768\" height=\"1024\" src=\"https:\/\/kichiko.net\/wp-content\/uploads\/2025\/02\/476117074_1999943350527703_6808496544061588630_n-768x1024.jpg\" alt=\"\" class=\"wp-image-5567\" srcset=\"https:\/\/kichiko.net\/wp-content\/uploads\/2025\/02\/476117074_1999943350527703_6808496544061588630_n-768x1024.jpg 768w, https:\/\/kichiko.net\/wp-content\/uploads\/2025\/02\/476117074_1999943350527703_6808496544061588630_n-400x533.jpg 400w, https:\/\/kichiko.net\/wp-content\/uploads\/2025\/02\/476117074_1999943350527703_6808496544061588630_n-1152x1536.jpg 1152w, https:\/\/kichiko.net\/wp-content\/uploads\/2025\/02\/476117074_1999943350527703_6808496544061588630_n.jpg 1536w\" sizes=\"(max-width: 768px) 100vw, 768px\" \/><figcaption>Nyf\u00f8dt<\/figcaption><\/figure>\n\n\n\n<figure class=\"wp-block-image size-large\"><img loading=\"lazy\" width=\"768\" height=\"1024\" src=\"https:\/\/kichiko.net\/wp-content\/uploads\/2025\/02\/476772640_2004502773405094_1945412732987318325_n-768x1024.jpg\" alt=\"\" class=\"wp-image-5568\" srcset=\"https:\/\/kichiko.net\/wp-content\/uploads\/2025\/02\/476772640_2004502773405094_1945412732987318325_n-768x1024.jpg 768w, https:\/\/kichiko.net\/wp-content\/uploads\/2025\/02\/476772640_2004502773405094_1945412732987318325_n-400x533.jpg 400w, https:\/\/kichiko.net\/wp-content\/uploads\/2025\/02\/476772640_2004502773405094_1945412732987318325_n-1152x1536.jpg 1152w, https:\/\/kichiko.net\/wp-content\/uploads\/2025\/02\/476772640_2004502773405094_1945412732987318325_n.jpg 1536w\" sizes=\"(max-width: 768px) 100vw, 768px\" \/><figcaption>1 uke<\/figcaption><\/figure>\n\n\n\n<figure class=\"wp-block-image size-large\"><img loading=\"lazy\" width=\"768\" height=\"1024\" src=\"https:\/\/kichiko.net\/wp-content\/uploads\/2025\/02\/bla-768x1024.jpg\" alt=\"\" class=\"wp-image-5723\" srcset=\"https:\/\/kichiko.net\/wp-content\/uploads\/2025\/02\/bla-768x1024.jpg 768w, https:\/\/kichiko.net\/wp-content\/uploads\/2025\/02\/bla-400x533.jpg 400w, https:\/\/kichiko.net\/wp-content\/uploads\/2025\/02\/bla-1152x1536.jpg 1152w, https:\/\/kichiko.net\/wp-content\/uploads\/2025\/02\/bla.jpg 1536w\" sizes=\"(max-width: 768px) 100vw, 768px\" \/><figcaption>2 uker<\/figcaption><\/figure>\n\n\n\n<figure class=\"wp-block-image size-full\"><img loading=\"lazy\" width=\"720\" height=\"960\" src=\"https:\/\/kichiko.net\/wp-content\/uploads\/2025\/02\/bla-1.jpg\" alt=\"\" class=\"wp-image-5740\" srcset=\"https:\/\/kichiko.net\/wp-content\/uploads\/2025\/02\/bla-1.jpg 720w, https:\/\/kichiko.net\/wp-content\/uploads\/2025\/02\/bla-1-400x533.jpg 400w\" sizes=\"(max-width: 720px) 100vw, 720px\" \/><figcaption>3 uker<\/figcaption><\/figure>\n\n\n\n<figure class=\"wp-block-image size-large\"><img loading=\"lazy\" width=\"812\" height=\"1024\" src=\"https:\/\/kichiko.net\/wp-content\/uploads\/2025\/03\/bla-812x1024.jpg\" alt=\"\" class=\"wp-image-5773\" srcset=\"https:\/\/kichiko.net\/wp-content\/uploads\/2025\/03\/bla-812x1024.jpg 812w, https:\/\/kichiko.net\/wp-content\/uploads\/2025\/03\/bla-400x504.jpg 400w, https:\/\/kichiko.net\/wp-content\/uploads\/2025\/03\/bla-768x969.jpg 768w, https:\/\/kichiko.net\/wp-content\/uploads\/2025\/03\/bla-1218x1536.jpg 1218w, https:\/\/kichiko.net\/wp-content\/uploads\/2025\/03\/bla.jpg 1624w\" sizes=\"(max-width: 812px) 100vw, 812px\" \/><figcaption>5 uker<\/figcaption><\/figure>\n\n\n\n<figure class=\"wp-block-image size-large\"><img loading=\"lazy\" width=\"768\" height=\"1024\" src=\"https:\/\/kichiko.net\/wp-content\/uploads\/2025\/03\/b-768x1024.jpg\" alt=\"\" class=\"wp-image-5790\" srcset=\"https:\/\/kichiko.net\/wp-content\/uploads\/2025\/03\/b-768x1024.jpg 768w, https:\/\/kichiko.net\/wp-content\/uploads\/2025\/03\/b-400x533.jpg 400w, https:\/\/kichiko.net\/wp-content\/uploads\/2025\/03\/b-1152x1536.jpg 1152w, https:\/\/kichiko.net\/wp-content\/uploads\/2025\/03\/b.jpg 1536w\" sizes=\"(max-width: 768px) 100vw, 768px\" \/><figcaption>6 uker<\/figcaption><\/figure>\n\n\n\n<figure class=\"wp-block-image size-large\"><img loading=\"lazy\" width=\"959\" height=\"1024\" src=\"https:\/\/kichiko.net\/wp-content\/uploads\/2025\/03\/1-bla-Ayax-959x1024.jpg\" alt=\"\" class=\"wp-image-5792\" srcset=\"https:\/\/kichiko.net\/wp-content\/uploads\/2025\/03\/1-bla-Ayax-959x1024.jpg 959w, https:\/\/kichiko.net\/wp-content\/uploads\/2025\/03\/1-bla-Ayax-400x427.jpg 400w, https:\/\/kichiko.net\/wp-content\/uploads\/2025\/03\/1-bla-Ayax-768x820.jpg 768w, https:\/\/kichiko.net\/wp-content\/uploads\/2025\/03\/1-bla-Ayax-1439x1536.jpg 1439w, https:\/\/kichiko.net\/wp-content\/uploads\/2025\/03\/1-bla-Ayax.jpg 1918w\" sizes=\"(max-width: 959px) 100vw, 959px\" \/><figcaption>7 uker<\/figcaption><\/figure>\n","protected":false},"excerpt":{"rendered":"<p>Nr.1\u00a0ble en r\u00f8d hann. Han fikk navnet \u00abKichiko`s Young And Sweet \u00bb.Nick : AyaxRase : ShibaKj\u00f8nn: HannFarge : R\u00f8dF\u00f8dt:\u00a02\/2-2025Reg.nr : NO34175\/25HD:AD:Patella:Bitt: Eier :<\/p>\n","protected":false},"author":2,"featured_media":0,"parent":5536,"menu_order":1,"comment_status":"closed","ping_status":"closed","template":"","meta":[],"_links":{"self":[{"href":"https:\/\/kichiko.net\/index.php?rest_route=\/wp\/v2\/pages\/5538"}],"collection":[{"href":"https:\/\/kichiko.net\/index.php?rest_route=\/wp\/v2\/pages"}],"about":[{"href":"https:\/\/kichiko.net\/index.php?rest_route=\/wp\/v2\/types\/page"}],"author":[{"embeddable":true,"href":"https:\/\/kichiko.net\/index.php?rest_route=\/wp\/v2\/users\/2"}],"replies":[{"embeddable":true,"href":"https:\/\/kichiko.net\/index.php?rest_route=%2Fwp%2Fv2%2Fcomments&post=5538"}],"version-history":[{"count":9,"href":"https:\/\/kichiko.net\/index.php?rest_route=\/wp\/v2\/pages\/5538\/revisions"}],"predecessor-version":[{"id":5793,"href":"https:\/\/kichiko.net\/index.php?rest_route=\/wp\/v2\/pages\/5538\/revisions\/5793"}],"up":[{"embeddable":true,"href":"https:\/\/kichiko.net\/index.php?rest_route=\/wp\/v2\/pages\/5536"}],"wp:attachment":[{"href":"https:\/\/kichiko.net\/index.php?rest_route=%2Fwp%2Fv2%2Fmedia&parent=5538"}],"curies":[{"name":"wp","href":"https:\/\/api.w.org\/{rel}","templated":true}]}}