{"id":5524,"date":"2025-02-08T00:01:17","date_gmt":"2025-02-07T23:01:17","guid":{"rendered":"https:\/\/kichiko.net\/?page_id=5524"},"modified":"2025-02-08T00:01:17","modified_gmt":"2025-02-07T23:01:17","slug":"x-mas-surprise","status":"publish","type":"page","link":"https:\/\/kichiko.net\/?page_id=5524","title":{"rendered":"X-Mas Surprise"},"content":{"rendered":"\n<p>Nr.3\u00a0ble en r\u00f8d hann. Han fikk navnet \u00abKichiko`s X-Mas Surprise\u00bb.<br>Nick : Loki<br>Rase : Shiba<br>Kj\u00f8nn: Hann<br>Farge : R\u00f8d<br>F\u00f8dt:\u00a02\/11-2024<br>Reg.nr : NO55873\/24<br>HD:<br>AD:<br>Patella:<br>Bitt:<\/p>\n\n\n\n<p>Eier : Mikael og Anastasia V\u00e5gnes, Oslo<\/p>\n\n\n\n<figure class=\"wp-block-image size-large\"><img loading=\"lazy\" width=\"907\" height=\"1024\" src=\"https:\/\/kichiko.net\/wp-content\/uploads\/2025\/02\/h-907x1024.jpg\" alt=\"\" class=\"wp-image-5525\" srcset=\"https:\/\/kichiko.net\/wp-content\/uploads\/2025\/02\/h-907x1024.jpg 907w, https:\/\/kichiko.net\/wp-content\/uploads\/2025\/02\/h-400x452.jpg 400w, https:\/\/kichiko.net\/wp-content\/uploads\/2025\/02\/h-768x867.jpg 768w, https:\/\/kichiko.net\/wp-content\/uploads\/2025\/02\/h-1361x1536.jpg 1361w, https:\/\/kichiko.net\/wp-content\/uploads\/2025\/02\/h.jpg 1814w\" sizes=\"(max-width: 907px) 100vw, 907px\" \/><figcaption>ca 2 uker<\/figcaption><\/figure>\n\n\n\n<figure class=\"wp-block-image size-large\"><img loading=\"lazy\" width=\"866\" height=\"1024\" src=\"https:\/\/kichiko.net\/wp-content\/uploads\/2025\/02\/h-1-866x1024.jpg\" alt=\"\" class=\"wp-image-5526\" srcset=\"https:\/\/kichiko.net\/wp-content\/uploads\/2025\/02\/h-1-866x1024.jpg 866w, https:\/\/kichiko.net\/wp-content\/uploads\/2025\/02\/h-1-400x473.jpg 400w, https:\/\/kichiko.net\/wp-content\/uploads\/2025\/02\/h-1-768x908.jpg 768w, https:\/\/kichiko.net\/wp-content\/uploads\/2025\/02\/h-1-1299x1536.jpg 1299w, https:\/\/kichiko.net\/wp-content\/uploads\/2025\/02\/h-1.jpg 1732w\" sizes=\"(max-width: 866px) 100vw, 866px\" \/><figcaption>3 uker<\/figcaption><\/figure>\n\n\n\n<figure class=\"wp-block-image size-large\"><img loading=\"lazy\" width=\"705\" height=\"1024\" src=\"https:\/\/kichiko.net\/wp-content\/uploads\/2025\/02\/loki-705x1024.jpg\" alt=\"\" class=\"wp-image-5527\" srcset=\"https:\/\/kichiko.net\/wp-content\/uploads\/2025\/02\/loki-705x1024.jpg 705w, https:\/\/kichiko.net\/wp-content\/uploads\/2025\/02\/loki-400x581.jpg 400w, https:\/\/kichiko.net\/wp-content\/uploads\/2025\/02\/loki-768x1116.jpg 768w, https:\/\/kichiko.net\/wp-content\/uploads\/2025\/02\/loki-1058x1536.jpg 1058w, https:\/\/kichiko.net\/wp-content\/uploads\/2025\/02\/loki.jpg 1410w\" sizes=\"(max-width: 705px) 100vw, 705px\" \/><figcaption>4 uker<\/figcaption><\/figure>\n\n\n\n<figure class=\"wp-block-image size-large\"><img loading=\"lazy\" width=\"815\" height=\"1024\" src=\"https:\/\/kichiko.net\/wp-content\/uploads\/2025\/02\/469709884_10162579233491241_7250778313085356835_n-815x1024.jpg\" alt=\"\" class=\"wp-image-5528\" srcset=\"https:\/\/kichiko.net\/wp-content\/uploads\/2025\/02\/469709884_10162579233491241_7250778313085356835_n-815x1024.jpg 815w, https:\/\/kichiko.net\/wp-content\/uploads\/2025\/02\/469709884_10162579233491241_7250778313085356835_n-400x503.jpg 400w, https:\/\/kichiko.net\/wp-content\/uploads\/2025\/02\/469709884_10162579233491241_7250778313085356835_n-768x965.jpg 768w, https:\/\/kichiko.net\/wp-content\/uploads\/2025\/02\/469709884_10162579233491241_7250778313085356835_n-1223x1536.jpg 1223w, https:\/\/kichiko.net\/wp-content\/uploads\/2025\/02\/469709884_10162579233491241_7250778313085356835_n.jpg 1630w\" sizes=\"(max-width: 815px) 100vw, 815px\" \/><figcaption>5 uker<\/figcaption><\/figure>\n\n\n\n<figure class=\"wp-block-image size-large\"><img loading=\"lazy\" width=\"830\" height=\"1024\" src=\"https:\/\/kichiko.net\/wp-content\/uploads\/2025\/02\/gutt-830x1024.jpg\" alt=\"\" class=\"wp-image-5529\" srcset=\"https:\/\/kichiko.net\/wp-content\/uploads\/2025\/02\/gutt-830x1024.jpg 830w, https:\/\/kichiko.net\/wp-content\/uploads\/2025\/02\/gutt-400x493.jpg 400w, https:\/\/kichiko.net\/wp-content\/uploads\/2025\/02\/gutt-768x947.jpg 768w, https:\/\/kichiko.net\/wp-content\/uploads\/2025\/02\/gutt-1245x1536.jpg 1245w, https:\/\/kichiko.net\/wp-content\/uploads\/2025\/02\/gutt.jpg 1281w\" sizes=\"(max-width: 830px) 100vw, 830px\" \/><figcaption>6 uker<\/figcaption><\/figure>\n\n\n\n<figure class=\"wp-block-image size-large\"><img loading=\"lazy\" width=\"799\" height=\"1024\" src=\"https:\/\/kichiko.net\/wp-content\/uploads\/2025\/02\/lok-799x1024.jpg\" alt=\"\" class=\"wp-image-5530\" srcset=\"https:\/\/kichiko.net\/wp-content\/uploads\/2025\/02\/lok-799x1024.jpg 799w, https:\/\/kichiko.net\/wp-content\/uploads\/2025\/02\/lok-400x513.jpg 400w, https:\/\/kichiko.net\/wp-content\/uploads\/2025\/02\/lok-768x984.jpg 768w, https:\/\/kichiko.net\/wp-content\/uploads\/2025\/02\/lok-1199x1536.jpg 1199w, https:\/\/kichiko.net\/wp-content\/uploads\/2025\/02\/lok.jpg 1598w\" sizes=\"(max-width: 799px) 100vw, 799px\" \/><figcaption>7 uker<\/figcaption><\/figure>\n\n\n\n<figure class=\"wp-block-image size-large\"><img loading=\"lazy\" width=\"743\" height=\"1024\" src=\"https:\/\/kichiko.net\/wp-content\/uploads\/2025\/02\/lok-1-743x1024.jpg\" alt=\"\" class=\"wp-image-5531\" srcset=\"https:\/\/kichiko.net\/wp-content\/uploads\/2025\/02\/lok-1-743x1024.jpg 743w, https:\/\/kichiko.net\/wp-content\/uploads\/2025\/02\/lok-1-400x551.jpg 400w, https:\/\/kichiko.net\/wp-content\/uploads\/2025\/02\/lok-1-768x1058.jpg 768w, https:\/\/kichiko.net\/wp-content\/uploads\/2025\/02\/lok-1-1115x1536.jpg 1115w, https:\/\/kichiko.net\/wp-content\/uploads\/2025\/02\/lok-1.jpg 1486w\" sizes=\"(max-width: 743px) 100vw, 743px\" \/><figcaption>8 uker<\/figcaption><\/figure>\n\n\n\n<figure class=\"wp-block-image size-large\"><img loading=\"lazy\" width=\"768\" height=\"1024\" src=\"https:\/\/kichiko.net\/wp-content\/uploads\/2025\/02\/Mikael-og-Anastasia-OSLO-768x1024.jpg\" alt=\"\" class=\"wp-image-5532\" srcset=\"https:\/\/kichiko.net\/wp-content\/uploads\/2025\/02\/Mikael-og-Anastasia-OSLO-768x1024.jpg 768w, https:\/\/kichiko.net\/wp-content\/uploads\/2025\/02\/Mikael-og-Anastasia-OSLO-400x533.jpg 400w, https:\/\/kichiko.net\/wp-content\/uploads\/2025\/02\/Mikael-og-Anastasia-OSLO-1152x1536.jpg 1152w, https:\/\/kichiko.net\/wp-content\/uploads\/2025\/02\/Mikael-og-Anastasia-OSLO.jpg 1536w\" sizes=\"(max-width: 768px) 100vw, 768px\" \/><figcaption>Loki med sine nye eiere<\/figcaption><\/figure>\n","protected":false},"excerpt":{"rendered":"<p>Nr.3\u00a0ble en r\u00f8d hann. Han fikk navnet \u00abKichiko`s X-Mas Surprise\u00bb.Nick : LokiRase : ShibaKj\u00f8nn: HannFarge : R\u00f8dF\u00f8dt:\u00a02\/11-2024Reg.nr : NO55873\/24HD:AD:Patella:Bitt: Eier : Mikael og Anastasia V\u00e5gnes, Oslo<\/p>\n","protected":false},"author":2,"featured_media":0,"parent":5491,"menu_order":3,"comment_status":"closed","ping_status":"closed","template":"","meta":[],"_links":{"self":[{"href":"https:\/\/kichiko.net\/index.php?rest_route=\/wp\/v2\/pages\/5524"}],"collection":[{"href":"https:\/\/kichiko.net\/index.php?rest_route=\/wp\/v2\/pages"}],"about":[{"href":"https:\/\/kichiko.net\/index.php?rest_route=\/wp\/v2\/types\/page"}],"author":[{"embeddable":true,"href":"https:\/\/kichiko.net\/index.php?rest_route=\/wp\/v2\/users\/2"}],"replies":[{"embeddable":true,"href":"https:\/\/kichiko.net\/index.php?rest_route=%2Fwp%2Fv2%2Fcomments&post=5524"}],"version-history":[{"count":1,"href":"https:\/\/kichiko.net\/index.php?rest_route=\/wp\/v2\/pages\/5524\/revisions"}],"predecessor-version":[{"id":5533,"href":"https:\/\/kichiko.net\/index.php?rest_route=\/wp\/v2\/pages\/5524\/revisions\/5533"}],"up":[{"embeddable":true,"href":"https:\/\/kichiko.net\/index.php?rest_route=\/wp\/v2\/pages\/5491"}],"wp:attachment":[{"href":"https:\/\/kichiko.net\/index.php?rest_route=%2Fwp%2Fv2%2Fmedia&parent=5524"}],"curies":[{"name":"wp","href":"https:\/\/api.w.org\/{rel}","templated":true}]}}