{"id":521,"date":"2016-10-03T23:19:47","date_gmt":"2016-10-03T22:19:47","guid":{"rendered":"http:\/\/kichiko.net\/?page_id=521"},"modified":"2016-10-03T23:20:07","modified_gmt":"2016-10-03T22:20:07","slug":"fukuchibi","status":"publish","type":"page","link":"https:\/\/kichiko.net\/?page_id=521","title":{"rendered":"Fukuchibi"},"content":{"rendered":"<p><span class=\"rtb4\">Kl.\u00a013:45 . Nr.3 ble en r\u00f8d\u00a0tispe som veide\u00a0245 gr.\u00a0 <span style=\"color: #000000;\">Hun fikk navnet : Kichiko`s\u00a0\u00a0Fukuchibi som betyr Lykkeliten<\/span><\/span><\/p>\n<div class=\"tmpMainPicBox\">\n<div class=\"tmpMainPicSubBox\">\n<div class=\"tmpMainRich\">\n<p><span class=\"rtb4\">Nick : Luna<br \/>\nRase : Shiba<br \/>\nKj\u00f8nn : Tispe<br \/>\nFarge : R\u00f8d<br \/>\nF\u00f8dt : <a href=\"tel:18\/6-2015\">18\/6-2015<\/a><br \/>\nReg.nr : NO45363\/15<br \/>\nHD : A<br \/>\nAD : 0<br \/>\nPatella :<br \/>\nBitt:<\/span><\/p>\n<p>Eier : Victor Myrvold, Hvittingfoss<\/p>\n<div id=\"attachment_523\" style=\"width: 410px\" class=\"wp-caption alignnone\"><img aria-describedby=\"caption-attachment-523\" loading=\"lazy\" class=\"size-medium wp-image-523\" src=\"http:\/\/kichiko.net\/wp-content\/uploads\/2016\/10\/Hjl-2-400x350.jpg\" alt=\"1 uke\" width=\"400\" height=\"350\" srcset=\"https:\/\/kichiko.net\/wp-content\/uploads\/2016\/10\/Hjl-2-400x350.jpg 400w, https:\/\/kichiko.net\/wp-content\/uploads\/2016\/10\/Hjl-2-768x672.jpg 768w, https:\/\/kichiko.net\/wp-content\/uploads\/2016\/10\/Hjl-2.jpg 960w\" sizes=\"(max-width: 400px) 100vw, 400px\" \/><p id=\"caption-attachment-523\" class=\"wp-caption-text\">1 uke<\/p><\/div>\n<div id=\"attachment_524\" style=\"width: 410px\" class=\"wp-caption alignnone\"><img aria-describedby=\"caption-attachment-524\" loading=\"lazy\" class=\"size-medium wp-image-524\" src=\"http:\/\/kichiko.net\/wp-content\/uploads\/2016\/10\/hjll-2-400x410.jpg\" alt=\"7 uker\" width=\"400\" height=\"410\" srcset=\"https:\/\/kichiko.net\/wp-content\/uploads\/2016\/10\/hjll-2-400x410.jpg 400w, https:\/\/kichiko.net\/wp-content\/uploads\/2016\/10\/hjll-2-768x788.jpg 768w, https:\/\/kichiko.net\/wp-content\/uploads\/2016\/10\/hjll-2.jpg 936w\" sizes=\"(max-width: 400px) 100vw, 400px\" \/><p id=\"caption-attachment-524\" class=\"wp-caption-text\">7 uker<\/p><\/div>\n<div id=\"attachment_525\" style=\"width: 410px\" class=\"wp-caption alignnone\"><img aria-describedby=\"caption-attachment-525\" loading=\"lazy\" class=\"size-medium wp-image-525\" src=\"http:\/\/kichiko.net\/wp-content\/uploads\/2016\/10\/hjlll-3-400x464.jpg\" alt=\"Luna med sin nye eier\" width=\"400\" height=\"464\" srcset=\"https:\/\/kichiko.net\/wp-content\/uploads\/2016\/10\/hjlll-3-400x464.jpg 400w, https:\/\/kichiko.net\/wp-content\/uploads\/2016\/10\/hjlll-3-768x892.jpg 768w, https:\/\/kichiko.net\/wp-content\/uploads\/2016\/10\/hjlll-3.jpg 827w\" sizes=\"(max-width: 400px) 100vw, 400px\" \/><p id=\"caption-attachment-525\" class=\"wp-caption-text\">Luna med sin nye eier<\/p><\/div>\n<div id=\"attachment_522\" style=\"width: 410px\" class=\"wp-caption alignnone\"><img aria-describedby=\"caption-attachment-522\" loading=\"lazy\" class=\" wp-image-522\" src=\"http:\/\/kichiko.net\/wp-content\/uploads\/2016\/10\/hjllll-400x485.jpg\" alt=\"Luna\" width=\"400\" height=\"485\" srcset=\"https:\/\/kichiko.net\/wp-content\/uploads\/2016\/10\/hjllll-400x485.jpg 400w, https:\/\/kichiko.net\/wp-content\/uploads\/2016\/10\/hjllll.jpg 590w\" sizes=\"(max-width: 400px) 100vw, 400px\" \/><p id=\"caption-attachment-522\" class=\"wp-caption-text\">Luna<\/p><\/div>\n<\/div>\n<\/div>\n<\/div>\n","protected":false},"excerpt":{"rendered":"<p>Kl.\u00a013:45 . Nr.3 ble en r\u00f8d\u00a0tispe som veide\u00a0245 gr.\u00a0 Hun fikk navnet : Kichiko`s\u00a0\u00a0Fukuchibi som betyr Lykkeliten Nick : Luna Rase : Shiba Kj\u00f8nn : Tispe Farge : R\u00f8d F\u00f8dt : 18\/6-2015 Reg.nr : NO45363\/15 HD : A AD : 0 Patella : Bitt: Eier : Victor Myrvold, Hvittingfoss<\/p>\n","protected":false},"author":2,"featured_media":0,"parent":127,"menu_order":0,"comment_status":"closed","ping_status":"closed","template":"","meta":[],"_links":{"self":[{"href":"https:\/\/kichiko.net\/index.php?rest_route=\/wp\/v2\/pages\/521"}],"collection":[{"href":"https:\/\/kichiko.net\/index.php?rest_route=\/wp\/v2\/pages"}],"about":[{"href":"https:\/\/kichiko.net\/index.php?rest_route=\/wp\/v2\/types\/page"}],"author":[{"embeddable":true,"href":"https:\/\/kichiko.net\/index.php?rest_route=\/wp\/v2\/users\/2"}],"replies":[{"embeddable":true,"href":"https:\/\/kichiko.net\/index.php?rest_route=%2Fwp%2Fv2%2Fcomments&post=521"}],"version-history":[{"count":2,"href":"https:\/\/kichiko.net\/index.php?rest_route=\/wp\/v2\/pages\/521\/revisions"}],"predecessor-version":[{"id":527,"href":"https:\/\/kichiko.net\/index.php?rest_route=\/wp\/v2\/pages\/521\/revisions\/527"}],"up":[{"embeddable":true,"href":"https:\/\/kichiko.net\/index.php?rest_route=\/wp\/v2\/pages\/127"}],"wp:attachment":[{"href":"https:\/\/kichiko.net\/index.php?rest_route=%2Fwp%2Fv2%2Fmedia&parent=521"}],"curies":[{"name":"wp","href":"https:\/\/api.w.org\/{rel}","templated":true}]}}