{"id":5116,"date":"2023-12-25T22:16:31","date_gmt":"2023-12-25T21:16:31","guid":{"rendered":"https:\/\/kichiko.net\/?page_id=5116"},"modified":"2025-02-08T00:28:37","modified_gmt":"2025-02-07T23:28:37","slug":"bonnie","status":"publish","type":"page","link":"https:\/\/kichiko.net\/?page_id=5116","title":{"rendered":"Bonnie"},"content":{"rendered":"\n<figure class=\"wp-block-image size-large\"><img loading=\"lazy\" width=\"723\" height=\"1024\" src=\"https:\/\/kichiko.net\/wp-content\/uploads\/2023\/12\/BONNIE-723x1024.jpg\" alt=\"\" class=\"wp-image-5119\" srcset=\"https:\/\/kichiko.net\/wp-content\/uploads\/2023\/12\/BONNIE-723x1024.jpg 723w, https:\/\/kichiko.net\/wp-content\/uploads\/2023\/12\/BONNIE-400x567.jpg 400w, https:\/\/kichiko.net\/wp-content\/uploads\/2023\/12\/BONNIE-768x1088.jpg 768w, https:\/\/kichiko.net\/wp-content\/uploads\/2023\/12\/BONNIE-1085x1536.jpg 1085w, https:\/\/kichiko.net\/wp-content\/uploads\/2023\/12\/BONNIE.jpg 1446w\" sizes=\"(max-width: 723px) 100vw, 723px\" \/><\/figure>\n\n\n\n<p>Navn : Kichiko`s Powered With Negi-Inu<br>Nick : Bonnie <br>Rase : Shiba<br>Reg.nr : NO50972<br>Kj\u00f8nn: Tispe<br>Farge : R\u00f8d<br>F\u00f8dt: 26\/7-2023<br>Oppdretter : Hilde Schyttelvik<br>HD: A\/A<br>AD: 0\/0<br>Patella: 0\/0<br>Bitt: Korrekt og fulltannet<br>\u00d8yenlyst : Distichiasis\/Ektopiske Cillier: P\u00e5vist (Gonioskopi) IOP:18\/17(tonovet)FL under 50% ingen laminae, feilstilte \u00f8yeh\u00e5r \u00f8vre og nedre \u00f8yelokk, begge \u00f8yne, f\u00e5 h\u00e5r<\/p>\n\n\n\n<p>Eier: Wenche Ulleberg-B\u00f8hmer og Hilde Schyttelvik<br>Bonnie bor p\u00e5 Nannestad<br>Tittel : <strong>C.I.B Junior<\/strong>,  NJCH, Norsk Junior Vinner-24, Oslo Junior Vinner-24, KBHJV-24, Nordic.JR.CH<\/p>\n\n\n\n<p><\/p>\n\n\n\n<p><\/p>\n","protected":false},"excerpt":{"rendered":"<p>Navn : Kichiko`s Powered With Negi-InuNick : Bonnie Rase : ShibaReg.nr : NO50972Kj\u00f8nn: TispeFarge : R\u00f8dF\u00f8dt: 26\/7-2023Oppdretter : Hilde SchyttelvikHD: A\/AAD: 0\/0Patella: 0\/0Bitt: Korrekt og fulltannet\u00d8yenlyst : Distichiasis\/Ektopiske Cillier: P\u00e5vist (Gonioskopi) IOP:18\/17(tonovet)FL under 50% ingen laminae, feilstilte \u00f8yeh\u00e5r \u00f8vre og nedre \u00f8yelokk, begge \u00f8yne, f\u00e5 h\u00e5r Eier: Wenche Ulleberg-B\u00f8hmer og Hilde SchyttelvikBonnie bor p\u00e5 NannestadTittel [&hellip;]<\/p>\n","protected":false},"author":2,"featured_media":0,"parent":862,"menu_order":35,"comment_status":"closed","ping_status":"closed","template":"","meta":[],"_links":{"self":[{"href":"https:\/\/kichiko.net\/index.php?rest_route=\/wp\/v2\/pages\/5116"}],"collection":[{"href":"https:\/\/kichiko.net\/index.php?rest_route=\/wp\/v2\/pages"}],"about":[{"href":"https:\/\/kichiko.net\/index.php?rest_route=\/wp\/v2\/types\/page"}],"author":[{"embeddable":true,"href":"https:\/\/kichiko.net\/index.php?rest_route=\/wp\/v2\/users\/2"}],"replies":[{"embeddable":true,"href":"https:\/\/kichiko.net\/index.php?rest_route=%2Fwp%2Fv2%2Fcomments&post=5116"}],"version-history":[{"count":5,"href":"https:\/\/kichiko.net\/index.php?rest_route=\/wp\/v2\/pages\/5116\/revisions"}],"predecessor-version":[{"id":5554,"href":"https:\/\/kichiko.net\/index.php?rest_route=\/wp\/v2\/pages\/5116\/revisions\/5554"}],"up":[{"embeddable":true,"href":"https:\/\/kichiko.net\/index.php?rest_route=\/wp\/v2\/pages\/862"}],"wp:attachment":[{"href":"https:\/\/kichiko.net\/index.php?rest_route=%2Fwp%2Fv2%2Fmedia&parent=5116"}],"curies":[{"name":"wp","href":"https:\/\/api.w.org\/{rel}","templated":true}]}}