{"id":4800,"date":"2023-10-02T16:02:07","date_gmt":"2023-10-02T15:02:07","guid":{"rendered":"https:\/\/kichiko.net\/?page_id=4800"},"modified":"2025-02-08T00:37:51","modified_gmt":"2025-02-07T23:37:51","slug":"kichikos-r-6","status":"publish","type":"page","link":"https:\/\/kichiko.net\/?page_id=4800","title":{"rendered":"Royal Joker"},"content":{"rendered":"\n<p>Det ble en r\u00f8d tispe som veide 210 gram og fikk navnet Kichiko`s Royal Joker<\/p>\n\n\n\n<p>Nick : Kiba<br>Rase : Shiba<br>Kj\u00f8nn: Tispe<br>Farge : R\u00f8d<br>F\u00f8dt: 02.10.2023<br>Reg.nr : NO 55036\/23<br>HD: B\/B<br>AD: 0\/0<br>Patella: 0\/0<br>\u00d8yne: \u00d8yenlyst m\/Gonioskopi: Intet p\u00e5vist\/fri<br>Bitt:<br>Eier :\u00a0Ida Helen Sj\u00f8li og H\u00e5kon S\u00e6hlie, Ingeberg<\/p>\n\n\n\n<figure class=\"wp-block-image size-large\"><img loading=\"lazy\" width=\"1024\" height=\"976\" src=\"https:\/\/kichiko.net\/wp-content\/uploads\/2023\/10\/5-1024x976.jpg\" alt=\"\" class=\"wp-image-4829\" srcset=\"https:\/\/kichiko.net\/wp-content\/uploads\/2023\/10\/5-1024x976.jpg 1024w, https:\/\/kichiko.net\/wp-content\/uploads\/2023\/10\/5-400x381.jpg 400w, https:\/\/kichiko.net\/wp-content\/uploads\/2023\/10\/5-768x732.jpg 768w, https:\/\/kichiko.net\/wp-content\/uploads\/2023\/10\/5-1536x1464.jpg 1536w, https:\/\/kichiko.net\/wp-content\/uploads\/2023\/10\/5.jpg 1862w\" sizes=\"(max-width: 1024px) 100vw, 1024px\" \/><figcaption>Nyf\u00f8dt<\/figcaption><\/figure>\n\n\n\n<figure class=\"wp-block-image size-large\"><img loading=\"lazy\" width=\"1024\" height=\"822\" src=\"http:\/\/kichiko.net\/wp-content\/uploads\/2023\/10\/t4-2-1024x822.jpg\" alt=\"\" class=\"wp-image-4872\" srcset=\"https:\/\/kichiko.net\/wp-content\/uploads\/2023\/10\/t4-2-1024x822.jpg 1024w, https:\/\/kichiko.net\/wp-content\/uploads\/2023\/10\/t4-2-400x321.jpg 400w, https:\/\/kichiko.net\/wp-content\/uploads\/2023\/10\/t4-2-768x616.jpg 768w, https:\/\/kichiko.net\/wp-content\/uploads\/2023\/10\/t4-2.jpg 1049w\" sizes=\"(max-width: 1024px) 100vw, 1024px\" \/><figcaption>1 uke <\/figcaption><\/figure>\n\n\n\n<figure class=\"wp-block-image size-large\"><img loading=\"lazy\" width=\"1024\" height=\"908\" src=\"http:\/\/kichiko.net\/wp-content\/uploads\/2023\/10\/t4-3-1024x908.jpg\" alt=\"\" class=\"wp-image-4873\" srcset=\"https:\/\/kichiko.net\/wp-content\/uploads\/2023\/10\/t4-3-1024x908.jpg 1024w, https:\/\/kichiko.net\/wp-content\/uploads\/2023\/10\/t4-3-400x355.jpg 400w, https:\/\/kichiko.net\/wp-content\/uploads\/2023\/10\/t4-3-768x681.jpg 768w, https:\/\/kichiko.net\/wp-content\/uploads\/2023\/10\/t4-3.jpg 1252w\" sizes=\"(max-width: 1024px) 100vw, 1024px\" \/><figcaption>2 uker<\/figcaption><\/figure>\n\n\n\n<figure class=\"wp-block-image size-large\"><img loading=\"lazy\" width=\"878\" height=\"1024\" src=\"https:\/\/kichiko.net\/wp-content\/uploads\/2023\/10\/t4-6-878x1024.jpg\" alt=\"\" class=\"wp-image-4910\" srcset=\"https:\/\/kichiko.net\/wp-content\/uploads\/2023\/10\/t4-6-878x1024.jpg 878w, https:\/\/kichiko.net\/wp-content\/uploads\/2023\/10\/t4-6-400x466.jpg 400w, https:\/\/kichiko.net\/wp-content\/uploads\/2023\/10\/t4-6-768x895.jpg 768w, https:\/\/kichiko.net\/wp-content\/uploads\/2023\/10\/t4-6.jpg 1049w\" sizes=\"(max-width: 878px) 100vw, 878px\" \/><figcaption>3 uker<\/figcaption><\/figure>\n\n\n\n<figure class=\"wp-block-image size-large\"><img loading=\"lazy\" width=\"977\" height=\"1024\" src=\"https:\/\/kichiko.net\/wp-content\/uploads\/2023\/10\/tispe-4-gra-977x1024.jpg\" alt=\"\" class=\"wp-image-4922\" srcset=\"https:\/\/kichiko.net\/wp-content\/uploads\/2023\/10\/tispe-4-gra-977x1024.jpg 977w, https:\/\/kichiko.net\/wp-content\/uploads\/2023\/10\/tispe-4-gra-400x419.jpg 400w, https:\/\/kichiko.net\/wp-content\/uploads\/2023\/10\/tispe-4-gra-768x805.jpg 768w, https:\/\/kichiko.net\/wp-content\/uploads\/2023\/10\/tispe-4-gra-1465x1536.jpg 1465w, https:\/\/kichiko.net\/wp-content\/uploads\/2023\/10\/tispe-4-gra.jpg 1776w\" sizes=\"(max-width: 977px) 100vw, 977px\" \/><figcaption>4 uker<\/figcaption><\/figure>\n\n\n\n<figure class=\"wp-block-image size-full\"><img loading=\"lazy\" width=\"749\" height=\"922\" src=\"https:\/\/kichiko.net\/wp-content\/uploads\/2023\/12\/gra.jpg\" alt=\"\" class=\"wp-image-5001\" srcset=\"https:\/\/kichiko.net\/wp-content\/uploads\/2023\/12\/gra.jpg 749w, https:\/\/kichiko.net\/wp-content\/uploads\/2023\/12\/gra-400x492.jpg 400w\" sizes=\"(max-width: 749px) 100vw, 749px\" \/><figcaption>5 uker<\/figcaption><\/figure>\n\n\n\n<figure class=\"wp-block-image size-large\"><img loading=\"lazy\" width=\"839\" height=\"1024\" src=\"https:\/\/kichiko.net\/wp-content\/uploads\/2023\/12\/gra-1-839x1024.jpg\" alt=\"\" class=\"wp-image-5002\" srcset=\"https:\/\/kichiko.net\/wp-content\/uploads\/2023\/12\/gra-1-839x1024.jpg 839w, https:\/\/kichiko.net\/wp-content\/uploads\/2023\/12\/gra-1-400x488.jpg 400w, https:\/\/kichiko.net\/wp-content\/uploads\/2023\/12\/gra-1-768x937.jpg 768w, https:\/\/kichiko.net\/wp-content\/uploads\/2023\/12\/gra-1-1259x1536.jpg 1259w, https:\/\/kichiko.net\/wp-content\/uploads\/2023\/12\/gra-1.jpg 1646w\" sizes=\"(max-width: 839px) 100vw, 839px\" \/><figcaption>6 uker<\/figcaption><\/figure>\n\n\n\n<figure class=\"wp-block-image size-large\"><img loading=\"lazy\" width=\"697\" height=\"1024\" src=\"https:\/\/kichiko.net\/wp-content\/uploads\/2023\/12\/gra-2-697x1024.jpg\" alt=\"\" class=\"wp-image-5004\" srcset=\"https:\/\/kichiko.net\/wp-content\/uploads\/2023\/12\/gra-2-697x1024.jpg 697w, https:\/\/kichiko.net\/wp-content\/uploads\/2023\/12\/gra-2-400x588.jpg 400w, https:\/\/kichiko.net\/wp-content\/uploads\/2023\/12\/gra-2-768x1128.jpg 768w, https:\/\/kichiko.net\/wp-content\/uploads\/2023\/12\/gra-2-1046x1536.jpg 1046w, https:\/\/kichiko.net\/wp-content\/uploads\/2023\/12\/gra-2.jpg 1394w\" sizes=\"(max-width: 697px) 100vw, 697px\" \/><figcaption>7 uker<\/figcaption><\/figure>\n","protected":false},"excerpt":{"rendered":"<p>Det ble en r\u00f8d tispe som veide 210 gram og fikk navnet Kichiko`s Royal Joker Nick : KibaRase : ShibaKj\u00f8nn: TispeFarge : R\u00f8dF\u00f8dt: 02.10.2023Reg.nr : NO 55036\/23HD: B\/BAD: 0\/0Patella: 0\/0\u00d8yne: \u00d8yenlyst m\/Gonioskopi: Intet p\u00e5vist\/friBitt:Eier :\u00a0Ida Helen Sj\u00f8li og H\u00e5kon S\u00e6hlie, Ingeberg<\/p>\n","protected":false},"author":2,"featured_media":0,"parent":4788,"menu_order":6,"comment_status":"closed","ping_status":"closed","template":"","meta":[],"_links":{"self":[{"href":"https:\/\/kichiko.net\/index.php?rest_route=\/wp\/v2\/pages\/4800"}],"collection":[{"href":"https:\/\/kichiko.net\/index.php?rest_route=\/wp\/v2\/pages"}],"about":[{"href":"https:\/\/kichiko.net\/index.php?rest_route=\/wp\/v2\/types\/page"}],"author":[{"embeddable":true,"href":"https:\/\/kichiko.net\/index.php?rest_route=\/wp\/v2\/users\/2"}],"replies":[{"embeddable":true,"href":"https:\/\/kichiko.net\/index.php?rest_route=%2Fwp%2Fv2%2Fcomments&post=4800"}],"version-history":[{"count":10,"href":"https:\/\/kichiko.net\/index.php?rest_route=\/wp\/v2\/pages\/4800\/revisions"}],"predecessor-version":[{"id":5560,"href":"https:\/\/kichiko.net\/index.php?rest_route=\/wp\/v2\/pages\/4800\/revisions\/5560"}],"up":[{"embeddable":true,"href":"https:\/\/kichiko.net\/index.php?rest_route=\/wp\/v2\/pages\/4788"}],"wp:attachment":[{"href":"https:\/\/kichiko.net\/index.php?rest_route=%2Fwp%2Fv2%2Fmedia&parent=4800"}],"curies":[{"name":"wp","href":"https:\/\/api.w.org\/{rel}","templated":true}]}}