{"id":4639,"date":"2023-07-14T23:17:50","date_gmt":"2023-07-14T22:17:50","guid":{"rendered":"http:\/\/kichiko.net\/?page_id=4639"},"modified":"2023-10-02T15:45:53","modified_gmt":"2023-10-02T14:45:53","slug":"kichikos-p-2","status":"publish","type":"page","link":"https:\/\/kichiko.net\/?page_id=4639","title":{"rendered":"Powered With Negi-Inu"},"content":{"rendered":"\n<p>Kl. 02:19. Det ble en r\u00f8d tispe som veide 311 gram og fikk navnet Kichiko`s Powered With Negi-Inu<\/p>\n\n\n\n<p>Nick : Bonnie<br>Rase : Shiba<br>Kj\u00f8nn: Tispe<br>Farge : R\u00f8d<br>F\u00f8dt: 26\/7-2023<br>Reg.nr : NO50972\/23<br>HD:<br>AD:<br>Patella:<br>Bitt:<\/p>\n\n\n\n<p>Eier :&nbsp;Hilde Schyttelvik og Wenche Ulleberg-B\u00f8hmer, Nannestad<\/p>\n\n\n\n<figure class=\"wp-block-image size-large\"><img loading=\"lazy\" width=\"768\" height=\"1024\" src=\"http:\/\/kichiko.net\/wp-content\/uploads\/2023\/07\/tispe-768x1024.jpg\" alt=\"\" class=\"wp-image-4671\" srcset=\"https:\/\/kichiko.net\/wp-content\/uploads\/2023\/07\/tispe-768x1024.jpg 768w, https:\/\/kichiko.net\/wp-content\/uploads\/2023\/07\/tispe-400x533.jpg 400w, https:\/\/kichiko.net\/wp-content\/uploads\/2023\/07\/tispe-1152x1536.jpg 1152w, https:\/\/kichiko.net\/wp-content\/uploads\/2023\/07\/tispe-1536x2048.jpg 1536w, https:\/\/kichiko.net\/wp-content\/uploads\/2023\/07\/tispe-scaled.jpg 1920w\" sizes=\"(max-width: 768px) 100vw, 768px\" \/><figcaption>Nyf\u00f8dt<\/figcaption><\/figure>\n\n\n\n<figure class=\"wp-block-image size-large\"><img loading=\"lazy\" width=\"768\" height=\"1024\" src=\"http:\/\/kichiko.net\/wp-content\/uploads\/2023\/08\/t-768x1024.jpg\" alt=\"\" class=\"wp-image-4698\" srcset=\"https:\/\/kichiko.net\/wp-content\/uploads\/2023\/08\/t-768x1024.jpg 768w, https:\/\/kichiko.net\/wp-content\/uploads\/2023\/08\/t-400x533.jpg 400w, https:\/\/kichiko.net\/wp-content\/uploads\/2023\/08\/t-1152x1536.jpg 1152w, https:\/\/kichiko.net\/wp-content\/uploads\/2023\/08\/t.jpg 1536w\" sizes=\"(max-width: 768px) 100vw, 768px\" \/><figcaption>1 uke<\/figcaption><\/figure>\n\n\n\n<figure class=\"wp-block-image size-large\"><img loading=\"lazy\" width=\"958\" height=\"1024\" src=\"http:\/\/kichiko.net\/wp-content\/uploads\/2023\/08\/t-1-958x1024.jpg\" alt=\"\" class=\"wp-image-4699\" srcset=\"https:\/\/kichiko.net\/wp-content\/uploads\/2023\/08\/t-1-958x1024.jpg 958w, https:\/\/kichiko.net\/wp-content\/uploads\/2023\/08\/t-1-400x428.jpg 400w, https:\/\/kichiko.net\/wp-content\/uploads\/2023\/08\/t-1-768x821.jpg 768w, https:\/\/kichiko.net\/wp-content\/uploads\/2023\/08\/t-1-1437x1536.jpg 1437w, https:\/\/kichiko.net\/wp-content\/uploads\/2023\/08\/t-1.jpg 1759w\" sizes=\"(max-width: 958px) 100vw, 958px\" \/><figcaption>2 uker<\/figcaption><\/figure>\n\n\n\n<figure class=\"wp-block-image size-large\"><img loading=\"lazy\" width=\"768\" height=\"1024\" src=\"http:\/\/kichiko.net\/wp-content\/uploads\/2023\/08\/t-2-768x1024.jpg\" alt=\"\" class=\"wp-image-4705\" srcset=\"https:\/\/kichiko.net\/wp-content\/uploads\/2023\/08\/t-2-768x1024.jpg 768w, https:\/\/kichiko.net\/wp-content\/uploads\/2023\/08\/t-2-400x533.jpg 400w, https:\/\/kichiko.net\/wp-content\/uploads\/2023\/08\/t-2-1152x1536.jpg 1152w, https:\/\/kichiko.net\/wp-content\/uploads\/2023\/08\/t-2.jpg 1536w\" sizes=\"(max-width: 768px) 100vw, 768px\" \/><figcaption>3 uker<\/figcaption><\/figure>\n\n\n\n<figure class=\"wp-block-image size-large\"><img loading=\"lazy\" width=\"806\" height=\"1024\" src=\"http:\/\/kichiko.net\/wp-content\/uploads\/2023\/08\/t-3-806x1024.jpg\" alt=\"\" class=\"wp-image-4707\" srcset=\"https:\/\/kichiko.net\/wp-content\/uploads\/2023\/08\/t-3-806x1024.jpg 806w, https:\/\/kichiko.net\/wp-content\/uploads\/2023\/08\/t-3-400x508.jpg 400w, https:\/\/kichiko.net\/wp-content\/uploads\/2023\/08\/t-3-768x976.jpg 768w, https:\/\/kichiko.net\/wp-content\/uploads\/2023\/08\/t-3-1209x1536.jpg 1209w, https:\/\/kichiko.net\/wp-content\/uploads\/2023\/08\/t-3.jpg 1612w\" sizes=\"(max-width: 806px) 100vw, 806px\" \/><figcaption>4 uker<\/figcaption><\/figure>\n\n\n\n<figure class=\"wp-block-image size-large\"><img loading=\"lazy\" width=\"1024\" height=\"683\" src=\"https:\/\/kichiko.net\/wp-content\/uploads\/2023\/10\/bonnie-1024x683.jpg\" alt=\"\" class=\"wp-image-4770\" srcset=\"https:\/\/kichiko.net\/wp-content\/uploads\/2023\/10\/bonnie-1024x683.jpg 1024w, https:\/\/kichiko.net\/wp-content\/uploads\/2023\/10\/bonnie-400x267.jpg 400w, https:\/\/kichiko.net\/wp-content\/uploads\/2023\/10\/bonnie-768x512.jpg 768w, https:\/\/kichiko.net\/wp-content\/uploads\/2023\/10\/bonnie-1536x1024.jpg 1536w, https:\/\/kichiko.net\/wp-content\/uploads\/2023\/10\/bonnie-2048x1365.jpg 2048w\" sizes=\"(max-width: 1024px) 100vw, 1024px\" \/><\/figure>\n\n\n\n<figure class=\"wp-block-image size-full\"><img loading=\"lazy\" width=\"727\" height=\"901\" src=\"https:\/\/kichiko.net\/wp-content\/uploads\/2023\/10\/378467814_10161188484491241_7801364810619889561_n.jpg\" alt=\"\" class=\"wp-image-4771\" srcset=\"https:\/\/kichiko.net\/wp-content\/uploads\/2023\/10\/378467814_10161188484491241_7801364810619889561_n.jpg 727w, https:\/\/kichiko.net\/wp-content\/uploads\/2023\/10\/378467814_10161188484491241_7801364810619889561_n-400x496.jpg 400w\" sizes=\"(max-width: 727px) 100vw, 727px\" \/><figcaption>Bonnie med sine nye slaver<\/figcaption><\/figure>\n","protected":false},"excerpt":{"rendered":"<p>Kl. 02:19. Det ble en r\u00f8d tispe som veide 311 gram og fikk navnet Kichiko`s Powered With Negi-Inu Nick : BonnieRase : ShibaKj\u00f8nn: TispeFarge : R\u00f8dF\u00f8dt: 26\/7-2023Reg.nr : NO50972\/23HD:AD:Patella:Bitt: Eier :&nbsp;Hilde Schyttelvik og Wenche Ulleberg-B\u00f8hmer, Nannestad<\/p>\n","protected":false},"author":2,"featured_media":0,"parent":4633,"menu_order":2,"comment_status":"closed","ping_status":"closed","template":"","meta":[],"_links":{"self":[{"href":"https:\/\/kichiko.net\/index.php?rest_route=\/wp\/v2\/pages\/4639"}],"collection":[{"href":"https:\/\/kichiko.net\/index.php?rest_route=\/wp\/v2\/pages"}],"about":[{"href":"https:\/\/kichiko.net\/index.php?rest_route=\/wp\/v2\/types\/page"}],"author":[{"embeddable":true,"href":"https:\/\/kichiko.net\/index.php?rest_route=\/wp\/v2\/users\/2"}],"replies":[{"embeddable":true,"href":"https:\/\/kichiko.net\/index.php?rest_route=%2Fwp%2Fv2%2Fcomments&post=4639"}],"version-history":[{"count":7,"href":"https:\/\/kichiko.net\/index.php?rest_route=\/wp\/v2\/pages\/4639\/revisions"}],"predecessor-version":[{"id":4772,"href":"https:\/\/kichiko.net\/index.php?rest_route=\/wp\/v2\/pages\/4639\/revisions\/4772"}],"up":[{"embeddable":true,"href":"https:\/\/kichiko.net\/index.php?rest_route=\/wp\/v2\/pages\/4633"}],"wp:attachment":[{"href":"https:\/\/kichiko.net\/index.php?rest_route=%2Fwp%2Fv2%2Fmedia&parent=4639"}],"curies":[{"name":"wp","href":"https:\/\/api.w.org\/{rel}","templated":true}]}}