{"id":4514,"date":"2022-12-01T22:49:56","date_gmt":"2022-12-01T21:49:56","guid":{"rendered":"http:\/\/kichiko.net\/?page_id=4514"},"modified":"2024-11-30T01:37:28","modified_gmt":"2024-11-30T00:37:28","slug":"kichikon","status":"publish","type":"page","link":"https:\/\/kichiko.net\/?page_id=4514","title":{"rendered":"Kichiko`s Nano Ni Inu"},"content":{"rendered":"\n<p>Kl. 22:30. Det ble en r\u00f8d hann som veide 165 gram og fikk navnet Kichiko`s Nano Ni Inu (Liten To Hund )<\/p>\n\n\n\n<p>Nick : Maki<br>Rase : Shiba<br>Kj\u00f8nn: Hann<br>Farge : R\u00f8d<br>F\u00f8dt: 26\/11-2022<br>Reg.nr : NO30506\/23<br>HD: B\/C<br>AD:<br>Patella:<br>Bitt:<\/p>\n\n\n\n<p>Eier :&nbsp;Arian Garshi, Bergen<\/p>\n\n\n\n<p> <\/p>\n\n\n\n<figure class=\"wp-block-image size-large\"><img loading=\"lazy\" width=\"791\" height=\"1024\" src=\"http:\/\/kichiko.net\/wp-content\/uploads\/2022\/12\/lbla-791x1024.jpg\" alt=\"\" class=\"wp-image-4533\" srcset=\"https:\/\/kichiko.net\/wp-content\/uploads\/2022\/12\/lbla-791x1024.jpg 791w, https:\/\/kichiko.net\/wp-content\/uploads\/2022\/12\/lbla-400x518.jpg 400w, https:\/\/kichiko.net\/wp-content\/uploads\/2022\/12\/lbla-768x995.jpg 768w, https:\/\/kichiko.net\/wp-content\/uploads\/2022\/12\/lbla.jpg 891w\" sizes=\"(max-width: 791px) 100vw, 791px\" \/><figcaption>Nyf\u00f8dt<\/figcaption><\/figure>\n\n\n\n<figure class=\"wp-block-image size-large\"><img loading=\"lazy\" width=\"917\" height=\"1024\" src=\"http:\/\/kichiko.net\/wp-content\/uploads\/2022\/12\/lbla-1-917x1024.jpg\" alt=\"\" class=\"wp-image-4535\" srcset=\"https:\/\/kichiko.net\/wp-content\/uploads\/2022\/12\/lbla-1-917x1024.jpg 917w, https:\/\/kichiko.net\/wp-content\/uploads\/2022\/12\/lbla-1-400x447.jpg 400w, https:\/\/kichiko.net\/wp-content\/uploads\/2022\/12\/lbla-1-768x858.jpg 768w, https:\/\/kichiko.net\/wp-content\/uploads\/2022\/12\/lbla-1.jpg 923w\" sizes=\"(max-width: 917px) 100vw, 917px\" \/><figcaption>1 uke <\/figcaption><\/figure>\n\n\n\n<figure class=\"wp-block-image size-large\"><img loading=\"lazy\" width=\"817\" height=\"1024\" src=\"http:\/\/kichiko.net\/wp-content\/uploads\/2022\/12\/lbla-2-817x1024.jpg\" alt=\"\" class=\"wp-image-4536\" srcset=\"https:\/\/kichiko.net\/wp-content\/uploads\/2022\/12\/lbla-2-817x1024.jpg 817w, https:\/\/kichiko.net\/wp-content\/uploads\/2022\/12\/lbla-2-400x501.jpg 400w, https:\/\/kichiko.net\/wp-content\/uploads\/2022\/12\/lbla-2-768x962.jpg 768w, https:\/\/kichiko.net\/wp-content\/uploads\/2022\/12\/lbla-2-1226x1536.jpg 1226w, https:\/\/kichiko.net\/wp-content\/uploads\/2022\/12\/lbla-2.jpg 1624w\" sizes=\"(max-width: 817px) 100vw, 817px\" \/><figcaption>2 uker<\/figcaption><\/figure>\n\n\n\n<figure class=\"wp-block-image size-large\"><img loading=\"lazy\" width=\"971\" height=\"1024\" src=\"http:\/\/kichiko.net\/wp-content\/uploads\/2022\/12\/lb-971x1024.jpg\" alt=\"\" class=\"wp-image-4567\" srcset=\"https:\/\/kichiko.net\/wp-content\/uploads\/2022\/12\/lb-971x1024.jpg 971w, https:\/\/kichiko.net\/wp-content\/uploads\/2022\/12\/lb-400x422.jpg 400w, https:\/\/kichiko.net\/wp-content\/uploads\/2022\/12\/lb-768x810.jpg 768w, https:\/\/kichiko.net\/wp-content\/uploads\/2022\/12\/lb-1457x1536.jpg 1457w, https:\/\/kichiko.net\/wp-content\/uploads\/2022\/12\/lb.jpg 1771w\" sizes=\"(max-width: 971px) 100vw, 971px\" \/><figcaption>3 uker<\/figcaption><\/figure>\n\n\n\n<figure class=\"wp-block-image size-large\"><img loading=\"lazy\" width=\"1024\" height=\"1018\" src=\"http:\/\/kichiko.net\/wp-content\/uploads\/2022\/12\/lb-1-1024x1018.jpg\" alt=\"\" class=\"wp-image-4569\" srcset=\"https:\/\/kichiko.net\/wp-content\/uploads\/2022\/12\/lb-1-1024x1018.jpg 1024w, https:\/\/kichiko.net\/wp-content\/uploads\/2022\/12\/lb-1-400x398.jpg 400w, https:\/\/kichiko.net\/wp-content\/uploads\/2022\/12\/lb-1-150x150.jpg 150w, https:\/\/kichiko.net\/wp-content\/uploads\/2022\/12\/lb-1-768x764.jpg 768w, https:\/\/kichiko.net\/wp-content\/uploads\/2022\/12\/lb-1-1536x1527.jpg 1536w, https:\/\/kichiko.net\/wp-content\/uploads\/2022\/12\/lb-1.jpg 1757w\" sizes=\"(max-width: 1024px) 100vw, 1024px\" \/><figcaption>4 uker<\/figcaption><\/figure>\n\n\n\n<p> <\/p>\n\n\n\n<figure class=\"wp-block-image size-large\"><img loading=\"lazy\" width=\"811\" height=\"1024\" src=\"http:\/\/kichiko.net\/wp-content\/uploads\/2023\/01\/Lbla-811x1024.jpg\" alt=\"\" class=\"wp-image-4603\" srcset=\"https:\/\/kichiko.net\/wp-content\/uploads\/2023\/01\/Lbla-811x1024.jpg 811w, https:\/\/kichiko.net\/wp-content\/uploads\/2023\/01\/Lbla-400x505.jpg 400w, https:\/\/kichiko.net\/wp-content\/uploads\/2023\/01\/Lbla-768x970.jpg 768w, https:\/\/kichiko.net\/wp-content\/uploads\/2023\/01\/Lbla.jpg 1067w\" sizes=\"(max-width: 811px) 100vw, 811px\" \/><figcaption>5 uker<\/figcaption><\/figure>\n\n\n\n<figure class=\"wp-block-image size-large\"><img loading=\"lazy\" width=\"818\" height=\"1024\" src=\"http:\/\/kichiko.net\/wp-content\/uploads\/2023\/01\/lbla-1-818x1024.jpg\" alt=\"\" class=\"wp-image-4604\" srcset=\"https:\/\/kichiko.net\/wp-content\/uploads\/2023\/01\/lbla-1-818x1024.jpg 818w, https:\/\/kichiko.net\/wp-content\/uploads\/2023\/01\/lbla-1-400x501.jpg 400w, https:\/\/kichiko.net\/wp-content\/uploads\/2023\/01\/lbla-1-768x961.jpg 768w, https:\/\/kichiko.net\/wp-content\/uploads\/2023\/01\/lbla-1-1227x1536.jpg 1227w, https:\/\/kichiko.net\/wp-content\/uploads\/2023\/01\/lbla-1.jpg 1625w\" sizes=\"(max-width: 818px) 100vw, 818px\" \/><figcaption>6 uker<\/figcaption><\/figure>\n\n\n\n<figure class=\"wp-block-image size-large\"><img loading=\"lazy\" width=\"714\" height=\"1024\" src=\"http:\/\/kichiko.net\/wp-content\/uploads\/2023\/01\/Maki-714x1024.jpg\" alt=\"\" class=\"wp-image-4614\" srcset=\"https:\/\/kichiko.net\/wp-content\/uploads\/2023\/01\/Maki-714x1024.jpg 714w, https:\/\/kichiko.net\/wp-content\/uploads\/2023\/01\/Maki-400x574.jpg 400w, https:\/\/kichiko.net\/wp-content\/uploads\/2023\/01\/Maki-768x1101.jpg 768w, https:\/\/kichiko.net\/wp-content\/uploads\/2023\/01\/Maki-1071x1536.jpg 1071w, https:\/\/kichiko.net\/wp-content\/uploads\/2023\/01\/Maki.jpg 1428w\" sizes=\"(max-width: 714px) 100vw, 714px\" \/><figcaption>7 uker<\/figcaption><\/figure>\n","protected":false},"excerpt":{"rendered":"<p>Kl. 22:30. Det ble en r\u00f8d hann som veide 165 gram og fikk navnet Kichiko`s Nano Ni Inu (Liten To Hund ) Nick : MakiRase : ShibaKj\u00f8nn: HannFarge : R\u00f8dF\u00f8dt: 26\/11-2022Reg.nr : NO30506\/23HD: B\/CAD:Patella:Bitt: Eier :&nbsp;Arian Garshi, Bergen<\/p>\n","protected":false},"author":2,"featured_media":0,"parent":4510,"menu_order":2,"comment_status":"closed","ping_status":"closed","template":"","meta":[],"_links":{"self":[{"href":"https:\/\/kichiko.net\/index.php?rest_route=\/wp\/v2\/pages\/4514"}],"collection":[{"href":"https:\/\/kichiko.net\/index.php?rest_route=\/wp\/v2\/pages"}],"about":[{"href":"https:\/\/kichiko.net\/index.php?rest_route=\/wp\/v2\/types\/page"}],"author":[{"embeddable":true,"href":"https:\/\/kichiko.net\/index.php?rest_route=\/wp\/v2\/users\/2"}],"replies":[{"embeddable":true,"href":"https:\/\/kichiko.net\/index.php?rest_route=%2Fwp%2Fv2%2Fcomments&post=4514"}],"version-history":[{"count":11,"href":"https:\/\/kichiko.net\/index.php?rest_route=\/wp\/v2\/pages\/4514\/revisions"}],"predecessor-version":[{"id":5419,"href":"https:\/\/kichiko.net\/index.php?rest_route=\/wp\/v2\/pages\/4514\/revisions\/5419"}],"up":[{"embeddable":true,"href":"https:\/\/kichiko.net\/index.php?rest_route=\/wp\/v2\/pages\/4510"}],"wp:attachment":[{"href":"https:\/\/kichiko.net\/index.php?rest_route=%2Fwp%2Fv2%2Fmedia&parent=4514"}],"curies":[{"name":"wp","href":"https:\/\/api.w.org\/{rel}","templated":true}]}}