{"id":4512,"date":"2022-12-01T22:49:16","date_gmt":"2022-12-01T21:49:16","guid":{"rendered":"http:\/\/kichiko.net\/?page_id=4512"},"modified":"2024-04-19T10:40:49","modified_gmt":"2024-04-19T09:40:49","slug":"kichikos-n","status":"publish","type":"page","link":"https:\/\/kichiko.net\/?page_id=4512","title":{"rendered":"Kichiko`s Nano Ichi Inu"},"content":{"rendered":"\n<p>Kl. 21:20. Det ble en r\u00f8d hann som veide 185 gram og fikk navnet Kichiko`s Nano Ichi Inu (Liten en hund )<\/p>\n\n\n\n<p>Nick : Hjallis<br>Rase : Shiba<br>Kj\u00f8nn: Hann<br>Farge : R\u00f8d<br>F\u00f8dt: 26\/11-2022<br>Reg.nr : NO30505\/23<br>HD: C\/C<br>AD: 0\/1<br>Patella: 0\/0<br>\u00d8yenlysing m\/gonioskopi: Intet p\u00e5vist ( Distichiasis\/Etopisk cillium )<br>Bitt:<\/p>\n\n\n\n<p>Eier :&nbsp;Irina og Gunnar Rognaas, Fornebu<\/p>\n\n\n\n<figure class=\"wp-block-image size-full\"><img loading=\"lazy\" width=\"926\" height=\"1002\" src=\"http:\/\/kichiko.net\/wp-content\/uploads\/2022\/12\/mbla.jpg\" alt=\"\" class=\"wp-image-4529\" srcset=\"https:\/\/kichiko.net\/wp-content\/uploads\/2022\/12\/mbla.jpg 926w, https:\/\/kichiko.net\/wp-content\/uploads\/2022\/12\/mbla-400x433.jpg 400w, https:\/\/kichiko.net\/wp-content\/uploads\/2022\/12\/mbla-768x831.jpg 768w\" sizes=\"(max-width: 926px) 100vw, 926px\" \/><figcaption>Nyf\u00f8dt<\/figcaption><\/figure>\n\n\n\n<figure class=\"wp-block-image size-large\"><img loading=\"lazy\" width=\"826\" height=\"1024\" src=\"http:\/\/kichiko.net\/wp-content\/uploads\/2022\/12\/mbla-1-826x1024.jpg\" alt=\"\" class=\"wp-image-4530\" srcset=\"https:\/\/kichiko.net\/wp-content\/uploads\/2022\/12\/mbla-1-826x1024.jpg 826w, https:\/\/kichiko.net\/wp-content\/uploads\/2022\/12\/mbla-1-400x496.jpg 400w, https:\/\/kichiko.net\/wp-content\/uploads\/2022\/12\/mbla-1-768x952.jpg 768w, https:\/\/kichiko.net\/wp-content\/uploads\/2022\/12\/mbla-1.jpg 1080w\" sizes=\"(max-width: 826px) 100vw, 826px\" \/><figcaption>1 uke<\/figcaption><\/figure>\n\n\n\n<figure class=\"wp-block-image size-large\"><img loading=\"lazy\" width=\"940\" height=\"1024\" src=\"http:\/\/kichiko.net\/wp-content\/uploads\/2022\/12\/mbla-2-940x1024.jpg\" alt=\"\" class=\"wp-image-4531\" srcset=\"https:\/\/kichiko.net\/wp-content\/uploads\/2022\/12\/mbla-2-940x1024.jpg 940w, https:\/\/kichiko.net\/wp-content\/uploads\/2022\/12\/mbla-2-400x436.jpg 400w, https:\/\/kichiko.net\/wp-content\/uploads\/2022\/12\/mbla-2-768x836.jpg 768w, https:\/\/kichiko.net\/wp-content\/uploads\/2022\/12\/mbla-2-1410x1536.jpg 1410w, https:\/\/kichiko.net\/wp-content\/uploads\/2022\/12\/mbla-2.jpg 1742w\" sizes=\"(max-width: 940px) 100vw, 940px\" \/><figcaption>2 uker<\/figcaption><\/figure>\n\n\n\n<figure class=\"wp-block-image size-large\"><img loading=\"lazy\" width=\"945\" height=\"1024\" src=\"http:\/\/kichiko.net\/wp-content\/uploads\/2022\/12\/mb-1-945x1024.jpg\" alt=\"\" class=\"wp-image-4564\" srcset=\"https:\/\/kichiko.net\/wp-content\/uploads\/2022\/12\/mb-1-945x1024.jpg 945w, https:\/\/kichiko.net\/wp-content\/uploads\/2022\/12\/mb-1-400x433.jpg 400w, https:\/\/kichiko.net\/wp-content\/uploads\/2022\/12\/mb-1-768x832.jpg 768w, https:\/\/kichiko.net\/wp-content\/uploads\/2022\/12\/mb-1.jpg 1040w\" sizes=\"(max-width: 945px) 100vw, 945px\" \/><figcaption>3 uker<\/figcaption><\/figure>\n\n\n\n<figure class=\"wp-block-image size-large\"><img loading=\"lazy\" width=\"948\" height=\"1024\" src=\"http:\/\/kichiko.net\/wp-content\/uploads\/2022\/12\/mb-2-948x1024.jpg\" alt=\"\" class=\"wp-image-4565\" srcset=\"https:\/\/kichiko.net\/wp-content\/uploads\/2022\/12\/mb-2-948x1024.jpg 948w, https:\/\/kichiko.net\/wp-content\/uploads\/2022\/12\/mb-2-400x432.jpg 400w, https:\/\/kichiko.net\/wp-content\/uploads\/2022\/12\/mb-2-768x829.jpg 768w, https:\/\/kichiko.net\/wp-content\/uploads\/2022\/12\/mb-2-1422x1536.jpg 1422w, https:\/\/kichiko.net\/wp-content\/uploads\/2022\/12\/mb-2.jpg 1750w\" sizes=\"(max-width: 948px) 100vw, 948px\" \/><figcaption>4 uker<\/figcaption><\/figure>\n\n\n\n<figure class=\"wp-block-image size-large\"><img loading=\"lazy\" width=\"710\" height=\"1024\" src=\"http:\/\/kichiko.net\/wp-content\/uploads\/2023\/01\/Mbla-710x1024.jpg\" alt=\"\" class=\"wp-image-4590\" srcset=\"https:\/\/kichiko.net\/wp-content\/uploads\/2023\/01\/Mbla-710x1024.jpg 710w, https:\/\/kichiko.net\/wp-content\/uploads\/2023\/01\/Mbla-400x577.jpg 400w, https:\/\/kichiko.net\/wp-content\/uploads\/2023\/01\/Mbla-768x1108.jpg 768w, https:\/\/kichiko.net\/wp-content\/uploads\/2023\/01\/Mbla.jpg 953w\" sizes=\"(max-width: 710px) 100vw, 710px\" \/><figcaption>5 uker<\/figcaption><\/figure>\n\n\n\n<figure class=\"wp-block-image size-large\"><img loading=\"lazy\" width=\"711\" height=\"1024\" src=\"http:\/\/kichiko.net\/wp-content\/uploads\/2023\/01\/mbla-1-711x1024.jpg\" alt=\"\" class=\"wp-image-4601\" srcset=\"https:\/\/kichiko.net\/wp-content\/uploads\/2023\/01\/mbla-1-711x1024.jpg 711w, https:\/\/kichiko.net\/wp-content\/uploads\/2023\/01\/mbla-1-400x576.jpg 400w, https:\/\/kichiko.net\/wp-content\/uploads\/2023\/01\/mbla-1-768x1107.jpg 768w, https:\/\/kichiko.net\/wp-content\/uploads\/2023\/01\/mbla-1-1066x1536.jpg 1066w, https:\/\/kichiko.net\/wp-content\/uploads\/2023\/01\/mbla-1-1421x2048.jpg 1421w, https:\/\/kichiko.net\/wp-content\/uploads\/2023\/01\/mbla-1.jpg 1515w\" sizes=\"(max-width: 711px) 100vw, 711px\" \/><figcaption>6 uker<\/figcaption><\/figure>\n\n\n\n<figure class=\"wp-block-image size-large\"><img loading=\"lazy\" width=\"612\" height=\"1024\" src=\"http:\/\/kichiko.net\/wp-content\/uploads\/2023\/01\/Hjallis-612x1024.jpg\" alt=\"\" class=\"wp-image-4612\" srcset=\"https:\/\/kichiko.net\/wp-content\/uploads\/2023\/01\/Hjallis-612x1024.jpg 612w, https:\/\/kichiko.net\/wp-content\/uploads\/2023\/01\/Hjallis-359x600.jpg 359w, https:\/\/kichiko.net\/wp-content\/uploads\/2023\/01\/Hjallis-768x1285.jpg 768w, https:\/\/kichiko.net\/wp-content\/uploads\/2023\/01\/Hjallis-918x1536.jpg 918w, https:\/\/kichiko.net\/wp-content\/uploads\/2023\/01\/Hjallis.jpg 1224w\" sizes=\"(max-width: 612px) 100vw, 612px\" \/><figcaption>7 uker<\/figcaption><\/figure>\n\n\n\n<p><\/p>\n","protected":false},"excerpt":{"rendered":"<p>Kl. 21:20. Det ble en r\u00f8d hann som veide 185 gram og fikk navnet Kichiko`s Nano Ichi Inu (Liten en hund ) Nick : HjallisRase : ShibaKj\u00f8nn: HannFarge : R\u00f8dF\u00f8dt: 26\/11-2022Reg.nr : NO30505\/23HD: C\/CAD: 0\/1Patella: 0\/0\u00d8yenlysing m\/gonioskopi: Intet p\u00e5vist ( Distichiasis\/Etopisk cillium )Bitt: Eier :&nbsp;Irina og Gunnar Rognaas, Fornebu<\/p>\n","protected":false},"author":2,"featured_media":0,"parent":4510,"menu_order":1,"comment_status":"closed","ping_status":"closed","template":"","meta":[],"_links":{"self":[{"href":"https:\/\/kichiko.net\/index.php?rest_route=\/wp\/v2\/pages\/4512"}],"collection":[{"href":"https:\/\/kichiko.net\/index.php?rest_route=\/wp\/v2\/pages"}],"about":[{"href":"https:\/\/kichiko.net\/index.php?rest_route=\/wp\/v2\/types\/page"}],"author":[{"embeddable":true,"href":"https:\/\/kichiko.net\/index.php?rest_route=\/wp\/v2\/users\/2"}],"replies":[{"embeddable":true,"href":"https:\/\/kichiko.net\/index.php?rest_route=%2Fwp%2Fv2%2Fcomments&post=4512"}],"version-history":[{"count":11,"href":"https:\/\/kichiko.net\/index.php?rest_route=\/wp\/v2\/pages\/4512\/revisions"}],"predecessor-version":[{"id":5159,"href":"https:\/\/kichiko.net\/index.php?rest_route=\/wp\/v2\/pages\/4512\/revisions\/5159"}],"up":[{"embeddable":true,"href":"https:\/\/kichiko.net\/index.php?rest_route=\/wp\/v2\/pages\/4510"}],"wp:attachment":[{"href":"https:\/\/kichiko.net\/index.php?rest_route=%2Fwp%2Fv2%2Fmedia&parent=4512"}],"curies":[{"name":"wp","href":"https:\/\/api.w.org\/{rel}","templated":true}]}}