{"id":4397,"date":"2022-10-16T10:10:37","date_gmt":"2022-10-16T09:10:37","guid":{"rendered":"http:\/\/kichiko.net\/?page_id=4397"},"modified":"2022-11-29T22:12:25","modified_gmt":"2022-11-29T21:12:25","slug":"kichikos-m-2","status":"publish","type":"page","link":"https:\/\/kichiko.net\/?page_id=4397","title":{"rendered":"Magical Hayami"},"content":{"rendered":"\n<p>Kl. 23:25. Det ble en r\u00f8d tispe som veide 255 gram og fikk navnet Kichiko`s Magical Hayami ( Sjelden  skj\u00f8nnhet )<\/p>\n\n\n\n<p>Nick : Eevee<br>Rase : Shiba<br>Kj\u00f8nn: Tispe<br>Farge : R\u00f8d<br>F\u00f8dt: 04\/10-2022<br>Reg.nr : NO60456\/22<br>HD:<br>AD:<br>Patella:<br>Bitt:<\/p>\n\n\n\n<p>Eier :&nbsp;Sem Meijer og Malin Seland Jakobsen, Flekkefjord<\/p>\n\n\n\n<figure class=\"wp-block-image size-large\"><img loading=\"lazy\" width=\"670\" height=\"1024\" src=\"http:\/\/kichiko.net\/wp-content\/uploads\/2022\/10\/t2-670x1024.jpg\" alt=\"\" class=\"wp-image-4411\" srcset=\"https:\/\/kichiko.net\/wp-content\/uploads\/2022\/10\/t2-670x1024.jpg 670w, https:\/\/kichiko.net\/wp-content\/uploads\/2022\/10\/t2-392x600.jpg 392w, https:\/\/kichiko.net\/wp-content\/uploads\/2022\/10\/t2-768x1174.jpg 768w, https:\/\/kichiko.net\/wp-content\/uploads\/2022\/10\/t2-1005x1536.jpg 1005w, https:\/\/kichiko.net\/wp-content\/uploads\/2022\/10\/t2-1339x2048.jpg 1339w, https:\/\/kichiko.net\/wp-content\/uploads\/2022\/10\/t2-scaled.jpg 1674w\" sizes=\"(max-width: 670px) 100vw, 670px\" \/><figcaption>Nyf\u00f8dt<\/figcaption><\/figure>\n\n\n\n<figure class=\"wp-block-image size-large\"><img loading=\"lazy\" width=\"768\" height=\"1024\" src=\"http:\/\/kichiko.net\/wp-content\/uploads\/2022\/10\/t2-1-768x1024.jpg\" alt=\"\" class=\"wp-image-4413\" srcset=\"https:\/\/kichiko.net\/wp-content\/uploads\/2022\/10\/t2-1-768x1024.jpg 768w, https:\/\/kichiko.net\/wp-content\/uploads\/2022\/10\/t2-1-400x533.jpg 400w, https:\/\/kichiko.net\/wp-content\/uploads\/2022\/10\/t2-1-1152x1536.jpg 1152w, https:\/\/kichiko.net\/wp-content\/uploads\/2022\/10\/t2-1-1536x2048.jpg 1536w, https:\/\/kichiko.net\/wp-content\/uploads\/2022\/10\/t2-1-scaled.jpg 1920w\" sizes=\"(max-width: 768px) 100vw, 768px\" \/><figcaption>1 uke<\/figcaption><\/figure>\n\n\n\n<figure class=\"wp-block-image size-large\"><img loading=\"lazy\" width=\"792\" height=\"1024\" src=\"http:\/\/kichiko.net\/wp-content\/uploads\/2022\/11\/t2-792x1024.jpg\" alt=\"\" class=\"wp-image-4456\" srcset=\"https:\/\/kichiko.net\/wp-content\/uploads\/2022\/11\/t2-792x1024.jpg 792w, https:\/\/kichiko.net\/wp-content\/uploads\/2022\/11\/t2-400x517.jpg 400w, https:\/\/kichiko.net\/wp-content\/uploads\/2022\/11\/t2-768x993.jpg 768w, https:\/\/kichiko.net\/wp-content\/uploads\/2022\/11\/t2-1188x1536.jpg 1188w, https:\/\/kichiko.net\/wp-content\/uploads\/2022\/11\/t2.jpg 1584w\" sizes=\"(max-width: 792px) 100vw, 792px\" \/><figcaption>2 uker<\/figcaption><\/figure>\n\n\n\n<figure class=\"wp-block-image size-large\"><img loading=\"lazy\" width=\"707\" height=\"1024\" src=\"http:\/\/kichiko.net\/wp-content\/uploads\/2022\/11\/t2-1-707x1024.jpg\" alt=\"\" class=\"wp-image-4458\" srcset=\"https:\/\/kichiko.net\/wp-content\/uploads\/2022\/11\/t2-1-707x1024.jpg 707w, https:\/\/kichiko.net\/wp-content\/uploads\/2022\/11\/t2-1-400x579.jpg 400w, https:\/\/kichiko.net\/wp-content\/uploads\/2022\/11\/t2-1-768x1112.jpg 768w, https:\/\/kichiko.net\/wp-content\/uploads\/2022\/11\/t2-1-1061x1536.jpg 1061w, https:\/\/kichiko.net\/wp-content\/uploads\/2022\/11\/t2-1.jpg 1414w\" sizes=\"(max-width: 707px) 100vw, 707px\" \/><figcaption>3 uker<\/figcaption><\/figure>\n\n\n\n<figure class=\"wp-block-image size-large\"><img loading=\"lazy\" width=\"1001\" height=\"1024\" src=\"http:\/\/kichiko.net\/wp-content\/uploads\/2022\/11\/t2-2-1001x1024.jpg\" alt=\"\" class=\"wp-image-4459\" srcset=\"https:\/\/kichiko.net\/wp-content\/uploads\/2022\/11\/t2-2-1001x1024.jpg 1001w, https:\/\/kichiko.net\/wp-content\/uploads\/2022\/11\/t2-2-400x409.jpg 400w, https:\/\/kichiko.net\/wp-content\/uploads\/2022\/11\/t2-2-768x786.jpg 768w, https:\/\/kichiko.net\/wp-content\/uploads\/2022\/11\/t2-2-1501x1536.jpg 1501w, https:\/\/kichiko.net\/wp-content\/uploads\/2022\/11\/t2-2.jpg 1797w\" sizes=\"(max-width: 1001px) 100vw, 1001px\" \/><figcaption>4 uker<\/figcaption><\/figure>\n\n\n\n<figure class=\"wp-block-image size-large\"><img loading=\"lazy\" width=\"843\" height=\"1024\" src=\"http:\/\/kichiko.net\/wp-content\/uploads\/2022\/11\/t2-3-843x1024.jpg\" alt=\"\" class=\"wp-image-4460\" srcset=\"https:\/\/kichiko.net\/wp-content\/uploads\/2022\/11\/t2-3-843x1024.jpg 843w, https:\/\/kichiko.net\/wp-content\/uploads\/2022\/11\/t2-3-400x486.jpg 400w, https:\/\/kichiko.net\/wp-content\/uploads\/2022\/11\/t2-3-768x933.jpg 768w, https:\/\/kichiko.net\/wp-content\/uploads\/2022\/11\/t2-3-1265x1536.jpg 1265w, https:\/\/kichiko.net\/wp-content\/uploads\/2022\/11\/t2-3.jpg 1650w\" sizes=\"(max-width: 843px) 100vw, 843px\" \/><figcaption>5 uker<\/figcaption><\/figure>\n\n\n\n<figure class=\"wp-block-image size-large\"><img loading=\"lazy\" width=\"647\" height=\"1024\" src=\"http:\/\/kichiko.net\/wp-content\/uploads\/2022\/11\/t2-4-647x1024.jpg\" alt=\"\" class=\"wp-image-4485\" srcset=\"https:\/\/kichiko.net\/wp-content\/uploads\/2022\/11\/t2-4-647x1024.jpg 647w, https:\/\/kichiko.net\/wp-content\/uploads\/2022\/11\/t2-4-379x600.jpg 379w, https:\/\/kichiko.net\/wp-content\/uploads\/2022\/11\/t2-4-768x1216.jpg 768w, https:\/\/kichiko.net\/wp-content\/uploads\/2022\/11\/t2-4-971x1536.jpg 971w, https:\/\/kichiko.net\/wp-content\/uploads\/2022\/11\/t2-4.jpg 1294w\" sizes=\"(max-width: 647px) 100vw, 647px\" \/><figcaption>6 uker<\/figcaption><\/figure>\n\n\n\n<figure class=\"wp-block-image size-large\"><img loading=\"lazy\" width=\"730\" height=\"1024\" src=\"http:\/\/kichiko.net\/wp-content\/uploads\/2022\/11\/h2-4-730x1024.jpg\" alt=\"\" class=\"wp-image-4486\" srcset=\"https:\/\/kichiko.net\/wp-content\/uploads\/2022\/11\/h2-4-730x1024.jpg 730w, https:\/\/kichiko.net\/wp-content\/uploads\/2022\/11\/h2-4-400x561.jpg 400w, https:\/\/kichiko.net\/wp-content\/uploads\/2022\/11\/h2-4-768x1078.jpg 768w, https:\/\/kichiko.net\/wp-content\/uploads\/2022\/11\/h2-4-1094x1536.jpg 1094w, https:\/\/kichiko.net\/wp-content\/uploads\/2022\/11\/h2-4-1459x2048.jpg 1459w, https:\/\/kichiko.net\/wp-content\/uploads\/2022\/11\/h2-4.jpg 1804w\" sizes=\"(max-width: 730px) 100vw, 730px\" \/><figcaption>7 uker<\/figcaption><\/figure>\n\n\n\n<figure class=\"wp-container-2 wp-block-gallery-1 wp-block-gallery has-nested-images columns-default is-cropped\">\n<figure class=\"wp-block-image size-large\"><img loading=\"lazy\" width=\"946\" height=\"1024\" data-id=\"4503\"  src=\"http:\/\/kichiko.net\/wp-content\/uploads\/2022\/11\/316409349_10160560718456241_6890111426934705146_n-946x1024.jpg\" alt=\"\" class=\"wp-image-4503\" srcset=\"https:\/\/kichiko.net\/wp-content\/uploads\/2022\/11\/316409349_10160560718456241_6890111426934705146_n-946x1024.jpg 946w, https:\/\/kichiko.net\/wp-content\/uploads\/2022\/11\/316409349_10160560718456241_6890111426934705146_n-400x433.jpg 400w, https:\/\/kichiko.net\/wp-content\/uploads\/2022\/11\/316409349_10160560718456241_6890111426934705146_n-768x831.jpg 768w, https:\/\/kichiko.net\/wp-content\/uploads\/2022\/11\/316409349_10160560718456241_6890111426934705146_n-1419x1536.jpg 1419w, https:\/\/kichiko.net\/wp-content\/uploads\/2022\/11\/316409349_10160560718456241_6890111426934705146_n.jpg 1892w\" sizes=\"(max-width: 946px) 100vw, 946px\" \/><\/figure>\n<\/figure>\n\n\n\n<p>Eevee med sine nye folk<\/p>\n","protected":false},"excerpt":{"rendered":"<p>Kl. 23:25. Det ble en r\u00f8d tispe som veide 255 gram og fikk navnet Kichiko`s Magical Hayami ( Sjelden skj\u00f8nnhet ) Nick : EeveeRase : ShibaKj\u00f8nn: TispeFarge : R\u00f8dF\u00f8dt: 04\/10-2022Reg.nr : NO60456\/22HD:AD:Patella:Bitt: Eier :&nbsp;Sem Meijer og Malin Seland Jakobsen, Flekkefjord Eevee med sine nye folk<\/p>\n","protected":false},"author":2,"featured_media":0,"parent":4390,"menu_order":2,"comment_status":"closed","ping_status":"closed","template":"","meta":[],"_links":{"self":[{"href":"https:\/\/kichiko.net\/index.php?rest_route=\/wp\/v2\/pages\/4397"}],"collection":[{"href":"https:\/\/kichiko.net\/index.php?rest_route=\/wp\/v2\/pages"}],"about":[{"href":"https:\/\/kichiko.net\/index.php?rest_route=\/wp\/v2\/types\/page"}],"author":[{"embeddable":true,"href":"https:\/\/kichiko.net\/index.php?rest_route=\/wp\/v2\/users\/2"}],"replies":[{"embeddable":true,"href":"https:\/\/kichiko.net\/index.php?rest_route=%2Fwp%2Fv2%2Fcomments&post=4397"}],"version-history":[{"count":8,"href":"https:\/\/kichiko.net\/index.php?rest_route=\/wp\/v2\/pages\/4397\/revisions"}],"predecessor-version":[{"id":4504,"href":"https:\/\/kichiko.net\/index.php?rest_route=\/wp\/v2\/pages\/4397\/revisions\/4504"}],"up":[{"embeddable":true,"href":"https:\/\/kichiko.net\/index.php?rest_route=\/wp\/v2\/pages\/4390"}],"wp:attachment":[{"href":"https:\/\/kichiko.net\/index.php?rest_route=%2Fwp%2Fv2%2Fmedia&parent=4397"}],"curies":[{"name":"wp","href":"https:\/\/api.w.org\/{rel}","templated":true}]}}