{"id":4205,"date":"2022-06-27T12:43:02","date_gmt":"2022-06-27T11:43:02","guid":{"rendered":"http:\/\/kichiko.net\/?page_id=4205"},"modified":"2022-07-26T21:00:10","modified_gmt":"2022-07-26T20:00:10","slug":"keep-me-sweet","status":"publish","type":"page","link":"https:\/\/kichiko.net\/?page_id=4205","title":{"rendered":"Keep Me Sweet"},"content":{"rendered":"\n<p>Kl. 22:30. Det ble en r\u00f8d tispe som veide 245 gram og fikk navnet Kichiko`s Keep Me Sweet<\/p>\n\n\n\n<p>Nick : Peggy<br>Rase : Shiba<br>Kj\u00f8nn: Tispe<br>Farge : R\u00f8d<br>F\u00f8dt:2\/6-2022<br>Reg.nr : NO48422\/22<br>HD:<br>AD:<br>Patella:<br>Bitt:<\/p>\n\n\n\n<p>Eier : Katja Sj\u00f6berg, Sverige <\/p>\n\n\n\n<figure class=\"wp-block-image size-large\"><img loading=\"lazy\" width=\"990\" height=\"1024\" src=\"http:\/\/kichiko.net\/wp-content\/uploads\/2022\/07\/t-990x1024.jpg\" alt=\"\" class=\"wp-image-4253\" srcset=\"https:\/\/kichiko.net\/wp-content\/uploads\/2022\/07\/t-990x1024.jpg 990w, https:\/\/kichiko.net\/wp-content\/uploads\/2022\/07\/t-400x414.jpg 400w, https:\/\/kichiko.net\/wp-content\/uploads\/2022\/07\/t-768x794.jpg 768w, https:\/\/kichiko.net\/wp-content\/uploads\/2022\/07\/t-1485x1536.jpg 1485w, https:\/\/kichiko.net\/wp-content\/uploads\/2022\/07\/t.jpg 1980w\" sizes=\"(max-width: 990px) 100vw, 990px\" \/><\/figure>\n\n\n\n<p>Nyf\u00f8dt<\/p>\n\n\n\n<figure class=\"wp-block-image size-large\"><img loading=\"lazy\" width=\"737\" height=\"1024\" src=\"http:\/\/kichiko.net\/wp-content\/uploads\/2022\/07\/t-1-737x1024.jpg\" alt=\"\" class=\"wp-image-4254\" srcset=\"https:\/\/kichiko.net\/wp-content\/uploads\/2022\/07\/t-1-737x1024.jpg 737w, https:\/\/kichiko.net\/wp-content\/uploads\/2022\/07\/t-1-400x556.jpg 400w, https:\/\/kichiko.net\/wp-content\/uploads\/2022\/07\/t-1-768x1067.jpg 768w, https:\/\/kichiko.net\/wp-content\/uploads\/2022\/07\/t-1-1106x1536.jpg 1106w, https:\/\/kichiko.net\/wp-content\/uploads\/2022\/07\/t-1.jpg 1474w\" sizes=\"(max-width: 737px) 100vw, 737px\" \/><figcaption>1 uke<\/figcaption><\/figure>\n\n\n\n<figure class=\"wp-block-image size-large\"><img loading=\"lazy\" width=\"658\" height=\"1024\" src=\"http:\/\/kichiko.net\/wp-content\/uploads\/2022\/07\/tispe-2-uker-658x1024.jpg\" alt=\"\" class=\"wp-image-4255\" srcset=\"https:\/\/kichiko.net\/wp-content\/uploads\/2022\/07\/tispe-2-uker-658x1024.jpg 658w, https:\/\/kichiko.net\/wp-content\/uploads\/2022\/07\/tispe-2-uker-386x600.jpg 386w, https:\/\/kichiko.net\/wp-content\/uploads\/2022\/07\/tispe-2-uker-768x1195.jpg 768w, https:\/\/kichiko.net\/wp-content\/uploads\/2022\/07\/tispe-2-uker-987x1536.jpg 987w, https:\/\/kichiko.net\/wp-content\/uploads\/2022\/07\/tispe-2-uker.jpg 1316w\" sizes=\"(max-width: 658px) 100vw, 658px\" \/><figcaption>2 uker<\/figcaption><\/figure>\n\n\n\n<figure class=\"wp-block-image size-large\"><img loading=\"lazy\" width=\"1006\" height=\"1024\" src=\"http:\/\/kichiko.net\/wp-content\/uploads\/2022\/07\/t-2-1006x1024.jpg\" alt=\"\" class=\"wp-image-4256\" srcset=\"https:\/\/kichiko.net\/wp-content\/uploads\/2022\/07\/t-2-1006x1024.jpg 1006w, https:\/\/kichiko.net\/wp-content\/uploads\/2022\/07\/t-2-400x407.jpg 400w, https:\/\/kichiko.net\/wp-content\/uploads\/2022\/07\/t-2-768x782.jpg 768w, https:\/\/kichiko.net\/wp-content\/uploads\/2022\/07\/t-2-1509x1536.jpg 1509w, https:\/\/kichiko.net\/wp-content\/uploads\/2022\/07\/t-2.jpg 2012w\" sizes=\"(max-width: 1006px) 100vw, 1006px\" \/><figcaption>3 uker<\/figcaption><\/figure>\n\n\n\n<figure class=\"wp-block-image size-large\"><img loading=\"lazy\" width=\"635\" height=\"1024\" src=\"http:\/\/kichiko.net\/wp-content\/uploads\/2022\/07\/t-3-635x1024.jpg\" alt=\"\" class=\"wp-image-4257\" srcset=\"https:\/\/kichiko.net\/wp-content\/uploads\/2022\/07\/t-3-635x1024.jpg 635w, https:\/\/kichiko.net\/wp-content\/uploads\/2022\/07\/t-3-372x600.jpg 372w, https:\/\/kichiko.net\/wp-content\/uploads\/2022\/07\/t-3-768x1238.jpg 768w, https:\/\/kichiko.net\/wp-content\/uploads\/2022\/07\/t-3-953x1536.jpg 953w, https:\/\/kichiko.net\/wp-content\/uploads\/2022\/07\/t-3.jpg 1270w\" sizes=\"(max-width: 635px) 100vw, 635px\" \/><figcaption>4 uker<\/figcaption><\/figure>\n\n\n\n<figure class=\"wp-block-image size-large\"><img loading=\"lazy\" width=\"762\" height=\"1024\" src=\"http:\/\/kichiko.net\/wp-content\/uploads\/2022\/07\/t-4-762x1024.jpg\" alt=\"\" class=\"wp-image-4258\" srcset=\"https:\/\/kichiko.net\/wp-content\/uploads\/2022\/07\/t-4-762x1024.jpg 762w, https:\/\/kichiko.net\/wp-content\/uploads\/2022\/07\/t-4-400x538.jpg 400w, https:\/\/kichiko.net\/wp-content\/uploads\/2022\/07\/t-4-768x1032.jpg 768w, https:\/\/kichiko.net\/wp-content\/uploads\/2022\/07\/t-4-1143x1536.jpg 1143w, https:\/\/kichiko.net\/wp-content\/uploads\/2022\/07\/t-4.jpg 1524w\" sizes=\"(max-width: 762px) 100vw, 762px\" \/><figcaption>5 uker<\/figcaption><\/figure>\n\n\n\n<figure class=\"wp-block-image size-large\"><img loading=\"lazy\" width=\"760\" height=\"1024\" src=\"http:\/\/kichiko.net\/wp-content\/uploads\/2022\/07\/t-5-760x1024.jpg\" alt=\"\" class=\"wp-image-4325\" srcset=\"https:\/\/kichiko.net\/wp-content\/uploads\/2022\/07\/t-5-760x1024.jpg 760w, https:\/\/kichiko.net\/wp-content\/uploads\/2022\/07\/t-5-400x539.jpg 400w, https:\/\/kichiko.net\/wp-content\/uploads\/2022\/07\/t-5-768x1035.jpg 768w, https:\/\/kichiko.net\/wp-content\/uploads\/2022\/07\/t-5-1140x1536.jpg 1140w, https:\/\/kichiko.net\/wp-content\/uploads\/2022\/07\/t-5.jpg 1520w\" sizes=\"(max-width: 760px) 100vw, 760px\" \/><figcaption>6 uker<\/figcaption><\/figure>\n\n\n\n<figure class=\"wp-block-image size-large\"><img loading=\"lazy\" width=\"696\" height=\"1024\" src=\"http:\/\/kichiko.net\/wp-content\/uploads\/2022\/07\/t-6-696x1024.jpg\" alt=\"\" class=\"wp-image-4337\" srcset=\"https:\/\/kichiko.net\/wp-content\/uploads\/2022\/07\/t-6-696x1024.jpg 696w, https:\/\/kichiko.net\/wp-content\/uploads\/2022\/07\/t-6-400x589.jpg 400w, https:\/\/kichiko.net\/wp-content\/uploads\/2022\/07\/t-6-768x1130.jpg 768w, https:\/\/kichiko.net\/wp-content\/uploads\/2022\/07\/t-6-1044x1536.jpg 1044w, https:\/\/kichiko.net\/wp-content\/uploads\/2022\/07\/t-6.jpg 1392w\" sizes=\"(max-width: 696px) 100vw, 696px\" \/><figcaption>7 uker<\/figcaption><\/figure>\n\n\n\n<figure class=\"wp-block-image size-large\"><img loading=\"lazy\" width=\"666\" height=\"1024\" src=\"http:\/\/kichiko.net\/wp-content\/uploads\/2022\/07\/294850405_10160242999646241_5792840087300727591_n-666x1024.jpg\" alt=\"\" class=\"wp-image-4360\" srcset=\"https:\/\/kichiko.net\/wp-content\/uploads\/2022\/07\/294850405_10160242999646241_5792840087300727591_n-666x1024.jpg 666w, https:\/\/kichiko.net\/wp-content\/uploads\/2022\/07\/294850405_10160242999646241_5792840087300727591_n-390x600.jpg 390w, https:\/\/kichiko.net\/wp-content\/uploads\/2022\/07\/294850405_10160242999646241_5792840087300727591_n-768x1181.jpg 768w, https:\/\/kichiko.net\/wp-content\/uploads\/2022\/07\/294850405_10160242999646241_5792840087300727591_n-999x1536.jpg 999w, https:\/\/kichiko.net\/wp-content\/uploads\/2022\/07\/294850405_10160242999646241_5792840087300727591_n.jpg 1332w\" sizes=\"(max-width: 666px) 100vw, 666px\" \/><figcaption>8 uker<\/figcaption><\/figure>\n","protected":false},"excerpt":{"rendered":"<p>Kl. 22:30. Det ble en r\u00f8d tispe som veide 245 gram og fikk navnet Kichiko`s Keep Me Sweet Nick : PeggyRase : ShibaKj\u00f8nn: TispeFarge : R\u00f8dF\u00f8dt:2\/6-2022Reg.nr : NO48422\/22HD:AD:Patella:Bitt: Eier : Katja Sj\u00f6berg, Sverige Nyf\u00f8dt<\/p>\n","protected":false},"author":2,"featured_media":0,"parent":4203,"menu_order":1,"comment_status":"closed","ping_status":"closed","template":"","meta":[],"_links":{"self":[{"href":"https:\/\/kichiko.net\/index.php?rest_route=\/wp\/v2\/pages\/4205"}],"collection":[{"href":"https:\/\/kichiko.net\/index.php?rest_route=\/wp\/v2\/pages"}],"about":[{"href":"https:\/\/kichiko.net\/index.php?rest_route=\/wp\/v2\/types\/page"}],"author":[{"embeddable":true,"href":"https:\/\/kichiko.net\/index.php?rest_route=\/wp\/v2\/users\/2"}],"replies":[{"embeddable":true,"href":"https:\/\/kichiko.net\/index.php?rest_route=%2Fwp%2Fv2%2Fcomments&post=4205"}],"version-history":[{"count":5,"href":"https:\/\/kichiko.net\/index.php?rest_route=\/wp\/v2\/pages\/4205\/revisions"}],"predecessor-version":[{"id":4361,"href":"https:\/\/kichiko.net\/index.php?rest_route=\/wp\/v2\/pages\/4205\/revisions\/4361"}],"up":[{"embeddable":true,"href":"https:\/\/kichiko.net\/index.php?rest_route=\/wp\/v2\/pages\/4203"}],"wp:attachment":[{"href":"https:\/\/kichiko.net\/index.php?rest_route=%2Fwp%2Fv2%2Fmedia&parent=4205"}],"curies":[{"name":"wp","href":"https:\/\/api.w.org\/{rel}","templated":true}]}}