{"id":4084,"date":"2022-05-06T23:12:54","date_gmt":"2022-05-06T22:12:54","guid":{"rendered":"http:\/\/kichiko.net\/?page_id=4084"},"modified":"2024-04-19T10:45:04","modified_gmt":"2024-04-19T09:45:04","slug":"kichikos-i-4","status":"publish","type":"page","link":"https:\/\/kichiko.net\/?page_id=4084","title":{"rendered":"Incredible Inu Yon"},"content":{"rendered":"\n<p>Kl.08:00. Nr 4 ble en r\u00f8d tispe som veide 300 gram og fikk navnet Kichiko`s Incredible Inu Yon<\/p>\n\n\n\n<p>Nick : Elle<br>Rase : Shiba<br>Kj\u00f8nn: Tispe<br>Farge : R\u00f8d<br>F\u00f8dt: 12\/4-2022<br>Reg.nr : NO43620\/22<br>HD: D\/D<br>AD: 0\/0<br>Patella:<br>\u00d8yenlyst m\/gonioskopi, intet p\u00e5vist<br>Bitt:<\/p>\n\n\n\n<p>Eier : Rannveig og Sten Magne Berglund, S\u00f8rumsand<\/p>\n\n\n\n<figure class=\"wp-block-image\"><img loading=\"lazy\" width=\"1007\" height=\"1024\" src=\"http:\/\/kichiko.net\/wp-content\/uploads\/2022\/05\/t3-1007x1024.jpg\" alt=\"\" class=\"wp-image-4085\" srcset=\"https:\/\/kichiko.net\/wp-content\/uploads\/2022\/05\/t3-1007x1024.jpg 1007w, https:\/\/kichiko.net\/wp-content\/uploads\/2022\/05\/t3-400x407.jpg 400w, https:\/\/kichiko.net\/wp-content\/uploads\/2022\/05\/t3-768x781.jpg 768w, https:\/\/kichiko.net\/wp-content\/uploads\/2022\/05\/t3.jpg 2014w\" sizes=\"(max-width: 1007px) 100vw, 1007px\" \/><figcaption>Nyf\u00f8dt<br><\/figcaption><\/figure>\n\n\n\n<figure class=\"wp-block-image\"><img loading=\"lazy\" width=\"887\" height=\"1024\" src=\"http:\/\/kichiko.net\/wp-content\/uploads\/2022\/05\/t3-1-887x1024.jpg\" alt=\"\" class=\"wp-image-4086\" srcset=\"https:\/\/kichiko.net\/wp-content\/uploads\/2022\/05\/t3-1-887x1024.jpg 887w, https:\/\/kichiko.net\/wp-content\/uploads\/2022\/05\/t3-1-400x462.jpg 400w, https:\/\/kichiko.net\/wp-content\/uploads\/2022\/05\/t3-1-768x887.jpg 768w, https:\/\/kichiko.net\/wp-content\/uploads\/2022\/05\/t3-1.jpg 1774w\" sizes=\"(max-width: 887px) 100vw, 887px\" \/><figcaption>1 uke<br><\/figcaption><\/figure>\n\n\n\n<figure class=\"wp-block-image\"><img loading=\"lazy\" width=\"838\" height=\"1024\" src=\"http:\/\/kichiko.net\/wp-content\/uploads\/2022\/05\/t3-2-838x1024.jpg\" alt=\"\" class=\"wp-image-4087\" srcset=\"https:\/\/kichiko.net\/wp-content\/uploads\/2022\/05\/t3-2-838x1024.jpg 838w, https:\/\/kichiko.net\/wp-content\/uploads\/2022\/05\/t3-2-400x489.jpg 400w, https:\/\/kichiko.net\/wp-content\/uploads\/2022\/05\/t3-2-768x938.jpg 768w, https:\/\/kichiko.net\/wp-content\/uploads\/2022\/05\/t3-2.jpg 1676w\" sizes=\"(max-width: 838px) 100vw, 838px\" \/><figcaption>2 uker<br><\/figcaption><\/figure>\n\n\n\n<figure class=\"wp-block-image\"><img loading=\"lazy\" width=\"740\" height=\"1024\" src=\"http:\/\/kichiko.net\/wp-content\/uploads\/2022\/05\/t3-3-740x1024.jpg\" alt=\"\" class=\"wp-image-4088\" srcset=\"https:\/\/kichiko.net\/wp-content\/uploads\/2022\/05\/t3-3-740x1024.jpg 740w, https:\/\/kichiko.net\/wp-content\/uploads\/2022\/05\/t3-3-400x554.jpg 400w, https:\/\/kichiko.net\/wp-content\/uploads\/2022\/05\/t3-3-768x1063.jpg 768w, https:\/\/kichiko.net\/wp-content\/uploads\/2022\/05\/t3-3.jpg 1480w\" sizes=\"(max-width: 740px) 100vw, 740px\" \/><figcaption>3 uker<br><\/figcaption><\/figure>\n\n\n\n<figure class=\"wp-block-image\"><img loading=\"lazy\" width=\"712\" height=\"1024\" src=\"http:\/\/kichiko.net\/wp-content\/uploads\/2022\/05\/t3-4-712x1024.jpg\" alt=\"\" class=\"wp-image-4115\" srcset=\"https:\/\/kichiko.net\/wp-content\/uploads\/2022\/05\/t3-4-712x1024.jpg 712w, https:\/\/kichiko.net\/wp-content\/uploads\/2022\/05\/t3-4-400x575.jpg 400w, https:\/\/kichiko.net\/wp-content\/uploads\/2022\/05\/t3-4-768x1105.jpg 768w, https:\/\/kichiko.net\/wp-content\/uploads\/2022\/05\/t3-4.jpg 1424w\" sizes=\"(max-width: 712px) 100vw, 712px\" \/><figcaption>4 uker<br><\/figcaption><\/figure>\n\n\n\n<figure class=\"wp-block-image\"><img loading=\"lazy\" width=\"741\" height=\"1024\" src=\"http:\/\/kichiko.net\/wp-content\/uploads\/2022\/05\/t3-6-741x1024.jpg\" alt=\"\" class=\"wp-image-4131\" srcset=\"https:\/\/kichiko.net\/wp-content\/uploads\/2022\/05\/t3-6-741x1024.jpg 741w, https:\/\/kichiko.net\/wp-content\/uploads\/2022\/05\/t3-6-400x553.jpg 400w, https:\/\/kichiko.net\/wp-content\/uploads\/2022\/05\/t3-6-768x1061.jpg 768w, https:\/\/kichiko.net\/wp-content\/uploads\/2022\/05\/t3-6.jpg 1482w\" sizes=\"(max-width: 741px) 100vw, 741px\" \/><figcaption>5 uker<br><\/figcaption><\/figure>\n\n\n\n<figure class=\"wp-block-image\"><img loading=\"lazy\" width=\"788\" height=\"1024\" src=\"http:\/\/kichiko.net\/wp-content\/uploads\/2022\/05\/t3-7-788x1024.jpg\" alt=\"\" class=\"wp-image-4132\" srcset=\"https:\/\/kichiko.net\/wp-content\/uploads\/2022\/05\/t3-7-788x1024.jpg 788w, https:\/\/kichiko.net\/wp-content\/uploads\/2022\/05\/t3-7-400x520.jpg 400w, https:\/\/kichiko.net\/wp-content\/uploads\/2022\/05\/t3-7-768x998.jpg 768w, https:\/\/kichiko.net\/wp-content\/uploads\/2022\/05\/t3-7.jpg 1576w\" sizes=\"(max-width: 788px) 100vw, 788px\" \/><figcaption>6 uker<\/figcaption><\/figure>\n","protected":false},"excerpt":{"rendered":"<p>Kl.08:00. Nr 4 ble en r\u00f8d tispe som veide 300 gram og fikk navnet Kichiko`s Incredible Inu Yon Nick : ElleRase : ShibaKj\u00f8nn: TispeFarge : R\u00f8dF\u00f8dt: 12\/4-2022Reg.nr : NO43620\/22HD: D\/DAD: 0\/0Patella:\u00d8yenlyst m\/gonioskopi, intet p\u00e5vistBitt: Eier : Rannveig og Sten Magne Berglund, S\u00f8rumsand<\/p>\n","protected":false},"author":2,"featured_media":0,"parent":4057,"menu_order":4,"comment_status":"closed","ping_status":"closed","template":"","meta":[],"_links":{"self":[{"href":"https:\/\/kichiko.net\/index.php?rest_route=\/wp\/v2\/pages\/4084"}],"collection":[{"href":"https:\/\/kichiko.net\/index.php?rest_route=\/wp\/v2\/pages"}],"about":[{"href":"https:\/\/kichiko.net\/index.php?rest_route=\/wp\/v2\/types\/page"}],"author":[{"embeddable":true,"href":"https:\/\/kichiko.net\/index.php?rest_route=\/wp\/v2\/users\/2"}],"replies":[{"embeddable":true,"href":"https:\/\/kichiko.net\/index.php?rest_route=%2Fwp%2Fv2%2Fcomments&post=4084"}],"version-history":[{"count":8,"href":"https:\/\/kichiko.net\/index.php?rest_route=\/wp\/v2\/pages\/4084\/revisions"}],"predecessor-version":[{"id":5162,"href":"https:\/\/kichiko.net\/index.php?rest_route=\/wp\/v2\/pages\/4084\/revisions\/5162"}],"up":[{"embeddable":true,"href":"https:\/\/kichiko.net\/index.php?rest_route=\/wp\/v2\/pages\/4057"}],"wp:attachment":[{"href":"https:\/\/kichiko.net\/index.php?rest_route=%2Fwp%2Fv2%2Fmedia&parent=4084"}],"curies":[{"name":"wp","href":"https:\/\/api.w.org\/{rel}","templated":true}]}}