{"id":4077,"date":"2022-05-06T23:10:10","date_gmt":"2022-05-06T22:10:10","guid":{"rendered":"http:\/\/kichiko.net\/?page_id=4077"},"modified":"2022-10-16T11:40:18","modified_gmt":"2022-10-16T10:40:18","slug":"kichikos-i-3","status":"publish","type":"page","link":"https:\/\/kichiko.net\/?page_id=4077","title":{"rendered":"Incredible Inu San"},"content":{"rendered":"\n<p>Kl.07:15. Nr 3 ble en r\u00f8d tispe som veide 300 gram og fikk navnet Kichiko`s Incredible Inu San<\/p>\n\n\n\n<p>Nick : Stella<br>Rase : Shiba<br>Kj\u00f8nn: Tispe<br>Farge : R\u00f8d<br>F\u00f8dt: 12\/4-2022<br>Reg.nr : NO43619<br>HD:<br>AD:<br>Patella:<br>Bitt:<\/p>\n\n\n\n<p>Eier : Kamilla Marie Soglund Ronessen, Finnsnes<\/p>\n\n\n\n<figure class=\"wp-block-image\"><img loading=\"lazy\" width=\"1024\" height=\"1008\" src=\"http:\/\/kichiko.net\/wp-content\/uploads\/2022\/05\/t2-1024x1008.jpg\" alt=\"\" class=\"wp-image-4078\" srcset=\"https:\/\/kichiko.net\/wp-content\/uploads\/2022\/05\/t2-1024x1008.jpg 1024w, https:\/\/kichiko.net\/wp-content\/uploads\/2022\/05\/t2-400x394.jpg 400w, https:\/\/kichiko.net\/wp-content\/uploads\/2022\/05\/t2-768x756.jpg 768w, https:\/\/kichiko.net\/wp-content\/uploads\/2022\/05\/t2.jpg 1940w\" sizes=\"(max-width: 1024px) 100vw, 1024px\" \/><figcaption>Nyf\u00f8dt<br><\/figcaption><\/figure>\n\n\n\n<figure class=\"wp-block-image\"><img loading=\"lazy\" width=\"750\" height=\"1024\" src=\"http:\/\/kichiko.net\/wp-content\/uploads\/2022\/05\/t2-1-750x1024.jpg\" alt=\"\" class=\"wp-image-4079\" srcset=\"https:\/\/kichiko.net\/wp-content\/uploads\/2022\/05\/t2-1-750x1024.jpg 750w, https:\/\/kichiko.net\/wp-content\/uploads\/2022\/05\/t2-1-400x546.jpg 400w, https:\/\/kichiko.net\/wp-content\/uploads\/2022\/05\/t2-1-768x1049.jpg 768w, https:\/\/kichiko.net\/wp-content\/uploads\/2022\/05\/t2-1.jpg 1500w\" sizes=\"(max-width: 750px) 100vw, 750px\" \/><figcaption>1 uke<br><\/figcaption><\/figure>\n\n\n\n<figure class=\"wp-block-image\"><img loading=\"lazy\" width=\"855\" height=\"1024\" src=\"http:\/\/kichiko.net\/wp-content\/uploads\/2022\/05\/t2-2-855x1024.jpg\" alt=\"\" class=\"wp-image-4080\" srcset=\"https:\/\/kichiko.net\/wp-content\/uploads\/2022\/05\/t2-2-855x1024.jpg 855w, https:\/\/kichiko.net\/wp-content\/uploads\/2022\/05\/t2-2-400x479.jpg 400w, https:\/\/kichiko.net\/wp-content\/uploads\/2022\/05\/t2-2-768x920.jpg 768w, https:\/\/kichiko.net\/wp-content\/uploads\/2022\/05\/t2-2.jpg 1710w\" sizes=\"(max-width: 855px) 100vw, 855px\" \/><figcaption>2 uker<br><\/figcaption><\/figure>\n\n\n\n<figure class=\"wp-block-image\"><img loading=\"lazy\" width=\"920\" height=\"1024\" src=\"http:\/\/kichiko.net\/wp-content\/uploads\/2022\/05\/t2-3-920x1024.jpg\" alt=\"\" class=\"wp-image-4081\" srcset=\"https:\/\/kichiko.net\/wp-content\/uploads\/2022\/05\/t2-3-920x1024.jpg 920w, https:\/\/kichiko.net\/wp-content\/uploads\/2022\/05\/t2-3-400x445.jpg 400w, https:\/\/kichiko.net\/wp-content\/uploads\/2022\/05\/t2-3-768x855.jpg 768w, https:\/\/kichiko.net\/wp-content\/uploads\/2022\/05\/t2-3.jpg 1840w\" sizes=\"(max-width: 920px) 100vw, 920px\" \/><figcaption>3 uker<br><\/figcaption><\/figure>\n\n\n\n<figure class=\"wp-block-image\"><img loading=\"lazy\" width=\"785\" height=\"1024\" src=\"http:\/\/kichiko.net\/wp-content\/uploads\/2022\/05\/t2-4-785x1024.jpg\" alt=\"\" class=\"wp-image-4113\" srcset=\"https:\/\/kichiko.net\/wp-content\/uploads\/2022\/05\/t2-4-785x1024.jpg 785w, https:\/\/kichiko.net\/wp-content\/uploads\/2022\/05\/t2-4-400x522.jpg 400w, https:\/\/kichiko.net\/wp-content\/uploads\/2022\/05\/t2-4-768x1002.jpg 768w, https:\/\/kichiko.net\/wp-content\/uploads\/2022\/05\/t2-4.jpg 1570w\" sizes=\"(max-width: 785px) 100vw, 785px\" \/><figcaption>4 uker<br><\/figcaption><\/figure>\n\n\n\n<figure class=\"wp-block-image\"><img loading=\"lazy\" width=\"684\" height=\"1024\" src=\"http:\/\/kichiko.net\/wp-content\/uploads\/2022\/05\/t2-5-684x1024.jpg\" alt=\"\" class=\"wp-image-4128\" srcset=\"https:\/\/kichiko.net\/wp-content\/uploads\/2022\/05\/t2-5-684x1024.jpg 684w, https:\/\/kichiko.net\/wp-content\/uploads\/2022\/05\/t2-5-400x600.jpg 400w, https:\/\/kichiko.net\/wp-content\/uploads\/2022\/05\/t2-5-768x1150.jpg 768w, https:\/\/kichiko.net\/wp-content\/uploads\/2022\/05\/t2-5.jpg 1368w\" sizes=\"(max-width: 684px) 100vw, 684px\" \/><figcaption>5 uker<br><\/figcaption><\/figure>\n\n\n\n<figure class=\"wp-block-image\"><img loading=\"lazy\" width=\"685\" height=\"1024\" src=\"http:\/\/kichiko.net\/wp-content\/uploads\/2022\/05\/t2-6-685x1024.jpg\" alt=\"\" class=\"wp-image-4129\" srcset=\"https:\/\/kichiko.net\/wp-content\/uploads\/2022\/05\/t2-6-685x1024.jpg 685w, https:\/\/kichiko.net\/wp-content\/uploads\/2022\/05\/t2-6-400x598.jpg 400w, https:\/\/kichiko.net\/wp-content\/uploads\/2022\/05\/t2-6-768x1148.jpg 768w, https:\/\/kichiko.net\/wp-content\/uploads\/2022\/05\/t2-6.jpg 1370w\" sizes=\"(max-width: 685px) 100vw, 685px\" \/><figcaption>6 uker<\/figcaption><\/figure>\n","protected":false},"excerpt":{"rendered":"<p>Kl.07:15. Nr 3 ble en r\u00f8d tispe som veide 300 gram og fikk navnet Kichiko`s Incredible Inu San Nick : StellaRase : ShibaKj\u00f8nn: TispeFarge : R\u00f8dF\u00f8dt: 12\/4-2022Reg.nr : NO43619HD:AD:Patella:Bitt: Eier : Kamilla Marie Soglund Ronessen, Finnsnes<\/p>\n","protected":false},"author":2,"featured_media":0,"parent":4057,"menu_order":3,"comment_status":"closed","ping_status":"closed","template":"","meta":[],"_links":{"self":[{"href":"https:\/\/kichiko.net\/index.php?rest_route=\/wp\/v2\/pages\/4077"}],"collection":[{"href":"https:\/\/kichiko.net\/index.php?rest_route=\/wp\/v2\/pages"}],"about":[{"href":"https:\/\/kichiko.net\/index.php?rest_route=\/wp\/v2\/types\/page"}],"author":[{"embeddable":true,"href":"https:\/\/kichiko.net\/index.php?rest_route=\/wp\/v2\/users\/2"}],"replies":[{"embeddable":true,"href":"https:\/\/kichiko.net\/index.php?rest_route=%2Fwp%2Fv2%2Fcomments&post=4077"}],"version-history":[{"count":5,"href":"https:\/\/kichiko.net\/index.php?rest_route=\/wp\/v2\/pages\/4077\/revisions"}],"predecessor-version":[{"id":4427,"href":"https:\/\/kichiko.net\/index.php?rest_route=\/wp\/v2\/pages\/4077\/revisions\/4427"}],"up":[{"embeddable":true,"href":"https:\/\/kichiko.net\/index.php?rest_route=\/wp\/v2\/pages\/4057"}],"wp:attachment":[{"href":"https:\/\/kichiko.net\/index.php?rest_route=%2Fwp%2Fv2%2Fmedia&parent=4077"}],"curies":[{"name":"wp","href":"https:\/\/api.w.org\/{rel}","templated":true}]}}