{"id":3773,"date":"2021-10-07T21:35:08","date_gmt":"2021-10-07T20:35:08","guid":{"rendered":"http:\/\/kichiko.net\/?page_id=3773"},"modified":"2022-10-28T13:21:44","modified_gmt":"2022-10-28T12:21:44","slug":"kichikos-g","status":"publish","type":"page","link":"https:\/\/kichiko.net\/?page_id=3773","title":{"rendered":"Handsome Boy"},"content":{"rendered":"\n<p>Kl.05:00. Nr 1 ble en r\u00f8d hann som veide 280 gram og fikk navnet Kichiko`s Handsome Boy<br><\/p>\n\n\n\n<p>Nick : Maki<\/p>\n\n\n\n<p>Rase : Shiba<br>Kj\u00f8nn: Hannhund<br>Farge : R\u00f8d<br>F\u00f8dt:4 \/10-2021<br>Reg.nr : NO65833\/21<br>HD: C\/C<br>AD: 0\/0<br>Patella: <br>Bitt:<\/p>\n\n\n\n<p>Eier : J\u00f8rgen Olaussen og Mari St\u00f8le, Namsos<\/p>\n\n\n\n<figure class=\"wp-block-image\"><img loading=\"lazy\" width=\"800\" height=\"960\" src=\"http:\/\/kichiko.net\/wp-content\/uploads\/2021\/10\/H1.jpg\" alt=\"\" class=\"wp-image-3774\" srcset=\"https:\/\/kichiko.net\/wp-content\/uploads\/2021\/10\/H1.jpg 800w, https:\/\/kichiko.net\/wp-content\/uploads\/2021\/10\/H1-400x480.jpg 400w, https:\/\/kichiko.net\/wp-content\/uploads\/2021\/10\/H1-768x922.jpg 768w\" sizes=\"(max-width: 800px) 100vw, 800px\" \/><figcaption>Nyf\u00f8dt<br><\/figcaption><\/figure>\n\n\n\n<figure class=\"wp-block-image\"><img loading=\"lazy\" width=\"836\" height=\"960\" src=\"http:\/\/kichiko.net\/wp-content\/uploads\/2021\/10\/h1-6.jpg\" alt=\"\" class=\"wp-image-3841\" srcset=\"https:\/\/kichiko.net\/wp-content\/uploads\/2021\/10\/h1-6.jpg 836w, https:\/\/kichiko.net\/wp-content\/uploads\/2021\/10\/h1-6-400x459.jpg 400w, https:\/\/kichiko.net\/wp-content\/uploads\/2021\/10\/h1-6-768x882.jpg 768w\" sizes=\"(max-width: 836px) 100vw, 836px\" \/><figcaption>1 uke <br><\/figcaption><\/figure>\n\n\n\n<figure class=\"wp-block-image\"><img loading=\"lazy\" width=\"834\" height=\"960\" src=\"http:\/\/kichiko.net\/wp-content\/uploads\/2021\/10\/h1-7.jpg\" alt=\"\" class=\"wp-image-3842\" srcset=\"https:\/\/kichiko.net\/wp-content\/uploads\/2021\/10\/h1-7.jpg 834w, https:\/\/kichiko.net\/wp-content\/uploads\/2021\/10\/h1-7-400x460.jpg 400w, https:\/\/kichiko.net\/wp-content\/uploads\/2021\/10\/h1-7-768x884.jpg 768w\" sizes=\"(max-width: 834px) 100vw, 834px\" \/><figcaption>2 uker<br><\/figcaption><\/figure>\n\n\n\n<figure class=\"wp-block-image\"><img loading=\"lazy\" width=\"720\" height=\"960\" src=\"http:\/\/kichiko.net\/wp-content\/uploads\/2021\/11\/1.jpg\" alt=\"\" class=\"wp-image-3907\" srcset=\"https:\/\/kichiko.net\/wp-content\/uploads\/2021\/11\/1.jpg 720w, https:\/\/kichiko.net\/wp-content\/uploads\/2021\/11\/1-400x533.jpg 400w\" sizes=\"(max-width: 720px) 100vw, 720px\" \/><figcaption>3 uker<br><\/figcaption><\/figure>\n\n\n\n<figure class=\"wp-block-image\"><img loading=\"lazy\" width=\"850\" height=\"960\" src=\"http:\/\/kichiko.net\/wp-content\/uploads\/2021\/11\/h1.jpg\" alt=\"\" class=\"wp-image-3908\" srcset=\"https:\/\/kichiko.net\/wp-content\/uploads\/2021\/11\/h1.jpg 850w, https:\/\/kichiko.net\/wp-content\/uploads\/2021\/11\/h1-400x452.jpg 400w, https:\/\/kichiko.net\/wp-content\/uploads\/2021\/11\/h1-768x867.jpg 768w\" sizes=\"(max-width: 850px) 100vw, 850px\" \/><figcaption>4 uker<br><\/figcaption><\/figure>\n\n\n\n<figure class=\"wp-block-image\"><img loading=\"lazy\" width=\"618\" height=\"960\" src=\"http:\/\/kichiko.net\/wp-content\/uploads\/2021\/11\/h1-1.jpg\" alt=\"\" class=\"wp-image-3935\" srcset=\"https:\/\/kichiko.net\/wp-content\/uploads\/2021\/11\/h1-1.jpg 618w, https:\/\/kichiko.net\/wp-content\/uploads\/2021\/11\/h1-1-386x600.jpg 386w\" sizes=\"(max-width: 618px) 100vw, 618px\" \/><figcaption>5 uker<br><\/figcaption><\/figure>\n\n\n\n<figure class=\"wp-block-image\"><img loading=\"lazy\" width=\"669\" height=\"1024\" src=\"http:\/\/kichiko.net\/wp-content\/uploads\/2021\/11\/1-3-669x1024.jpg\" alt=\"\" class=\"wp-image-3978\" srcset=\"https:\/\/kichiko.net\/wp-content\/uploads\/2021\/11\/1-3-669x1024.jpg 669w, https:\/\/kichiko.net\/wp-content\/uploads\/2021\/11\/1-3-392x600.jpg 392w, https:\/\/kichiko.net\/wp-content\/uploads\/2021\/11\/1-3-768x1176.jpg 768w, https:\/\/kichiko.net\/wp-content\/uploads\/2021\/11\/1-3.jpg 1338w\" sizes=\"(max-width: 669px) 100vw, 669px\" \/><figcaption>6 uker<br><\/figcaption><\/figure>\n\n\n\n<figure class=\"wp-block-image\"><img loading=\"lazy\" width=\"712\" height=\"1024\" src=\"http:\/\/kichiko.net\/wp-content\/uploads\/2021\/11\/1-4-712x1024.jpg\" alt=\"\" class=\"wp-image-3994\" srcset=\"https:\/\/kichiko.net\/wp-content\/uploads\/2021\/11\/1-4-712x1024.jpg 712w, https:\/\/kichiko.net\/wp-content\/uploads\/2021\/11\/1-4-400x576.jpg 400w, https:\/\/kichiko.net\/wp-content\/uploads\/2021\/11\/1-4-768x1105.jpg 768w, https:\/\/kichiko.net\/wp-content\/uploads\/2021\/11\/1-4.jpg 1499w\" sizes=\"(max-width: 712px) 100vw, 712px\" \/><figcaption>7 uker<br><\/figcaption><\/figure>\n\n\n\n<figure class=\"wp-block-image\"><img loading=\"lazy\" width=\"669\" height=\"1024\" src=\"http:\/\/kichiko.net\/wp-content\/uploads\/2021\/11\/maki-669x1024.jpg\" alt=\"\" class=\"wp-image-3995\" srcset=\"https:\/\/kichiko.net\/wp-content\/uploads\/2021\/11\/maki-669x1024.jpg 669w, https:\/\/kichiko.net\/wp-content\/uploads\/2021\/11\/maki-392x600.jpg 392w, https:\/\/kichiko.net\/wp-content\/uploads\/2021\/11\/maki-768x1176.jpg 768w, https:\/\/kichiko.net\/wp-content\/uploads\/2021\/11\/maki.jpg 1338w\" sizes=\"(max-width: 669px) 100vw, 669px\" \/><figcaption>Maki med sine nye eiere<\/figcaption><\/figure>\n","protected":false},"excerpt":{"rendered":"<p>Kl.05:00. Nr 1 ble en r\u00f8d hann som veide 280 gram og fikk navnet Kichiko`s Handsome Boy Nick : Maki Rase : ShibaKj\u00f8nn: HannhundFarge : R\u00f8dF\u00f8dt:4 \/10-2021Reg.nr : NO65833\/21HD: C\/CAD: 0\/0Patella: Bitt: Eier : J\u00f8rgen Olaussen og Mari St\u00f8le, Namsos<\/p>\n","protected":false},"author":2,"featured_media":0,"parent":3768,"menu_order":1,"comment_status":"closed","ping_status":"closed","template":"","meta":[],"_links":{"self":[{"href":"https:\/\/kichiko.net\/index.php?rest_route=\/wp\/v2\/pages\/3773"}],"collection":[{"href":"https:\/\/kichiko.net\/index.php?rest_route=\/wp\/v2\/pages"}],"about":[{"href":"https:\/\/kichiko.net\/index.php?rest_route=\/wp\/v2\/types\/page"}],"author":[{"embeddable":true,"href":"https:\/\/kichiko.net\/index.php?rest_route=\/wp\/v2\/users\/2"}],"replies":[{"embeddable":true,"href":"https:\/\/kichiko.net\/index.php?rest_route=%2Fwp%2Fv2%2Fcomments&post=3773"}],"version-history":[{"count":11,"href":"https:\/\/kichiko.net\/index.php?rest_route=\/wp\/v2\/pages\/3773\/revisions"}],"predecessor-version":[{"id":4435,"href":"https:\/\/kichiko.net\/index.php?rest_route=\/wp\/v2\/pages\/3773\/revisions\/4435"}],"up":[{"embeddable":true,"href":"https:\/\/kichiko.net\/index.php?rest_route=\/wp\/v2\/pages\/3768"}],"wp:attachment":[{"href":"https:\/\/kichiko.net\/index.php?rest_route=%2Fwp%2Fv2%2Fmedia&parent=3773"}],"curies":[{"name":"wp","href":"https:\/\/api.w.org\/{rel}","templated":true}]}}