{"id":3754,"date":"2021-09-27T19:55:06","date_gmt":"2021-09-27T18:55:06","guid":{"rendered":"http:\/\/kichiko.net\/?page_id=3754"},"modified":"2022-12-14T21:31:13","modified_gmt":"2022-12-14T20:31:13","slug":"kichikos-g-4","status":"publish","type":"page","link":"https:\/\/kichiko.net\/?page_id=3754","title":{"rendered":"Greatest Fantasy"},"content":{"rendered":"\n<p>Kl.22:40. Nr 4 ble en r\u00f8d tispe som veide 287 gram og fikk navnet Kichiko`s Greatest Fantasy<br><\/p>\n\n\n\n<p>Nick : Nala<\/p>\n\n\n\n<p>Rase : Shiba<br>Kj\u00f8nn: Tispe<br>Farge : R\u00f8d<br>F\u00f8dt: 25\/9-2021<br>Reg.nr : NO64729\/21<br>HD: B\/B<br>AD:<br>Patella:<br>Bitt:<\/p>\n\n\n\n<p>Eier : Anne Lise Bauge og Kristian Bauge Hundvin, Laksev\u00e5g<\/p>\n\n\n\n<figure class=\"wp-block-image\"><img loading=\"lazy\" width=\"960\" height=\"902\" src=\"http:\/\/kichiko.net\/wp-content\/uploads\/2021\/09\/Tispe-3.jpg\" alt=\"\" class=\"wp-image-3755\" srcset=\"https:\/\/kichiko.net\/wp-content\/uploads\/2021\/09\/Tispe-3.jpg 960w, https:\/\/kichiko.net\/wp-content\/uploads\/2021\/09\/Tispe-3-400x376.jpg 400w, https:\/\/kichiko.net\/wp-content\/uploads\/2021\/09\/Tispe-3-768x722.jpg 768w\" sizes=\"(max-width: 960px) 100vw, 960px\" \/><figcaption>Nyf\u00f8dt<br><\/figcaption><\/figure>\n\n\n\n<figure class=\"wp-block-image\"><img loading=\"lazy\" width=\"960\" height=\"938\" src=\"http:\/\/kichiko.net\/wp-content\/uploads\/2021\/10\/t3.jpg\" alt=\"\" class=\"wp-image-3830\" srcset=\"https:\/\/kichiko.net\/wp-content\/uploads\/2021\/10\/t3.jpg 960w, https:\/\/kichiko.net\/wp-content\/uploads\/2021\/10\/t3-400x391.jpg 400w, https:\/\/kichiko.net\/wp-content\/uploads\/2021\/10\/t3-768x750.jpg 768w\" sizes=\"(max-width: 960px) 100vw, 960px\" \/><figcaption>1 uke <br><\/figcaption><\/figure>\n\n\n\n<figure class=\"wp-block-image\"><img loading=\"lazy\" width=\"802\" height=\"960\" src=\"http:\/\/kichiko.net\/wp-content\/uploads\/2021\/10\/t3-1.jpg\" alt=\"\" class=\"wp-image-3831\" srcset=\"https:\/\/kichiko.net\/wp-content\/uploads\/2021\/10\/t3-1.jpg 802w, https:\/\/kichiko.net\/wp-content\/uploads\/2021\/10\/t3-1-400x479.jpg 400w, https:\/\/kichiko.net\/wp-content\/uploads\/2021\/10\/t3-1-768x919.jpg 768w\" sizes=\"(max-width: 802px) 100vw, 802px\" \/><figcaption>2 uker <br><\/figcaption><\/figure>\n\n\n\n<figure class=\"wp-block-image\"><img loading=\"lazy\" width=\"870\" height=\"960\" src=\"http:\/\/kichiko.net\/wp-content\/uploads\/2021\/10\/t3-2.jpg\" alt=\"\" class=\"wp-image-3832\" srcset=\"https:\/\/kichiko.net\/wp-content\/uploads\/2021\/10\/t3-2.jpg 870w, https:\/\/kichiko.net\/wp-content\/uploads\/2021\/10\/t3-2-400x441.jpg 400w, https:\/\/kichiko.net\/wp-content\/uploads\/2021\/10\/t3-2-768x847.jpg 768w\" sizes=\"(max-width: 870px) 100vw, 870px\" \/><figcaption>3 uker <br><\/figcaption><\/figure>\n\n\n\n<figure class=\"wp-block-image\"><img loading=\"lazy\" width=\"628\" height=\"960\" src=\"http:\/\/kichiko.net\/wp-content\/uploads\/2021\/10\/3.jpg\" alt=\"\" class=\"wp-image-3898\" srcset=\"https:\/\/kichiko.net\/wp-content\/uploads\/2021\/10\/3.jpg 628w, https:\/\/kichiko.net\/wp-content\/uploads\/2021\/10\/3-393x600.jpg 393w\" sizes=\"(max-width: 628px) 100vw, 628px\" \/><figcaption>4 uker<br><\/figcaption><\/figure>\n\n\n\n<figure class=\"wp-block-image\"><img loading=\"lazy\" width=\"726\" height=\"960\" src=\"http:\/\/kichiko.net\/wp-content\/uploads\/2021\/10\/t3-3.jpg\" alt=\"\" class=\"wp-image-3899\" srcset=\"https:\/\/kichiko.net\/wp-content\/uploads\/2021\/10\/t3-3.jpg 726w, https:\/\/kichiko.net\/wp-content\/uploads\/2021\/10\/t3-3-400x529.jpg 400w\" sizes=\"(max-width: 726px) 100vw, 726px\" \/><figcaption>5 uker<br><br><\/figcaption><\/figure>\n\n\n\n<figure class=\"wp-block-image\"><img loading=\"lazy\" width=\"648\" height=\"960\" src=\"http:\/\/kichiko.net\/wp-content\/uploads\/2021\/11\/t3.jpg\" alt=\"\" class=\"wp-image-3964\" srcset=\"https:\/\/kichiko.net\/wp-content\/uploads\/2021\/11\/t3.jpg 648w, https:\/\/kichiko.net\/wp-content\/uploads\/2021\/11\/t3-400x593.jpg 400w\" sizes=\"(max-width: 648px) 100vw, 648px\" \/><figcaption>6 uker<br><\/figcaption><\/figure>\n\n\n\n<figure class=\"wp-block-image\"><img loading=\"lazy\" width=\"768\" height=\"1024\" src=\"http:\/\/kichiko.net\/wp-content\/uploads\/2021\/11\/3-1-768x1024.jpg\" alt=\"\" class=\"wp-image-3965\" srcset=\"https:\/\/kichiko.net\/wp-content\/uploads\/2021\/11\/3-1-768x1024.jpg 768w, https:\/\/kichiko.net\/wp-content\/uploads\/2021\/11\/3-1-400x533.jpg 400w\" sizes=\"(max-width: 768px) 100vw, 768px\" \/><figcaption>7 uker<br><\/figcaption><\/figure>\n\n\n\n<figure class=\"wp-block-image\"><img loading=\"lazy\" width=\"581\" height=\"1024\" src=\"http:\/\/kichiko.net\/wp-content\/uploads\/2021\/11\/nala-581x1024.jpg\" alt=\"\" class=\"wp-image-4014\" srcset=\"https:\/\/kichiko.net\/wp-content\/uploads\/2021\/11\/nala-581x1024.jpg 581w, https:\/\/kichiko.net\/wp-content\/uploads\/2021\/11\/nala-340x600.jpg 340w, https:\/\/kichiko.net\/wp-content\/uploads\/2021\/11\/nala-768x1354.jpg 768w, https:\/\/kichiko.net\/wp-content\/uploads\/2021\/11\/nala.jpg 1162w\" sizes=\"(max-width: 581px) 100vw, 581px\" \/><figcaption>Nala med sine nye eiere<\/figcaption><\/figure>\n","protected":false},"excerpt":{"rendered":"<p>Kl.22:40. Nr 4 ble en r\u00f8d tispe som veide 287 gram og fikk navnet Kichiko`s Greatest Fantasy Nick : Nala Rase : ShibaKj\u00f8nn: TispeFarge : R\u00f8dF\u00f8dt: 25\/9-2021Reg.nr : NO64729\/21HD: B\/BAD:Patella:Bitt: Eier : Anne Lise Bauge og Kristian Bauge Hundvin, Laksev\u00e5g<\/p>\n","protected":false},"author":2,"featured_media":0,"parent":3735,"menu_order":4,"comment_status":"closed","ping_status":"closed","template":"","meta":[],"_links":{"self":[{"href":"https:\/\/kichiko.net\/index.php?rest_route=\/wp\/v2\/pages\/3754"}],"collection":[{"href":"https:\/\/kichiko.net\/index.php?rest_route=\/wp\/v2\/pages"}],"about":[{"href":"https:\/\/kichiko.net\/index.php?rest_route=\/wp\/v2\/types\/page"}],"author":[{"embeddable":true,"href":"https:\/\/kichiko.net\/index.php?rest_route=\/wp\/v2\/users\/2"}],"replies":[{"embeddable":true,"href":"https:\/\/kichiko.net\/index.php?rest_route=%2Fwp%2Fv2%2Fcomments&post=3754"}],"version-history":[{"count":8,"href":"https:\/\/kichiko.net\/index.php?rest_route=\/wp\/v2\/pages\/3754\/revisions"}],"predecessor-version":[{"id":4550,"href":"https:\/\/kichiko.net\/index.php?rest_route=\/wp\/v2\/pages\/3754\/revisions\/4550"}],"up":[{"embeddable":true,"href":"https:\/\/kichiko.net\/index.php?rest_route=\/wp\/v2\/pages\/3735"}],"wp:attachment":[{"href":"https:\/\/kichiko.net\/index.php?rest_route=%2Fwp%2Fv2%2Fmedia&parent=3754"}],"curies":[{"name":"wp","href":"https:\/\/api.w.org\/{rel}","templated":true}]}}