{"id":3718,"date":"2021-09-20T20:24:14","date_gmt":"2021-09-20T19:24:14","guid":{"rendered":"http:\/\/kichiko.net\/?page_id=3718"},"modified":"2023-07-14T23:20:23","modified_gmt":"2023-07-14T22:20:23","slug":"kichikos-f-ii-2","status":"publish","type":"page","link":"https:\/\/kichiko.net\/?page_id=3718","title":{"rendered":"Fantastic Camilio"},"content":{"rendered":"\n<p>Kl.16:35. Nr 2 ble en r\u00f8d hann som veide 305 gram og fikk navnet Kichiko`s Fantastic Camilio<br><\/p>\n\n\n\n<p>Nick : Bailey<\/p>\n\n\n\n<p>Rase : Shiba<br>Kj\u00f8nn: Hannhund<br>Farge : R\u00f8d<br>F\u00f8dt: 18\/9-2021<br>Reg.nr : NO64726\/21<br>HD: A\/B<br>AD: 0\/0<br>Patella:<br>Bitt:<\/p>\n\n\n\n<p>Eier : Benedikte Eikesdal, \u00d8len<\/p>\n\n\n\n<figure class=\"wp-block-image\"><img loading=\"lazy\" width=\"832\" height=\"960\" src=\"http:\/\/kichiko.net\/wp-content\/uploads\/2021\/09\/2.jpg\" alt=\"\" class=\"wp-image-3719\" srcset=\"https:\/\/kichiko.net\/wp-content\/uploads\/2021\/09\/2.jpg 832w, https:\/\/kichiko.net\/wp-content\/uploads\/2021\/09\/2-400x462.jpg 400w, https:\/\/kichiko.net\/wp-content\/uploads\/2021\/09\/2-768x886.jpg 768w\" sizes=\"(max-width: 832px) 100vw, 832px\" \/><figcaption>Nyf\u00f8dt<br><\/figcaption><\/figure>\n\n\n\n<figure class=\"wp-block-image\"><img loading=\"lazy\" width=\"960\" height=\"936\" src=\"http:\/\/kichiko.net\/wp-content\/uploads\/2021\/09\/2-1.jpg\" alt=\"\" class=\"wp-image-3733\" srcset=\"https:\/\/kichiko.net\/wp-content\/uploads\/2021\/09\/2-1.jpg 960w, https:\/\/kichiko.net\/wp-content\/uploads\/2021\/09\/2-1-400x390.jpg 400w, https:\/\/kichiko.net\/wp-content\/uploads\/2021\/09\/2-1-768x749.jpg 768w\" sizes=\"(max-width: 960px) 100vw, 960px\" \/><figcaption>1 uke<br><\/figcaption><\/figure>\n\n\n\n<figure class=\"wp-block-image\"><img loading=\"lazy\" width=\"960\" height=\"926\" src=\"http:\/\/kichiko.net\/wp-content\/uploads\/2021\/10\/h2.jpg\" alt=\"\" class=\"wp-image-3808\" srcset=\"https:\/\/kichiko.net\/wp-content\/uploads\/2021\/10\/h2.jpg 960w, https:\/\/kichiko.net\/wp-content\/uploads\/2021\/10\/h2-400x386.jpg 400w, https:\/\/kichiko.net\/wp-content\/uploads\/2021\/10\/h2-768x741.jpg 768w\" sizes=\"(max-width: 960px) 100vw, 960px\" \/><figcaption>2 uker<br><\/figcaption><\/figure>\n\n\n\n<figure class=\"wp-block-image\"><img loading=\"lazy\" width=\"876\" height=\"960\" src=\"http:\/\/kichiko.net\/wp-content\/uploads\/2021\/10\/h2-1.jpg\" alt=\"\" class=\"wp-image-3809\" srcset=\"https:\/\/kichiko.net\/wp-content\/uploads\/2021\/10\/h2-1.jpg 876w, https:\/\/kichiko.net\/wp-content\/uploads\/2021\/10\/h2-1-400x438.jpg 400w, https:\/\/kichiko.net\/wp-content\/uploads\/2021\/10\/h2-1-768x842.jpg 768w\" sizes=\"(max-width: 876px) 100vw, 876px\" \/><figcaption>3 uker<br><\/figcaption><\/figure>\n\n\n\n<figure class=\"wp-block-image\"><img loading=\"lazy\" width=\"786\" height=\"960\" src=\"http:\/\/kichiko.net\/wp-content\/uploads\/2021\/10\/h2-2.jpg\" alt=\"\" class=\"wp-image-3810\" srcset=\"https:\/\/kichiko.net\/wp-content\/uploads\/2021\/10\/h2-2.jpg 786w, https:\/\/kichiko.net\/wp-content\/uploads\/2021\/10\/h2-2-400x489.jpg 400w, https:\/\/kichiko.net\/wp-content\/uploads\/2021\/10\/h2-2-768x938.jpg 768w\" sizes=\"(max-width: 786px) 100vw, 786px\" \/><figcaption>4 uker<br><\/figcaption><\/figure>\n\n\n\n<figure class=\"wp-block-image\"><img loading=\"lazy\" width=\"734\" height=\"960\" src=\"http:\/\/kichiko.net\/wp-content\/uploads\/2021\/10\/2.jpg\" alt=\"\" class=\"wp-image-3883\" srcset=\"https:\/\/kichiko.net\/wp-content\/uploads\/2021\/10\/2.jpg 734w, https:\/\/kichiko.net\/wp-content\/uploads\/2021\/10\/2-400x523.jpg 400w\" sizes=\"(max-width: 734px) 100vw, 734px\" \/><figcaption>5 uker<br><\/figcaption><\/figure>\n\n\n\n<figure class=\"wp-block-image\"><img loading=\"lazy\" width=\"680\" height=\"960\" src=\"http:\/\/kichiko.net\/wp-content\/uploads\/2021\/10\/2-1.jpg\" alt=\"\" class=\"wp-image-3884\" srcset=\"https:\/\/kichiko.net\/wp-content\/uploads\/2021\/10\/2-1.jpg 680w, https:\/\/kichiko.net\/wp-content\/uploads\/2021\/10\/2-1-400x565.jpg 400w\" sizes=\"(max-width: 680px) 100vw, 680px\" \/><figcaption>6 uker<br><\/figcaption><\/figure>\n\n\n\n<figure class=\"wp-block-image\"><img loading=\"lazy\" width=\"608\" height=\"960\" src=\"http:\/\/kichiko.net\/wp-content\/uploads\/2021\/11\/2-1.jpg\" alt=\"\" class=\"wp-image-3930\" srcset=\"https:\/\/kichiko.net\/wp-content\/uploads\/2021\/11\/2-1.jpg 608w, https:\/\/kichiko.net\/wp-content\/uploads\/2021\/11\/2-1-380x600.jpg 380w\" sizes=\"(max-width: 608px) 100vw, 608px\" \/><figcaption>7 uker<br><\/figcaption><\/figure>\n\n\n\n<figure class=\"wp-block-image\"><img loading=\"lazy\" width=\"648\" height=\"1024\" src=\"http:\/\/kichiko.net\/wp-content\/uploads\/2021\/11\/252524806_687394482239375_1438642563344440097_n-648x1024.jpg\" alt=\"\" class=\"wp-image-3952\" srcset=\"https:\/\/kichiko.net\/wp-content\/uploads\/2021\/11\/252524806_687394482239375_1438642563344440097_n-648x1024.jpg 648w, https:\/\/kichiko.net\/wp-content\/uploads\/2021\/11\/252524806_687394482239375_1438642563344440097_n-380x600.jpg 380w, https:\/\/kichiko.net\/wp-content\/uploads\/2021\/11\/252524806_687394482239375_1438642563344440097_n-768x1213.jpg 768w, https:\/\/kichiko.net\/wp-content\/uploads\/2021\/11\/252524806_687394482239375_1438642563344440097_n.jpg 925w\" sizes=\"(max-width: 648px) 100vw, 648px\" \/><figcaption>Bailey med sine nye eiere<\/figcaption><\/figure>\n","protected":false},"excerpt":{"rendered":"<p>Kl.16:35. Nr 2 ble en r\u00f8d hann som veide 305 gram og fikk navnet Kichiko`s Fantastic Camilio Nick : Bailey Rase : ShibaKj\u00f8nn: HannhundFarge : R\u00f8dF\u00f8dt: 18\/9-2021Reg.nr : NO64726\/21HD: A\/BAD: 0\/0Patella:Bitt: Eier : Benedikte Eikesdal, \u00d8len<\/p>\n","protected":false},"author":2,"featured_media":0,"parent":3713,"menu_order":2,"comment_status":"closed","ping_status":"closed","template":"","meta":[],"_links":{"self":[{"href":"https:\/\/kichiko.net\/index.php?rest_route=\/wp\/v2\/pages\/3718"}],"collection":[{"href":"https:\/\/kichiko.net\/index.php?rest_route=\/wp\/v2\/pages"}],"about":[{"href":"https:\/\/kichiko.net\/index.php?rest_route=\/wp\/v2\/types\/page"}],"author":[{"embeddable":true,"href":"https:\/\/kichiko.net\/index.php?rest_route=\/wp\/v2\/users\/2"}],"replies":[{"embeddable":true,"href":"https:\/\/kichiko.net\/index.php?rest_route=%2Fwp%2Fv2%2Fcomments&post=3718"}],"version-history":[{"count":12,"href":"https:\/\/kichiko.net\/index.php?rest_route=\/wp\/v2\/pages\/3718\/revisions"}],"predecessor-version":[{"id":4643,"href":"https:\/\/kichiko.net\/index.php?rest_route=\/wp\/v2\/pages\/3718\/revisions\/4643"}],"up":[{"embeddable":true,"href":"https:\/\/kichiko.net\/index.php?rest_route=\/wp\/v2\/pages\/3713"}],"wp:attachment":[{"href":"https:\/\/kichiko.net\/index.php?rest_route=%2Fwp%2Fv2%2Fmedia&parent=3718"}],"curies":[{"name":"wp","href":"https:\/\/api.w.org\/{rel}","templated":true}]}}