{"id":3397,"date":"2021-01-11T21:39:52","date_gmt":"2021-01-11T20:39:52","guid":{"rendered":"http:\/\/kichiko.net\/?page_id=3397"},"modified":"2022-02-01T21:07:51","modified_gmt":"2022-02-01T20:07:51","slug":"kichikos-d-ii-3","status":"publish","type":"page","link":"https:\/\/kichiko.net\/?page_id=3397","title":{"rendered":"Diamond Digger"},"content":{"rendered":"\n<p>Kl.&nbsp;09:43 ble det f\u00f8dt en&nbsp;r\u00f8d hann p\u00e5 290 gram. Han fikk navnet Kichiko`s Diamond Digger<\/p>\n\n\n\n<p>Nick : Rolf<br>Rase : Shiba<br>Kj\u00f8nn : Hann<br>Farge : R\u00f8d<br>F\u00f8dt :\u00a011\/1-2021<br>Reg.nr : NO33814\/21<br>HD : D\/E<br>AD : 0\/0<br>Patella :<br>Bitt :<\/p>\n\n\n\n<p>Eier : Ida Marie Veland og Bj\u00f8rn Johansen, Oslo<\/p>\n\n\n\n<figure class=\"wp-block-image\"><img loading=\"lazy\" width=\"808\" height=\"960\" src=\"http:\/\/kichiko.net\/wp-content\/uploads\/2021\/01\/H1.jpg\" alt=\"\" class=\"wp-image-3406\" srcset=\"https:\/\/kichiko.net\/wp-content\/uploads\/2021\/01\/H1.jpg 808w, https:\/\/kichiko.net\/wp-content\/uploads\/2021\/01\/H1-400x475.jpg 400w, https:\/\/kichiko.net\/wp-content\/uploads\/2021\/01\/H1-768x912.jpg 768w\" sizes=\"(max-width: 808px) 100vw, 808px\" \/><figcaption>Nyf\u00f8dt<br><\/figcaption><\/figure>\n\n\n\n<figure class=\"wp-block-image\"><img loading=\"lazy\" width=\"960\" height=\"928\" src=\"http:\/\/kichiko.net\/wp-content\/uploads\/2021\/01\/h.jpg\" alt=\"\" class=\"wp-image-3429\" srcset=\"https:\/\/kichiko.net\/wp-content\/uploads\/2021\/01\/h.jpg 960w, https:\/\/kichiko.net\/wp-content\/uploads\/2021\/01\/h-400x387.jpg 400w, https:\/\/kichiko.net\/wp-content\/uploads\/2021\/01\/h-768x742.jpg 768w\" sizes=\"(max-width: 960px) 100vw, 960px\" \/><figcaption>1 uke<br><\/figcaption><\/figure>\n\n\n\n<figure class=\"wp-block-image\"><img loading=\"lazy\" width=\"806\" height=\"960\" src=\"http:\/\/kichiko.net\/wp-content\/uploads\/2021\/01\/H.jpg\" alt=\"\" class=\"wp-image-3431\" srcset=\"https:\/\/kichiko.net\/wp-content\/uploads\/2021\/01\/H.jpg 806w, https:\/\/kichiko.net\/wp-content\/uploads\/2021\/01\/H-400x476.jpg 400w, https:\/\/kichiko.net\/wp-content\/uploads\/2021\/01\/H-768x915.jpg 768w\" sizes=\"(max-width: 806px) 100vw, 806px\" \/><figcaption>2 uker<br><\/figcaption><\/figure>\n\n\n\n<figure class=\"wp-block-image\"><img loading=\"lazy\" width=\"814\" height=\"960\" src=\"http:\/\/kichiko.net\/wp-content\/uploads\/2021\/02\/hann.jpg\" alt=\"\" class=\"wp-image-3467\" srcset=\"https:\/\/kichiko.net\/wp-content\/uploads\/2021\/02\/hann.jpg 814w, https:\/\/kichiko.net\/wp-content\/uploads\/2021\/02\/hann-400x472.jpg 400w, https:\/\/kichiko.net\/wp-content\/uploads\/2021\/02\/hann-768x906.jpg 768w\" sizes=\"(max-width: 814px) 100vw, 814px\" \/><figcaption>3 uker <br><\/figcaption><\/figure>\n\n\n\n<figure class=\"wp-block-image\"><img loading=\"lazy\" width=\"786\" height=\"960\" src=\"http:\/\/kichiko.net\/wp-content\/uploads\/2021\/02\/hann-1.jpg\" alt=\"\" class=\"wp-image-3476\" srcset=\"https:\/\/kichiko.net\/wp-content\/uploads\/2021\/02\/hann-1.jpg 786w, https:\/\/kichiko.net\/wp-content\/uploads\/2021\/02\/hann-1-400x489.jpg 400w, https:\/\/kichiko.net\/wp-content\/uploads\/2021\/02\/hann-1-768x938.jpg 768w\" sizes=\"(max-width: 786px) 100vw, 786px\" \/><figcaption>4 uker<br><\/figcaption><\/figure>\n\n\n\n<figure class=\"wp-block-image\"><img loading=\"lazy\" width=\"716\" height=\"960\" src=\"http:\/\/kichiko.net\/wp-content\/uploads\/2021\/02\/h.jpg\" alt=\"\" class=\"wp-image-3484\" srcset=\"https:\/\/kichiko.net\/wp-content\/uploads\/2021\/02\/h.jpg 716w, https:\/\/kichiko.net\/wp-content\/uploads\/2021\/02\/h-400x536.jpg 400w\" sizes=\"(max-width: 716px) 100vw, 716px\" \/><figcaption>5 uker<br><\/figcaption><\/figure>\n\n\n\n<figure class=\"wp-block-image\"><img loading=\"lazy\" width=\"720\" height=\"960\" src=\"http:\/\/kichiko.net\/wp-content\/uploads\/2021\/02\/gutt.jpg\" alt=\"\" class=\"wp-image-3518\" srcset=\"https:\/\/kichiko.net\/wp-content\/uploads\/2021\/02\/gutt.jpg 720w, https:\/\/kichiko.net\/wp-content\/uploads\/2021\/02\/gutt-400x533.jpg 400w\" sizes=\"(max-width: 720px) 100vw, 720px\" \/><figcaption>6 uker<br><\/figcaption><\/figure>\n\n\n\n<figure class=\"wp-block-image\"><img loading=\"lazy\" width=\"618\" height=\"960\" src=\"http:\/\/kichiko.net\/wp-content\/uploads\/2021\/03\/h.jpg\" alt=\"\" class=\"wp-image-3540\" srcset=\"https:\/\/kichiko.net\/wp-content\/uploads\/2021\/03\/h.jpg 618w, https:\/\/kichiko.net\/wp-content\/uploads\/2021\/03\/h-386x600.jpg 386w\" sizes=\"(max-width: 618px) 100vw, 618px\" \/><figcaption>7 uker<br><br><\/figcaption><\/figure>\n\n\n\n<figure class=\"wp-block-image\"><img loading=\"lazy\" width=\"584\" height=\"960\" src=\"http:\/\/kichiko.net\/wp-content\/uploads\/2021\/05\/Rolf.jpg\" alt=\"\" class=\"wp-image-3557\" srcset=\"https:\/\/kichiko.net\/wp-content\/uploads\/2021\/05\/Rolf.jpg 584w, https:\/\/kichiko.net\/wp-content\/uploads\/2021\/05\/Rolf-365x600.jpg 365w\" sizes=\"(max-width: 584px) 100vw, 584px\" \/><figcaption>Rolf med sine nye eiere, Ida Marie og Bj\u00f8rn<\/figcaption><\/figure>\n","protected":false},"excerpt":{"rendered":"<p>Kl.&nbsp;09:43 ble det f\u00f8dt en&nbsp;r\u00f8d hann p\u00e5 290 gram. Han fikk navnet Kichiko`s Diamond Digger Nick : RolfRase : ShibaKj\u00f8nn : HannFarge : R\u00f8dF\u00f8dt :\u00a011\/1-2021Reg.nr : NO33814\/21HD : D\/EAD : 0\/0Patella :Bitt : Eier : Ida Marie Veland og Bj\u00f8rn Johansen, Oslo<\/p>\n","protected":false},"author":2,"featured_media":0,"parent":3386,"menu_order":3,"comment_status":"closed","ping_status":"closed","template":"","meta":[],"_links":{"self":[{"href":"https:\/\/kichiko.net\/index.php?rest_route=\/wp\/v2\/pages\/3397"}],"collection":[{"href":"https:\/\/kichiko.net\/index.php?rest_route=\/wp\/v2\/pages"}],"about":[{"href":"https:\/\/kichiko.net\/index.php?rest_route=\/wp\/v2\/types\/page"}],"author":[{"embeddable":true,"href":"https:\/\/kichiko.net\/index.php?rest_route=\/wp\/v2\/users\/2"}],"replies":[{"embeddable":true,"href":"https:\/\/kichiko.net\/index.php?rest_route=%2Fwp%2Fv2%2Fcomments&post=3397"}],"version-history":[{"count":16,"href":"https:\/\/kichiko.net\/index.php?rest_route=\/wp\/v2\/pages\/3397\/revisions"}],"predecessor-version":[{"id":4039,"href":"https:\/\/kichiko.net\/index.php?rest_route=\/wp\/v2\/pages\/3397\/revisions\/4039"}],"up":[{"embeddable":true,"href":"https:\/\/kichiko.net\/index.php?rest_route=\/wp\/v2\/pages\/3386"}],"wp:attachment":[{"href":"https:\/\/kichiko.net\/index.php?rest_route=%2Fwp%2Fv2%2Fmedia&parent=3397"}],"curies":[{"name":"wp","href":"https:\/\/api.w.org\/{rel}","templated":true}]}}