{"id":3107,"date":"2020-10-13T16:08:44","date_gmt":"2020-10-13T15:08:44","guid":{"rendered":"http:\/\/kichiko.net\/?page_id=3107"},"modified":"2021-10-28T21:28:39","modified_gmt":"2021-10-28T20:28:39","slug":"kichikos-b","status":"publish","type":"page","link":"https:\/\/kichiko.net\/?page_id=3107","title":{"rendered":"Beautyful Lucky Love"},"content":{"rendered":"\n<p>Kl. 23:00 . Nr.1 ble en r\u00f8d hann som veide 273 gr.&nbsp;&nbsp;<\/p>\n\n\n\n<p>Nick : Akiro<br>Rase : Shiba<br>Kj\u00f8nn : Hann<br>Farge : R\u00f8d<br>F\u00f8dt : 7\/10-2020<br>Reg.nr : NO59230\/20<br>HD : C\/C<br>AD : 0\/0<br>Patella: 0\/0<\/p>\n\n\n\n<p>Eier :&nbsp;Svein Erik Engebretsen, Oslo<\/p>\n\n\n\n<figure class=\"wp-block-image\"><img loading=\"lazy\" width=\"960\" height=\"938\" src=\"http:\/\/kichiko.net\/wp-content\/uploads\/2020\/10\/121146692_10158796467301241_3307966525866297513_n.jpg\" alt=\"\" class=\"wp-image-3127\" srcset=\"https:\/\/kichiko.net\/wp-content\/uploads\/2020\/10\/121146692_10158796467301241_3307966525866297513_n.jpg 960w, https:\/\/kichiko.net\/wp-content\/uploads\/2020\/10\/121146692_10158796467301241_3307966525866297513_n-400x391.jpg 400w, https:\/\/kichiko.net\/wp-content\/uploads\/2020\/10\/121146692_10158796467301241_3307966525866297513_n-768x750.jpg 768w\" sizes=\"(max-width: 960px) 100vw, 960px\" \/><figcaption>Nyf\u00f8dt<br><\/figcaption><\/figure>\n\n\n\n<figure class=\"wp-block-image\"><img loading=\"lazy\" width=\"928\" height=\"960\" src=\"http:\/\/kichiko.net\/wp-content\/uploads\/2020\/10\/H1-3.jpg\" alt=\"\" class=\"wp-image-3146\" srcset=\"https:\/\/kichiko.net\/wp-content\/uploads\/2020\/10\/H1-3.jpg 928w, https:\/\/kichiko.net\/wp-content\/uploads\/2020\/10\/H1-3-400x414.jpg 400w, https:\/\/kichiko.net\/wp-content\/uploads\/2020\/10\/H1-3-768x794.jpg 768w\" sizes=\"(max-width: 928px) 100vw, 928px\" \/><figcaption>1 uke<br><\/figcaption><\/figure>\n\n\n\n<figure class=\"wp-block-image\"><img loading=\"lazy\" width=\"872\" height=\"960\" src=\"http:\/\/kichiko.net\/wp-content\/uploads\/2020\/10\/H1-7.jpg\" alt=\"\" class=\"wp-image-3217\" srcset=\"https:\/\/kichiko.net\/wp-content\/uploads\/2020\/10\/H1-7.jpg 872w, https:\/\/kichiko.net\/wp-content\/uploads\/2020\/10\/H1-7-400x440.jpg 400w, https:\/\/kichiko.net\/wp-content\/uploads\/2020\/10\/H1-7-768x846.jpg 768w\" sizes=\"(max-width: 872px) 100vw, 872px\" \/><figcaption>2 uker<br><\/figcaption><\/figure>\n\n\n\n<figure class=\"wp-block-image\"><img loading=\"lazy\" width=\"656\" height=\"960\" src=\"http:\/\/kichiko.net\/wp-content\/uploads\/2020\/10\/h1-1.jpg\" alt=\"\" class=\"wp-image-3229\" srcset=\"https:\/\/kichiko.net\/wp-content\/uploads\/2020\/10\/h1-1.jpg 656w, https:\/\/kichiko.net\/wp-content\/uploads\/2020\/10\/h1-1-400x585.jpg 400w\" sizes=\"(max-width: 656px) 100vw, 656px\" \/><figcaption>3 uker<br><\/figcaption><\/figure>\n\n\n\n<figure class=\"wp-block-image\"><img loading=\"lazy\" width=\"924\" height=\"960\" src=\"http:\/\/kichiko.net\/wp-content\/uploads\/2020\/11\/h1.jpg\" alt=\"\" class=\"wp-image-3269\" srcset=\"https:\/\/kichiko.net\/wp-content\/uploads\/2020\/11\/h1.jpg 924w, https:\/\/kichiko.net\/wp-content\/uploads\/2020\/11\/h1-400x416.jpg 400w, https:\/\/kichiko.net\/wp-content\/uploads\/2020\/11\/h1-768x798.jpg 768w\" sizes=\"(max-width: 924px) 100vw, 924px\" \/><figcaption>4 uker<br><\/figcaption><\/figure>\n\n\n\n<figure class=\"wp-block-image\"><img loading=\"lazy\" width=\"868\" height=\"960\" src=\"http:\/\/kichiko.net\/wp-content\/uploads\/2020\/11\/h1-2.jpg\" alt=\"\" class=\"wp-image-3301\" srcset=\"https:\/\/kichiko.net\/wp-content\/uploads\/2020\/11\/h1-2.jpg 868w, https:\/\/kichiko.net\/wp-content\/uploads\/2020\/11\/h1-2-400x442.jpg 400w, https:\/\/kichiko.net\/wp-content\/uploads\/2020\/11\/h1-2-768x849.jpg 768w\" sizes=\"(max-width: 868px) 100vw, 868px\" \/><figcaption>5 uker<br><\/figcaption><\/figure>\n\n\n\n<figure class=\"wp-block-image\"><img loading=\"lazy\" width=\"844\" height=\"960\" src=\"http:\/\/kichiko.net\/wp-content\/uploads\/2020\/11\/h1-4.jpg\" alt=\"\" class=\"wp-image-3336\" srcset=\"https:\/\/kichiko.net\/wp-content\/uploads\/2020\/11\/h1-4.jpg 844w, https:\/\/kichiko.net\/wp-content\/uploads\/2020\/11\/h1-4-400x455.jpg 400w, https:\/\/kichiko.net\/wp-content\/uploads\/2020\/11\/h1-4-768x874.jpg 768w\" sizes=\"(max-width: 844px) 100vw, 844px\" \/><figcaption>6 uker<br><\/figcaption><\/figure>\n\n\n\n<figure class=\"wp-block-image\"><img loading=\"lazy\" width=\"780\" height=\"960\" src=\"http:\/\/kichiko.net\/wp-content\/uploads\/2020\/12\/H1.jpg\" alt=\"\" class=\"wp-image-3349\" srcset=\"https:\/\/kichiko.net\/wp-content\/uploads\/2020\/12\/H1.jpg 780w, https:\/\/kichiko.net\/wp-content\/uploads\/2020\/12\/H1-400x492.jpg 400w, https:\/\/kichiko.net\/wp-content\/uploads\/2020\/12\/H1-768x945.jpg 768w\" sizes=\"(max-width: 780px) 100vw, 780px\" \/><figcaption>7 uker<br><\/figcaption><\/figure>\n\n\n\n<figure class=\"wp-block-image\"><img loading=\"lazy\" width=\"720\" height=\"960\" src=\"http:\/\/kichiko.net\/wp-content\/uploads\/2020\/12\/128095680_10158937860776241_8670384661143278183_n.jpg\" alt=\"\" class=\"wp-image-3351\" srcset=\"https:\/\/kichiko.net\/wp-content\/uploads\/2020\/12\/128095680_10158937860776241_8670384661143278183_n.jpg 720w, https:\/\/kichiko.net\/wp-content\/uploads\/2020\/12\/128095680_10158937860776241_8670384661143278183_n-400x533.jpg 400w\" sizes=\"(max-width: 720px) 100vw, 720px\" \/><figcaption>Akiro med sin nye famile<\/figcaption><\/figure>\n","protected":false},"excerpt":{"rendered":"<p>Kl. 23:00 . Nr.1 ble en r\u00f8d hann som veide 273 gr.&nbsp;&nbsp; Nick : AkiroRase : ShibaKj\u00f8nn : HannFarge : R\u00f8dF\u00f8dt : 7\/10-2020Reg.nr : NO59230\/20HD : C\/CAD : 0\/0Patella: 0\/0 Eier :&nbsp;Svein Erik Engebretsen, Oslo<\/p>\n","protected":false},"author":2,"featured_media":0,"parent":3101,"menu_order":1,"comment_status":"closed","ping_status":"closed","template":"","meta":[],"_links":{"self":[{"href":"https:\/\/kichiko.net\/index.php?rest_route=\/wp\/v2\/pages\/3107"}],"collection":[{"href":"https:\/\/kichiko.net\/index.php?rest_route=\/wp\/v2\/pages"}],"about":[{"href":"https:\/\/kichiko.net\/index.php?rest_route=\/wp\/v2\/types\/page"}],"author":[{"embeddable":true,"href":"https:\/\/kichiko.net\/index.php?rest_route=\/wp\/v2\/users\/2"}],"replies":[{"embeddable":true,"href":"https:\/\/kichiko.net\/index.php?rest_route=%2Fwp%2Fv2%2Fcomments&post=3107"}],"version-history":[{"count":14,"href":"https:\/\/kichiko.net\/index.php?rest_route=\/wp\/v2\/pages\/3107\/revisions"}],"predecessor-version":[{"id":3865,"href":"https:\/\/kichiko.net\/index.php?rest_route=\/wp\/v2\/pages\/3107\/revisions\/3865"}],"up":[{"embeddable":true,"href":"https:\/\/kichiko.net\/index.php?rest_route=\/wp\/v2\/pages\/3101"}],"wp:attachment":[{"href":"https:\/\/kichiko.net\/index.php?rest_route=%2Fwp%2Fv2%2Fmedia&parent=3107"}],"curies":[{"name":"wp","href":"https:\/\/api.w.org\/{rel}","templated":true}]}}