{"id":3038,"date":"2020-09-21T22:11:08","date_gmt":"2020-09-21T21:11:08","guid":{"rendered":"http:\/\/kichiko.net\/?page_id=3038"},"modified":"2021-10-28T21:26:53","modified_gmt":"2021-10-28T20:26:53","slug":"kichikos-ae","status":"publish","type":"page","link":"https:\/\/kichiko.net\/?page_id=3038","title":{"rendered":"A Mighty Kind Of Magic"},"content":{"rendered":"\n<p>Kl. 21:30. Nr.1 ble en r\u00f8d hann som veide 270 gr.&nbsp;&nbsp;Han fikk navnet : Kichiko`s&nbsp; A Mighty Kind Of Magic . <\/p>\n\n\n\n<p>Nick : Sniff<br>Rase : Shiba<br>Kj\u00f8nn : Hann<br>Farge : R\u00f8d<br>F\u00f8dt : 20\/9-2020<br>Reg.nr : NO58067\/20<br>HD : C\/C<br>AD : 0\/0<br>Patella : 0\/0<br>\u00d8yenlyst : Intet p\u00e5vist<\/p>\n\n\n\n<p>Eier :&nbsp;Susanne Steen og Ola Morset, Kristiansand<\/p>\n\n\n\n<figure class=\"wp-block-image\"><img loading=\"lazy\" width=\"960\" height=\"902\" src=\"http:\/\/kichiko.net\/wp-content\/uploads\/2020\/09\/119781747_10158747440946241_8569577410046255279_n.jpg\" alt=\"\" class=\"wp-image-3039\" srcset=\"https:\/\/kichiko.net\/wp-content\/uploads\/2020\/09\/119781747_10158747440946241_8569577410046255279_n.jpg 960w, https:\/\/kichiko.net\/wp-content\/uploads\/2020\/09\/119781747_10158747440946241_8569577410046255279_n-400x376.jpg 400w, https:\/\/kichiko.net\/wp-content\/uploads\/2020\/09\/119781747_10158747440946241_8569577410046255279_n-768x722.jpg 768w\" sizes=\"(max-width: 960px) 100vw, 960px\" \/><figcaption>Nyf\u00f8dt<\/figcaption><\/figure>\n\n\n\n<figure class=\"wp-block-image\"><img loading=\"lazy\" width=\"946\" height=\"960\" src=\"http:\/\/kichiko.net\/wp-content\/uploads\/2020\/09\/1.jpg\" alt=\"\" class=\"wp-image-3050\" srcset=\"https:\/\/kichiko.net\/wp-content\/uploads\/2020\/09\/1.jpg 946w, https:\/\/kichiko.net\/wp-content\/uploads\/2020\/09\/1-400x406.jpg 400w, https:\/\/kichiko.net\/wp-content\/uploads\/2020\/09\/1-768x779.jpg 768w\" sizes=\"(max-width: 946px) 100vw, 946px\" \/><figcaption>1 uke<br><\/figcaption><\/figure>\n\n\n\n<figure class=\"wp-block-image\"><img loading=\"lazy\" width=\"854\" height=\"960\" src=\"http:\/\/kichiko.net\/wp-content\/uploads\/2020\/10\/120735023_10158786707381241_3201347878112057046_n.jpg\" alt=\"\" class=\"wp-image-3068\" srcset=\"https:\/\/kichiko.net\/wp-content\/uploads\/2020\/10\/120735023_10158786707381241_3201347878112057046_n.jpg 854w, https:\/\/kichiko.net\/wp-content\/uploads\/2020\/10\/120735023_10158786707381241_3201347878112057046_n-400x450.jpg 400w, https:\/\/kichiko.net\/wp-content\/uploads\/2020\/10\/120735023_10158786707381241_3201347878112057046_n-768x863.jpg 768w\" sizes=\"(max-width: 854px) 100vw, 854px\" \/><figcaption>2 uker <br><\/figcaption><\/figure>\n\n\n\n<figure class=\"wp-block-image\"><img loading=\"lazy\" width=\"922\" height=\"960\" src=\"http:\/\/kichiko.net\/wp-content\/uploads\/2020\/10\/H1-2.jpg\" alt=\"\" class=\"wp-image-3120\" srcset=\"https:\/\/kichiko.net\/wp-content\/uploads\/2020\/10\/H1-2.jpg 922w, https:\/\/kichiko.net\/wp-content\/uploads\/2020\/10\/H1-2-400x416.jpg 400w, https:\/\/kichiko.net\/wp-content\/uploads\/2020\/10\/H1-2-768x800.jpg 768w\" sizes=\"(max-width: 922px) 100vw, 922px\" \/><figcaption>3 uker<br><\/figcaption><\/figure>\n\n\n\n<figure class=\"wp-block-image\"><img loading=\"lazy\" width=\"626\" height=\"960\" src=\"http:\/\/kichiko.net\/wp-content\/uploads\/2020\/10\/h1.jpg\" alt=\"\" class=\"wp-image-3186\" srcset=\"https:\/\/kichiko.net\/wp-content\/uploads\/2020\/10\/h1.jpg 626w, https:\/\/kichiko.net\/wp-content\/uploads\/2020\/10\/h1-391x600.jpg 391w\" sizes=\"(max-width: 626px) 100vw, 626px\" \/><figcaption>4 uker<br><\/figcaption><\/figure>\n\n\n\n<figure class=\"wp-block-image\"><img loading=\"lazy\" width=\"742\" height=\"960\" src=\"http:\/\/kichiko.net\/wp-content\/uploads\/2020\/10\/h1-2.jpg\" alt=\"\" class=\"wp-image-3239\" srcset=\"https:\/\/kichiko.net\/wp-content\/uploads\/2020\/10\/h1-2.jpg 742w, https:\/\/kichiko.net\/wp-content\/uploads\/2020\/10\/h1-2-400x518.jpg 400w\" sizes=\"(max-width: 742px) 100vw, 742px\" \/><figcaption>5 uker<br><\/figcaption><\/figure>\n\n\n\n<figure class=\"wp-block-image\"><img loading=\"lazy\" width=\"726\" height=\"960\" src=\"http:\/\/kichiko.net\/wp-content\/uploads\/2020\/11\/h1-1.jpg\" alt=\"\" class=\"wp-image-3277\" srcset=\"https:\/\/kichiko.net\/wp-content\/uploads\/2020\/11\/h1-1.jpg 726w, https:\/\/kichiko.net\/wp-content\/uploads\/2020\/11\/h1-1-400x529.jpg 400w\" sizes=\"(max-width: 726px) 100vw, 726px\" \/><figcaption>6 uker<br><\/figcaption><\/figure>\n\n\n\n<figure class=\"wp-block-image\"><img loading=\"lazy\" width=\"728\" height=\"960\" src=\"http:\/\/kichiko.net\/wp-content\/uploads\/2020\/11\/h1-3.jpg\" alt=\"\" class=\"wp-image-3315\" srcset=\"https:\/\/kichiko.net\/wp-content\/uploads\/2020\/11\/h1-3.jpg 728w, https:\/\/kichiko.net\/wp-content\/uploads\/2020\/11\/h1-3-400x527.jpg 400w\" sizes=\"(max-width: 728px) 100vw, 728px\" \/><figcaption>7 uker<br><\/figcaption><\/figure>\n\n\n\n<figure class=\"wp-block-image\"><img loading=\"lazy\" width=\"720\" height=\"960\" src=\"http:\/\/kichiko.net\/wp-content\/uploads\/2020\/11\/125147513_10158896633131241_1450087094420860525_n.jpg\" alt=\"\" class=\"wp-image-3316\" srcset=\"https:\/\/kichiko.net\/wp-content\/uploads\/2020\/11\/125147513_10158896633131241_1450087094420860525_n.jpg 720w, https:\/\/kichiko.net\/wp-content\/uploads\/2020\/11\/125147513_10158896633131241_1450087094420860525_n-400x533.jpg 400w\" sizes=\"(max-width: 720px) 100vw, 720px\" \/><figcaption>Sniff med sine nye eiere<\/figcaption><\/figure>\n","protected":false},"excerpt":{"rendered":"<p>Kl. 21:30. Nr.1 ble en r\u00f8d hann som veide 270 gr.&nbsp;&nbsp;Han fikk navnet : Kichiko`s&nbsp; A Mighty Kind Of Magic . Nick : SniffRase : ShibaKj\u00f8nn : HannFarge : R\u00f8dF\u00f8dt : 20\/9-2020Reg.nr : NO58067\/20HD : C\/CAD : 0\/0Patella : 0\/0\u00d8yenlyst : Intet p\u00e5vist Eier :&nbsp;Susanne Steen og Ola Morset, Kristiansand<\/p>\n","protected":false},"author":2,"featured_media":0,"parent":3033,"menu_order":1,"comment_status":"closed","ping_status":"closed","template":"","meta":[],"_links":{"self":[{"href":"https:\/\/kichiko.net\/index.php?rest_route=\/wp\/v2\/pages\/3038"}],"collection":[{"href":"https:\/\/kichiko.net\/index.php?rest_route=\/wp\/v2\/pages"}],"about":[{"href":"https:\/\/kichiko.net\/index.php?rest_route=\/wp\/v2\/types\/page"}],"author":[{"embeddable":true,"href":"https:\/\/kichiko.net\/index.php?rest_route=\/wp\/v2\/users\/2"}],"replies":[{"embeddable":true,"href":"https:\/\/kichiko.net\/index.php?rest_route=%2Fwp%2Fv2%2Fcomments&post=3038"}],"version-history":[{"count":13,"href":"https:\/\/kichiko.net\/index.php?rest_route=\/wp\/v2\/pages\/3038\/revisions"}],"predecessor-version":[{"id":3864,"href":"https:\/\/kichiko.net\/index.php?rest_route=\/wp\/v2\/pages\/3038\/revisions\/3864"}],"up":[{"embeddable":true,"href":"https:\/\/kichiko.net\/index.php?rest_route=\/wp\/v2\/pages\/3033"}],"wp:attachment":[{"href":"https:\/\/kichiko.net\/index.php?rest_route=%2Fwp%2Fv2%2Fmedia&parent=3038"}],"curies":[{"name":"wp","href":"https:\/\/api.w.org\/{rel}","templated":true}]}}