{"id":2843,"date":"2020-06-21T17:55:22","date_gmt":"2020-06-21T16:55:22","guid":{"rendered":"http:\/\/kichiko.net\/?page_id=2843"},"modified":"2021-10-18T19:46:27","modified_gmt":"2021-10-18T18:46:27","slug":"kichikos-y-2","status":"publish","type":"page","link":"https:\/\/kichiko.net\/?page_id=2843","title":{"rendered":"Yasei Hime"},"content":{"rendered":"\n<p>Kl. 00:20 . Nr.2 ble en r\u00f8d tispe som veide 215 gr.&nbsp;&nbsp;Hun fikk navnet : Kichiko`s&nbsp; Yasei Hime. Det betyr Vill Prinsesse<\/p>\n\n\n\n<p>Nick : Saga<br>Rase : Shiba<br>Kj\u00f8nn : Tispe<br>Farge : R\u00f8d<br>F\u00f8dt : 20\/6-2020<br>Reg.nr : NO49263\/20<br>HD : A\/A<br>AD : 0\/0<\/p>\n\n\n\n<p>Eier :&nbsp;Ellen Nina Buckhardt Werpen, Lier<\/p>\n\n\n\n<figure class=\"wp-block-image\"><img loading=\"lazy\" width=\"804\" height=\"960\" src=\"http:\/\/kichiko.net\/wp-content\/uploads\/2020\/06\/104600525_10158461640536241_967117143527091995_n.jpg\" alt=\"\" class=\"wp-image-2862\" srcset=\"https:\/\/kichiko.net\/wp-content\/uploads\/2020\/06\/104600525_10158461640536241_967117143527091995_n.jpg 804w, https:\/\/kichiko.net\/wp-content\/uploads\/2020\/06\/104600525_10158461640536241_967117143527091995_n-400x478.jpg 400w, https:\/\/kichiko.net\/wp-content\/uploads\/2020\/06\/104600525_10158461640536241_967117143527091995_n-768x917.jpg 768w\" sizes=\"(max-width: 804px) 100vw, 804px\" \/><figcaption>Nyf\u00f8dt<br><\/figcaption><\/figure>\n\n\n\n<figure class=\"wp-block-image\"><img loading=\"lazy\" width=\"1024\" height=\"981\" src=\"http:\/\/kichiko.net\/wp-content\/uploads\/2020\/06\/IMG_1934-2-1024x981.jpg\" alt=\"\" class=\"wp-image-2872\" srcset=\"https:\/\/kichiko.net\/wp-content\/uploads\/2020\/06\/IMG_1934-2-1024x981.jpg 1024w, https:\/\/kichiko.net\/wp-content\/uploads\/2020\/06\/IMG_1934-2-400x383.jpg 400w, https:\/\/kichiko.net\/wp-content\/uploads\/2020\/06\/IMG_1934-2-768x736.jpg 768w, https:\/\/kichiko.net\/wp-content\/uploads\/2020\/06\/IMG_1934-2.jpg 2020w\" sizes=\"(max-width: 1024px) 100vw, 1024px\" \/><figcaption>1 uke <br><\/figcaption><\/figure>\n\n\n\n<figure class=\"wp-block-image\"><img loading=\"lazy\" width=\"1007\" height=\"1024\" src=\"http:\/\/kichiko.net\/wp-content\/uploads\/2020\/07\/IMG_1951-2-1007x1024.jpg\" alt=\"\" class=\"wp-image-2886\" srcset=\"https:\/\/kichiko.net\/wp-content\/uploads\/2020\/07\/IMG_1951-2-1007x1024.jpg 1007w, https:\/\/kichiko.net\/wp-content\/uploads\/2020\/07\/IMG_1951-2-400x407.jpg 400w, https:\/\/kichiko.net\/wp-content\/uploads\/2020\/07\/IMG_1951-2-768x781.jpg 768w, https:\/\/kichiko.net\/wp-content\/uploads\/2020\/07\/IMG_1951-2.jpg 1630w\" sizes=\"(max-width: 1007px) 100vw, 1007px\" \/><figcaption>2 uker<br><\/figcaption><\/figure>\n\n\n\n<figure class=\"wp-block-image\"><img loading=\"lazy\" width=\"1024\" height=\"972\" src=\"http:\/\/kichiko.net\/wp-content\/uploads\/2020\/07\/IMG_1992-2-1024x972.jpg\" alt=\"\" class=\"wp-image-2897\" srcset=\"https:\/\/kichiko.net\/wp-content\/uploads\/2020\/07\/IMG_1992-2-1024x972.jpg 1024w, https:\/\/kichiko.net\/wp-content\/uploads\/2020\/07\/IMG_1992-2-400x380.jpg 400w, https:\/\/kichiko.net\/wp-content\/uploads\/2020\/07\/IMG_1992-2-768x729.jpg 768w\" sizes=\"(max-width: 1024px) 100vw, 1024px\" \/><figcaption>3 uker <br><\/figcaption><\/figure>\n\n\n\n<figure class=\"wp-block-image\"><img loading=\"lazy\" width=\"934\" height=\"1024\" src=\"http:\/\/kichiko.net\/wp-content\/uploads\/2020\/07\/IMG_2019-2-934x1024.jpg\" alt=\"\" class=\"wp-image-2908\" srcset=\"https:\/\/kichiko.net\/wp-content\/uploads\/2020\/07\/IMG_2019-2-934x1024.jpg 934w, https:\/\/kichiko.net\/wp-content\/uploads\/2020\/07\/IMG_2019-2-400x439.jpg 400w, https:\/\/kichiko.net\/wp-content\/uploads\/2020\/07\/IMG_2019-2-768x842.jpg 768w, https:\/\/kichiko.net\/wp-content\/uploads\/2020\/07\/IMG_2019-2.jpg 1900w\" sizes=\"(max-width: 934px) 100vw, 934px\" \/><figcaption>4 uker <br><\/figcaption><\/figure>\n\n\n\n<figure class=\"wp-block-image\"><img loading=\"lazy\" width=\"923\" height=\"1024\" src=\"http:\/\/kichiko.net\/wp-content\/uploads\/2020\/07\/IMG_2049-2-923x1024.jpg\" alt=\"\" class=\"wp-image-2922\" srcset=\"https:\/\/kichiko.net\/wp-content\/uploads\/2020\/07\/IMG_2049-2-923x1024.jpg 923w, https:\/\/kichiko.net\/wp-content\/uploads\/2020\/07\/IMG_2049-2-400x444.jpg 400w, https:\/\/kichiko.net\/wp-content\/uploads\/2020\/07\/IMG_2049-2-768x852.jpg 768w, https:\/\/kichiko.net\/wp-content\/uploads\/2020\/07\/IMG_2049-2.jpg 1733w\" sizes=\"(max-width: 923px) 100vw, 923px\" \/><figcaption>5 uker<br><\/figcaption><\/figure>\n\n\n\n<figure class=\"wp-block-image\"><img loading=\"lazy\" width=\"663\" height=\"1024\" src=\"http:\/\/kichiko.net\/wp-content\/uploads\/2020\/08\/IMG_2065-2-663x1024.jpg\" alt=\"\" class=\"wp-image-2938\" srcset=\"https:\/\/kichiko.net\/wp-content\/uploads\/2020\/08\/IMG_2065-2-663x1024.jpg 663w, https:\/\/kichiko.net\/wp-content\/uploads\/2020\/08\/IMG_2065-2-389x600.jpg 389w, https:\/\/kichiko.net\/wp-content\/uploads\/2020\/08\/IMG_2065-2-768x1186.jpg 768w, https:\/\/kichiko.net\/wp-content\/uploads\/2020\/08\/IMG_2065-2.jpg 1417w\" sizes=\"(max-width: 663px) 100vw, 663px\" \/><figcaption>6 uker<br><\/figcaption><\/figure>\n\n\n\n<figure class=\"wp-block-image\"><img loading=\"lazy\" width=\"758\" height=\"1024\" src=\"http:\/\/kichiko.net\/wp-content\/uploads\/2020\/08\/IMG_2074-2-758x1024.jpg\" alt=\"\" class=\"wp-image-2945\" srcset=\"https:\/\/kichiko.net\/wp-content\/uploads\/2020\/08\/IMG_2074-2-758x1024.jpg 758w, https:\/\/kichiko.net\/wp-content\/uploads\/2020\/08\/IMG_2074-2-400x540.jpg 400w, https:\/\/kichiko.net\/wp-content\/uploads\/2020\/08\/IMG_2074-2-768x1037.jpg 768w, https:\/\/kichiko.net\/wp-content\/uploads\/2020\/08\/IMG_2074-2.jpg 1277w\" sizes=\"(max-width: 758px) 100vw, 758px\" \/><figcaption>7 uker<br><\/figcaption><\/figure>\n\n\n\n<figure class=\"wp-block-image\"><img loading=\"lazy\" width=\"1024\" height=\"977\" src=\"http:\/\/kichiko.net\/wp-content\/uploads\/2020\/08\/IMG_2097-2-1024x977.jpg\" alt=\"\" class=\"wp-image-2946\" srcset=\"https:\/\/kichiko.net\/wp-content\/uploads\/2020\/08\/IMG_2097-2-1024x977.jpg 1024w, https:\/\/kichiko.net\/wp-content\/uploads\/2020\/08\/IMG_2097-2-400x381.jpg 400w, https:\/\/kichiko.net\/wp-content\/uploads\/2020\/08\/IMG_2097-2-768x732.jpg 768w\" sizes=\"(max-width: 1024px) 100vw, 1024px\" \/><figcaption>Saga med sine stolte eiere<\/figcaption><\/figure>\n","protected":false},"excerpt":{"rendered":"<p>Kl. 00:20 . Nr.2 ble en r\u00f8d tispe som veide 215 gr.&nbsp;&nbsp;Hun fikk navnet : Kichiko`s&nbsp; Yasei Hime. Det betyr Vill Prinsesse Nick : SagaRase : ShibaKj\u00f8nn : TispeFarge : R\u00f8dF\u00f8dt : 20\/6-2020Reg.nr : NO49263\/20HD : A\/AAD : 0\/0 Eier :&nbsp;Ellen Nina Buckhardt Werpen, Lier<\/p>\n","protected":false},"author":2,"featured_media":0,"parent":2839,"menu_order":2,"comment_status":"closed","ping_status":"closed","template":"","meta":[],"_links":{"self":[{"href":"https:\/\/kichiko.net\/index.php?rest_route=\/wp\/v2\/pages\/2843"}],"collection":[{"href":"https:\/\/kichiko.net\/index.php?rest_route=\/wp\/v2\/pages"}],"about":[{"href":"https:\/\/kichiko.net\/index.php?rest_route=\/wp\/v2\/types\/page"}],"author":[{"embeddable":true,"href":"https:\/\/kichiko.net\/index.php?rest_route=\/wp\/v2\/users\/2"}],"replies":[{"embeddable":true,"href":"https:\/\/kichiko.net\/index.php?rest_route=%2Fwp%2Fv2%2Fcomments&post=2843"}],"version-history":[{"count":12,"href":"https:\/\/kichiko.net\/index.php?rest_route=\/wp\/v2\/pages\/2843\/revisions"}],"predecessor-version":[{"id":3858,"href":"https:\/\/kichiko.net\/index.php?rest_route=\/wp\/v2\/pages\/2843\/revisions\/3858"}],"up":[{"embeddable":true,"href":"https:\/\/kichiko.net\/index.php?rest_route=\/wp\/v2\/pages\/2839"}],"wp:attachment":[{"href":"https:\/\/kichiko.net\/index.php?rest_route=%2Fwp%2Fv2%2Fmedia&parent=2843"}],"curies":[{"name":"wp","href":"https:\/\/api.w.org\/{rel}","templated":true}]}}