{"id":2417,"date":"2019-11-05T22:56:48","date_gmt":"2019-11-05T21:56:48","guid":{"rendered":"http:\/\/kichiko.net\/?page_id=2417"},"modified":"2020-11-24T19:54:41","modified_gmt":"2020-11-24T18:54:41","slug":"kichikos-v","status":"publish","type":"page","link":"https:\/\/kichiko.net\/?page_id=2417","title":{"rendered":"Valuable CallHimWhatever"},"content":{"rendered":"\n<p>Kl. 13:30 . Nr.1 ble en r\u00f8d hann som veide 280 gr.&nbsp;&nbsp;Han fikk navnet : Kichiko`s&nbsp; Valuable CallHimWhatever. Det betyr : Verdifull &laquo;kall han hva enn&raquo; <\/p>\n\n\n\n<p>Nick : Isko<br>Rase : Shiba<br>Kj\u00f8nn : Hann<br>Farge : R\u00f8d<br>F\u00f8dt : 5\/11-2019<br>Reg.nr : NO59444\/19<br>HD : B\/B<br>AD : 0\/0<br>Patella :\u00a0<\/p>\n\n\n\n<p>Eier :&nbsp;Marte Waldussen Skogheim, Dilling<\/p>\n\n\n\n<figure class=\"wp-block-image\"><img loading=\"lazy\" width=\"742\" height=\"960\" src=\"http:\/\/kichiko.net\/wp-content\/uploads\/2019\/11\/75625238_10157668794201241_411945298500255744_n.jpg\" alt=\"\" class=\"wp-image-2432\" srcset=\"https:\/\/kichiko.net\/wp-content\/uploads\/2019\/11\/75625238_10157668794201241_411945298500255744_n.jpg 742w, https:\/\/kichiko.net\/wp-content\/uploads\/2019\/11\/75625238_10157668794201241_411945298500255744_n-400x518.jpg 400w\" sizes=\"(max-width: 742px) 100vw, 742px\" \/><figcaption>Nyf\u00f8dt<br><\/figcaption><\/figure>\n\n\n\n<figure class=\"wp-block-image\"><img loading=\"lazy\" width=\"1024\" height=\"727\" src=\"http:\/\/kichiko.net\/wp-content\/uploads\/2019\/11\/IMG_1123-1-1024x727.jpg\" alt=\"\" class=\"wp-image-2451\" srcset=\"https:\/\/kichiko.net\/wp-content\/uploads\/2019\/11\/IMG_1123-1-1024x727.jpg 1024w, https:\/\/kichiko.net\/wp-content\/uploads\/2019\/11\/IMG_1123-1-400x284.jpg 400w, https:\/\/kichiko.net\/wp-content\/uploads\/2019\/11\/IMG_1123-1-768x545.jpg 768w\" sizes=\"(max-width: 1024px) 100vw, 1024px\" \/><figcaption>1 uke <br><\/figcaption><\/figure>\n\n\n\n<figure class=\"wp-block-image\"><img loading=\"lazy\" width=\"1024\" height=\"817\" src=\"http:\/\/kichiko.net\/wp-content\/uploads\/2019\/11\/IMG_1149-1024x817.jpg\" alt=\"\" class=\"wp-image-2469\" srcset=\"https:\/\/kichiko.net\/wp-content\/uploads\/2019\/11\/IMG_1149-1024x817.jpg 1024w, https:\/\/kichiko.net\/wp-content\/uploads\/2019\/11\/IMG_1149-400x319.jpg 400w, https:\/\/kichiko.net\/wp-content\/uploads\/2019\/11\/IMG_1149-768x613.jpg 768w\" sizes=\"(max-width: 1024px) 100vw, 1024px\" \/><figcaption>2 uker<br><\/figcaption><\/figure>\n\n\n\n<figure class=\"wp-block-image\"><img loading=\"lazy\" width=\"1010\" height=\"1024\" src=\"http:\/\/kichiko.net\/wp-content\/uploads\/2019\/11\/IMG_1182-1010x1024.jpg\" alt=\"\" class=\"wp-image-2481\" srcset=\"https:\/\/kichiko.net\/wp-content\/uploads\/2019\/11\/IMG_1182-1010x1024.jpg 1010w, https:\/\/kichiko.net\/wp-content\/uploads\/2019\/11\/IMG_1182-400x406.jpg 400w, https:\/\/kichiko.net\/wp-content\/uploads\/2019\/11\/IMG_1182-768x779.jpg 768w, https:\/\/kichiko.net\/wp-content\/uploads\/2019\/11\/IMG_1182.jpg 1903w\" sizes=\"(max-width: 1010px) 100vw, 1010px\" \/><figcaption>3 uker<br><\/figcaption><\/figure>\n\n\n\n<figure class=\"wp-block-image\"><img loading=\"lazy\" width=\"1024\" height=\"930\" src=\"http:\/\/kichiko.net\/wp-content\/uploads\/2019\/12\/IMG_1310-1024x930.jpg\" alt=\"\" class=\"wp-image-2500\" srcset=\"https:\/\/kichiko.net\/wp-content\/uploads\/2019\/12\/IMG_1310-1024x930.jpg 1024w, https:\/\/kichiko.net\/wp-content\/uploads\/2019\/12\/IMG_1310-400x363.jpg 400w, https:\/\/kichiko.net\/wp-content\/uploads\/2019\/12\/IMG_1310-768x698.jpg 768w\" sizes=\"(max-width: 1024px) 100vw, 1024px\" \/><figcaption>4 uker<\/figcaption><\/figure>\n\n\n\n<figure class=\"wp-block-image\"><img loading=\"lazy\" width=\"1024\" height=\"946\" src=\"http:\/\/kichiko.net\/wp-content\/uploads\/2019\/12\/IMG_1332-1024x946.jpg\" alt=\"\" class=\"wp-image-2512\" srcset=\"https:\/\/kichiko.net\/wp-content\/uploads\/2019\/12\/IMG_1332-1024x946.jpg 1024w, https:\/\/kichiko.net\/wp-content\/uploads\/2019\/12\/IMG_1332-400x370.jpg 400w, https:\/\/kichiko.net\/wp-content\/uploads\/2019\/12\/IMG_1332-768x710.jpg 768w, https:\/\/kichiko.net\/wp-content\/uploads\/2019\/12\/IMG_1332.jpg 1684w\" sizes=\"(max-width: 1024px) 100vw, 1024px\" \/><figcaption>5 uker<br><\/figcaption><\/figure>\n\n\n\n<figure class=\"wp-block-image\"><img loading=\"lazy\" width=\"744\" height=\"1024\" src=\"http:\/\/kichiko.net\/wp-content\/uploads\/2019\/12\/IMG_1368-744x1024.jpg\" alt=\"\" class=\"wp-image-2537\" srcset=\"https:\/\/kichiko.net\/wp-content\/uploads\/2019\/12\/IMG_1368-744x1024.jpg 744w, https:\/\/kichiko.net\/wp-content\/uploads\/2019\/12\/IMG_1368-400x550.jpg 400w, https:\/\/kichiko.net\/wp-content\/uploads\/2019\/12\/IMG_1368-768x1057.jpg 768w, https:\/\/kichiko.net\/wp-content\/uploads\/2019\/12\/IMG_1368.jpg 1386w\" sizes=\"(max-width: 744px) 100vw, 744px\" \/><figcaption>6 uker <br><\/figcaption><\/figure>\n\n\n\n<figure class=\"wp-block-image\"><img loading=\"lazy\" width=\"644\" height=\"1024\" src=\"http:\/\/kichiko.net\/wp-content\/uploads\/2019\/12\/IMG_1451-644x1024.jpg\" alt=\"\" class=\"wp-image-2549\" srcset=\"https:\/\/kichiko.net\/wp-content\/uploads\/2019\/12\/IMG_1451-644x1024.jpg 644w, https:\/\/kichiko.net\/wp-content\/uploads\/2019\/12\/IMG_1451-377x600.jpg 377w, https:\/\/kichiko.net\/wp-content\/uploads\/2019\/12\/IMG_1451-768x1222.jpg 768w, https:\/\/kichiko.net\/wp-content\/uploads\/2019\/12\/IMG_1451.jpg 1263w\" sizes=\"(max-width: 644px) 100vw, 644px\" \/><figcaption>7 uker<br><\/figcaption><\/figure>\n\n\n\n<figure class=\"wp-block-image\"><img loading=\"lazy\" width=\"777\" height=\"1024\" src=\"http:\/\/kichiko.net\/wp-content\/uploads\/2019\/12\/IMG_1511-777x1024.jpg\" alt=\"\" class=\"wp-image-2588\" srcset=\"https:\/\/kichiko.net\/wp-content\/uploads\/2019\/12\/IMG_1511-777x1024.jpg 777w, https:\/\/kichiko.net\/wp-content\/uploads\/2019\/12\/IMG_1511-400x527.jpg 400w, https:\/\/kichiko.net\/wp-content\/uploads\/2019\/12\/IMG_1511-768x1012.jpg 768w, https:\/\/kichiko.net\/wp-content\/uploads\/2019\/12\/IMG_1511.jpg 1631w\" sizes=\"(max-width: 777px) 100vw, 777px\" \/><figcaption>8 uker<br><\/figcaption><\/figure>\n\n\n\n<figure class=\"wp-block-image\"><img loading=\"lazy\" width=\"1024\" height=\"940\" src=\"http:\/\/kichiko.net\/wp-content\/uploads\/2019\/12\/IMG_1549-1024x940.jpg\" alt=\"\" class=\"wp-image-2596\" srcset=\"https:\/\/kichiko.net\/wp-content\/uploads\/2019\/12\/IMG_1549-1024x940.jpg 1024w, https:\/\/kichiko.net\/wp-content\/uploads\/2019\/12\/IMG_1549-400x367.jpg 400w, https:\/\/kichiko.net\/wp-content\/uploads\/2019\/12\/IMG_1549-768x705.jpg 768w\" sizes=\"(max-width: 1024px) 100vw, 1024px\" \/><figcaption>Isko med sine nye eiere, Marte og Christian<\/figcaption><\/figure>\n","protected":false},"excerpt":{"rendered":"<p>Kl. 13:30 . Nr.1 ble en r\u00f8d hann som veide 280 gr.&nbsp;&nbsp;Han fikk navnet : Kichiko`s&nbsp; Valuable CallHimWhatever. Det betyr : Verdifull &laquo;kall han hva enn&raquo; Nick : IskoRase : ShibaKj\u00f8nn : HannFarge : R\u00f8dF\u00f8dt : 5\/11-2019Reg.nr : NO59444\/19HD : B\/BAD : 0\/0Patella :\u00a0 Eier :&nbsp;Marte Waldussen Skogheim, Dilling<\/p>\n","protected":false},"author":2,"featured_media":0,"parent":2415,"menu_order":1,"comment_status":"closed","ping_status":"closed","template":"","meta":[],"_links":{"self":[{"href":"https:\/\/kichiko.net\/index.php?rest_route=\/wp\/v2\/pages\/2417"}],"collection":[{"href":"https:\/\/kichiko.net\/index.php?rest_route=\/wp\/v2\/pages"}],"about":[{"href":"https:\/\/kichiko.net\/index.php?rest_route=\/wp\/v2\/types\/page"}],"author":[{"embeddable":true,"href":"https:\/\/kichiko.net\/index.php?rest_route=\/wp\/v2\/users\/2"}],"replies":[{"embeddable":true,"href":"https:\/\/kichiko.net\/index.php?rest_route=%2Fwp%2Fv2%2Fcomments&post=2417"}],"version-history":[{"count":15,"href":"https:\/\/kichiko.net\/index.php?rest_route=\/wp\/v2\/pages\/2417\/revisions"}],"predecessor-version":[{"id":3345,"href":"https:\/\/kichiko.net\/index.php?rest_route=\/wp\/v2\/pages\/2417\/revisions\/3345"}],"up":[{"embeddable":true,"href":"https:\/\/kichiko.net\/index.php?rest_route=\/wp\/v2\/pages\/2415"}],"wp:attachment":[{"href":"https:\/\/kichiko.net\/index.php?rest_route=%2Fwp%2Fv2%2Fmedia&parent=2417"}],"curies":[{"name":"wp","href":"https:\/\/api.w.org\/{rel}","templated":true}]}}