{"id":2394,"date":"2019-10-14T13:20:03","date_gmt":"2019-10-14T12:20:03","guid":{"rendered":"http:\/\/kichiko.net\/?page_id=2394"},"modified":"2025-05-11T21:34:33","modified_gmt":"2025-05-11T20:34:33","slug":"momo","status":"publish","type":"page","link":"https:\/\/kichiko.net\/?page_id=2394","title":{"rendered":"Momo"},"content":{"rendered":"\n<figure class=\"wp-block-image size-large\"><img loading=\"lazy\" width=\"1024\" height=\"647\" src=\"https:\/\/kichiko.net\/wp-content\/uploads\/2024\/08\/Momo-ny-1024x647.jpg\" alt=\"\" class=\"wp-image-5390\" srcset=\"https:\/\/kichiko.net\/wp-content\/uploads\/2024\/08\/Momo-ny-1024x647.jpg 1024w, https:\/\/kichiko.net\/wp-content\/uploads\/2024\/08\/Momo-ny-400x253.jpg 400w, https:\/\/kichiko.net\/wp-content\/uploads\/2024\/08\/Momo-ny-768x485.jpg 768w, https:\/\/kichiko.net\/wp-content\/uploads\/2024\/08\/Momo-ny-1536x971.jpg 1536w, https:\/\/kichiko.net\/wp-content\/uploads\/2024\/08\/Momo-ny.jpg 2048w\" sizes=\"(max-width: 1024px) 100vw, 1024px\" \/><figcaption>Momo, bildet  tatt august 2024<\/figcaption><\/figure>\n\n\n\n<p>Navn :&nbsp; Momoka Go Watanabe<br>Nick :&nbsp;Momo<br>Rase : Shiba<br>Kj\u00f8nn: Tispe<br>Farge : R\u00f8d<br>F\u00f8dt: 3\/3-2018<br>Reg.nr :&nbsp;JKC-JS-07533\/19-0, NP\/H31-4309<br>Oppdretter : Shoji Watanabe, Minamibososhi, Japan<br>HD : A\/A<br>Patella: 0\/0<br>\u00d8yenlyst: Intet p\u00e5vist<br>Bitt : Korrekt og fulltannet<br><\/p>\n\n\n\n<figure class=\"wp-block-image\"><img loading=\"lazy\" width=\"960\" height=\"675\" src=\"http:\/\/kichiko.net\/wp-content\/uploads\/2019\/10\/Momo.jpg\" alt=\"\" class=\"wp-image-2399\" srcset=\"https:\/\/kichiko.net\/wp-content\/uploads\/2019\/10\/Momo.jpg 960w, https:\/\/kichiko.net\/wp-content\/uploads\/2019\/10\/Momo-400x281.jpg 400w, https:\/\/kichiko.net\/wp-content\/uploads\/2019\/10\/Momo-768x540.jpg 768w\" sizes=\"(max-width: 960px) 100vw, 960px\" \/><\/figure>\n","protected":false},"excerpt":{"rendered":"<p>Navn :&nbsp; Momoka Go WatanabeNick :&nbsp;MomoRase : ShibaKj\u00f8nn: TispeFarge : R\u00f8dF\u00f8dt: 3\/3-2018Reg.nr :&nbsp;JKC-JS-07533\/19-0, NP\/H31-4309Oppdretter : Shoji Watanabe, Minamibososhi, JapanHD : A\/APatella: 0\/0\u00d8yenlyst: Intet p\u00e5vistBitt : Korrekt og fulltannet<\/p>\n","protected":false},"author":2,"featured_media":0,"parent":2015,"menu_order":22,"comment_status":"closed","ping_status":"closed","template":"","meta":[],"_links":{"self":[{"href":"https:\/\/kichiko.net\/index.php?rest_route=\/wp\/v2\/pages\/2394"}],"collection":[{"href":"https:\/\/kichiko.net\/index.php?rest_route=\/wp\/v2\/pages"}],"about":[{"href":"https:\/\/kichiko.net\/index.php?rest_route=\/wp\/v2\/types\/page"}],"author":[{"embeddable":true,"href":"https:\/\/kichiko.net\/index.php?rest_route=\/wp\/v2\/users\/2"}],"replies":[{"embeddable":true,"href":"https:\/\/kichiko.net\/index.php?rest_route=%2Fwp%2Fv2%2Fcomments&post=2394"}],"version-history":[{"count":9,"href":"https:\/\/kichiko.net\/index.php?rest_route=\/wp\/v2\/pages\/2394\/revisions"}],"predecessor-version":[{"id":5391,"href":"https:\/\/kichiko.net\/index.php?rest_route=\/wp\/v2\/pages\/2394\/revisions\/5391"}],"up":[{"embeddable":true,"href":"https:\/\/kichiko.net\/index.php?rest_route=\/wp\/v2\/pages\/2015"}],"wp:attachment":[{"href":"https:\/\/kichiko.net\/index.php?rest_route=%2Fwp%2Fv2%2Fmedia&parent=2394"}],"curies":[{"name":"wp","href":"https:\/\/api.w.org\/{rel}","templated":true}]}}