{"id":200,"date":"2016-10-02T21:01:51","date_gmt":"2016-10-02T20:01:51","guid":{"rendered":"http:\/\/kichiko.net\/?page_id=200"},"modified":"2017-09-18T19:30:29","modified_gmt":"2017-09-18T18:30:29","slug":"ji-asahi","status":"publish","type":"page","link":"https:\/\/kichiko.net\/?page_id=200","title":{"rendered":"Ji Asahi"},"content":{"rendered":"<p>&nbsp;<\/p>\n<p>Kl. 07:00 ble det f\u00f8dt en hann p\u00e5 216 gram. Han fikk navnet Kichiko`s Ji Asahi som betyr naturlig soloppgang<\/p>\n<hr \/>\n<p>Nick : Max<br \/>\nRase : Shiba<br \/>\nKj\u00f8nn : Hann<br \/>\nFarge : R\u00f8d<br \/>\nF\u00f8dt : 16\/8-2016<br \/>\nReg.nr : NO 51205\/16<br \/>\nHD : A<br \/>\nAD : 0<br \/>\nPatella :<br \/>\nBitt:<br \/>\nEier: Mirjam Nathalie Arnesen og Stian Tingelholm, Tistedal<\/p>\n<div id=\"attachment_631\" style=\"width: 410px\" class=\"wp-caption aligncenter\"><img aria-describedby=\"caption-attachment-631\" loading=\"lazy\" class=\"size-medium wp-image-631\" src=\"http:\/\/kichiko.net\/wp-content\/uploads\/2016\/10\/HJEA-400x392.jpg\" alt=\"1 uke\" width=\"400\" height=\"392\" srcset=\"https:\/\/kichiko.net\/wp-content\/uploads\/2016\/10\/HJEA-400x392.jpg 400w, https:\/\/kichiko.net\/wp-content\/uploads\/2016\/10\/HJEA-768x752.jpg 768w, https:\/\/kichiko.net\/wp-content\/uploads\/2016\/10\/HJEA-1024x1003.jpg 1024w, https:\/\/kichiko.net\/wp-content\/uploads\/2016\/10\/HJEA.jpg 1280w\" sizes=\"(max-width: 400px) 100vw, 400px\" \/><p id=\"caption-attachment-631\" class=\"wp-caption-text\">1 uke<\/p><\/div>\n<div id=\"attachment_209\" style=\"width: 410px\" class=\"wp-caption aligncenter\"><img aria-describedby=\"caption-attachment-209\" loading=\"lazy\" class=\" wp-image-209\" src=\"http:\/\/kichiko.net\/wp-content\/uploads\/2016\/10\/2-254x300.jpg\" alt=\"6 uker \" width=\"400\" height=\"472\" srcset=\"https:\/\/kichiko.net\/wp-content\/uploads\/2016\/10\/2-254x300.jpg 254w, https:\/\/kichiko.net\/wp-content\/uploads\/2016\/10\/2-768x908.jpg 768w, https:\/\/kichiko.net\/wp-content\/uploads\/2016\/10\/2-866x1024.jpg 866w, https:\/\/kichiko.net\/wp-content\/uploads\/2016\/10\/2.jpg 1715w\" sizes=\"(max-width: 400px) 100vw, 400px\" \/><p id=\"caption-attachment-209\" class=\"wp-caption-text\">6 uker<\/p><\/div>\n<div id=\"attachment_669\" style=\"width: 410px\" class=\"wp-caption aligncenter\"><img aria-describedby=\"caption-attachment-669\" loading=\"lazy\" class=\"size-medium wp-image-669\" src=\"http:\/\/kichiko.net\/wp-content\/uploads\/2016\/09\/Asahi-400x512.jpg\" alt=\"7 uker\" width=\"400\" height=\"512\" srcset=\"https:\/\/kichiko.net\/wp-content\/uploads\/2016\/09\/Asahi-400x512.jpg 400w, https:\/\/kichiko.net\/wp-content\/uploads\/2016\/09\/Asahi.jpg 750w\" sizes=\"(max-width: 400px) 100vw, 400px\" \/><p id=\"caption-attachment-669\" class=\"wp-caption-text\">7 uker<\/p><\/div>\n<div id=\"attachment_745\" style=\"width: 410px\" class=\"wp-caption aligncenter\"><img aria-describedby=\"caption-attachment-745\" loading=\"lazy\" class=\"size-medium wp-image-745\" src=\"http:\/\/kichiko.net\/wp-content\/uploads\/2016\/09\/14656237_10154587954606241_4702368711491697612_n-400x352.jpg\" alt=\"8 uker\" width=\"400\" height=\"352\" srcset=\"https:\/\/kichiko.net\/wp-content\/uploads\/2016\/09\/14656237_10154587954606241_4702368711491697612_n-400x352.jpg 400w, https:\/\/kichiko.net\/wp-content\/uploads\/2016\/09\/14656237_10154587954606241_4702368711491697612_n-768x676.jpg 768w, https:\/\/kichiko.net\/wp-content\/uploads\/2016\/09\/14656237_10154587954606241_4702368711491697612_n.jpg 960w\" sizes=\"(max-width: 400px) 100vw, 400px\" \/><p id=\"caption-attachment-745\" class=\"wp-caption-text\">8 uker<\/p><\/div>\n<div id=\"attachment_789\" style=\"width: 410px\" class=\"wp-caption aligncenter\"><img aria-describedby=\"caption-attachment-789\" loading=\"lazy\" class=\"size-medium wp-image-789\" src=\"http:\/\/kichiko.net\/wp-content\/uploads\/2016\/09\/14563474_10154594899596241_480311091770065525_n-400x459.jpg\" alt=\"Max med sine nye eiere, Mirjam og Stian\" width=\"400\" height=\"459\" srcset=\"https:\/\/kichiko.net\/wp-content\/uploads\/2016\/09\/14563474_10154594899596241_480311091770065525_n-400x459.jpg 400w, https:\/\/kichiko.net\/wp-content\/uploads\/2016\/09\/14563474_10154594899596241_480311091770065525_n-768x881.jpg 768w, https:\/\/kichiko.net\/wp-content\/uploads\/2016\/09\/14563474_10154594899596241_480311091770065525_n.jpg 837w\" sizes=\"(max-width: 400px) 100vw, 400px\" \/><p id=\"caption-attachment-789\" class=\"wp-caption-text\">Max med sine nye eiere, Mirjam og Stian<\/p><\/div>\n<p>&nbsp;<\/p>\n<div id=\"attachment_1057\" style=\"width: 281px\" class=\"wp-caption aligncenter\"><img aria-describedby=\"caption-attachment-1057\" loading=\"lazy\" class=\"size-full wp-image-1057\" src=\"http:\/\/kichiko.net\/wp-content\/uploads\/2017\/05\/MAX.jpg\" alt=\"Max. 1 \u00e5r \" width=\"271\" height=\"480\" \/><p id=\"caption-attachment-1057\" class=\"wp-caption-text\">Max. 1 \u00e5r<\/p><\/div>\n","protected":false},"excerpt":{"rendered":"<p>&nbsp; Kl. 07:00 ble det f\u00f8dt en hann p\u00e5 216 gram. Han fikk navnet Kichiko`s Ji Asahi som betyr naturlig soloppgang Nick : Max Rase : Shiba Kj\u00f8nn : Hann Farge : R\u00f8d F\u00f8dt : 16\/8-2016 Reg.nr : NO 51205\/16 HD : A AD : 0 Patella : Bitt: Eier: Mirjam Nathalie Arnesen og Stian [&hellip;]<\/p>\n","protected":false},"author":2,"featured_media":0,"parent":135,"menu_order":0,"comment_status":"closed","ping_status":"closed","template":"","meta":[],"_links":{"self":[{"href":"https:\/\/kichiko.net\/index.php?rest_route=\/wp\/v2\/pages\/200"}],"collection":[{"href":"https:\/\/kichiko.net\/index.php?rest_route=\/wp\/v2\/pages"}],"about":[{"href":"https:\/\/kichiko.net\/index.php?rest_route=\/wp\/v2\/types\/page"}],"author":[{"embeddable":true,"href":"https:\/\/kichiko.net\/index.php?rest_route=\/wp\/v2\/users\/2"}],"replies":[{"embeddable":true,"href":"https:\/\/kichiko.net\/index.php?rest_route=%2Fwp%2Fv2%2Fcomments&post=200"}],"version-history":[{"count":11,"href":"https:\/\/kichiko.net\/index.php?rest_route=\/wp\/v2\/pages\/200\/revisions"}],"predecessor-version":[{"id":1090,"href":"https:\/\/kichiko.net\/index.php?rest_route=\/wp\/v2\/pages\/200\/revisions\/1090"}],"up":[{"embeddable":true,"href":"https:\/\/kichiko.net\/index.php?rest_route=\/wp\/v2\/pages\/135"}],"wp:attachment":[{"href":"https:\/\/kichiko.net\/index.php?rest_route=%2Fwp%2Fv2%2Fmedia&parent=200"}],"curies":[{"name":"wp","href":"https:\/\/api.w.org\/{rel}","templated":true}]}}