{"id":1679,"date":"2018-09-05T21:43:13","date_gmt":"2018-09-05T20:43:13","guid":{"rendered":"http:\/\/kichiko.net\/?page_id=1679"},"modified":"2019-09-24T15:04:40","modified_gmt":"2019-09-24T14:04:40","slug":"kichikos-s-3","status":"publish","type":"page","link":"https:\/\/kichiko.net\/?page_id=1679","title":{"rendered":"Souken Amai Sakura"},"content":{"rendered":"<p>Kl.\u00a018:01 . Nr.2 ble en r\u00f8d tispe som veide 260 gr.\u00a0\u00a0<span class=\"rtb4\">Hun fikk navnet : Kichiko`s\u00a0 Souken Amai Sakura. Det betyr : Sterk\/kraftig S\u00f8t Kirseb\u00e6rblomst<\/span><\/p>\n<div class=\"tmpMainPicBox\">\n<div class=\"tmpMainPicSubBox\">\n<div class=\"tmpMainRich\">\n<p><span class=\"rtb4\">Nick : Freia<br \/>\nRase : Shiba<br \/>\nKj\u00f8nn :\u00a0Tispe<br \/>\nFarge : R\u00f8d<br \/>\nF\u00f8dt : 9\/9-2018<br \/>\nReg.nr : NO54510\/18<br \/>\nHD : A\/B<br \/>\nAD : 0\/0<br \/>\nPatella : 0\/0<br \/>\n<\/span><span class=\"rtb4\">\u00d8yenlyst: Intet p\u00e5vist<br \/>\n<\/span>Bitt: Korrekt og fulltannet<\/p>\n<p><strong><span class=\"rtb4\"><br \/>\n<\/span><\/strong><span class=\"rtb4\">Eiere : Kristine Elene Schyttelvik-Rundhaug og Hilde Schyttelvik<\/span><\/p>\n<div id=\"attachment_1712\" style=\"width: 410px\" class=\"wp-caption alignnone\"><img aria-describedby=\"caption-attachment-1712\" loading=\"lazy\" class=\"size-medium wp-image-1712\" src=\"http:\/\/kichiko.net\/wp-content\/uploads\/2018\/09\/Tispe-400x425.jpg\" alt=\"Nyf\u00f8dt\" width=\"400\" height=\"425\" srcset=\"https:\/\/kichiko.net\/wp-content\/uploads\/2018\/09\/Tispe-400x425.jpg 400w, https:\/\/kichiko.net\/wp-content\/uploads\/2018\/09\/Tispe-768x816.jpg 768w, https:\/\/kichiko.net\/wp-content\/uploads\/2018\/09\/Tispe.jpg 904w\" sizes=\"(max-width: 400px) 100vw, 400px\" \/><p id=\"caption-attachment-1712\" class=\"wp-caption-text\">Nyf\u00f8dt<\/p><\/div>\n<div id=\"attachment_1737\" style=\"width: 410px\" class=\"wp-caption alignnone\"><img aria-describedby=\"caption-attachment-1737\" loading=\"lazy\" class=\"size-medium wp-image-1737\" src=\"http:\/\/kichiko.net\/wp-content\/uploads\/2018\/09\/IMG_0021-400x325.jpg\" alt=\"1 uke \" width=\"400\" height=\"325\" srcset=\"https:\/\/kichiko.net\/wp-content\/uploads\/2018\/09\/IMG_0021-400x325.jpg 400w, https:\/\/kichiko.net\/wp-content\/uploads\/2018\/09\/IMG_0021-768x624.jpg 768w, https:\/\/kichiko.net\/wp-content\/uploads\/2018\/09\/IMG_0021-1024x832.jpg 1024w\" sizes=\"(max-width: 400px) 100vw, 400px\" \/><p id=\"caption-attachment-1737\" class=\"wp-caption-text\">1 uke<\/p><\/div>\n<div id=\"attachment_1767\" style=\"width: 410px\" class=\"wp-caption alignnone\"><img aria-describedby=\"caption-attachment-1767\" loading=\"lazy\" class=\"size-medium wp-image-1767\" src=\"http:\/\/kichiko.net\/wp-content\/uploads\/2018\/09\/IMG_0067-400x390.jpg\" alt=\"2 uker\" width=\"400\" height=\"390\" srcset=\"https:\/\/kichiko.net\/wp-content\/uploads\/2018\/09\/IMG_0067-400x390.jpg 400w, https:\/\/kichiko.net\/wp-content\/uploads\/2018\/09\/IMG_0067-768x749.jpg 768w, https:\/\/kichiko.net\/wp-content\/uploads\/2018\/09\/IMG_0067-1024x998.jpg 1024w, https:\/\/kichiko.net\/wp-content\/uploads\/2018\/09\/IMG_0067.jpg 1681w\" sizes=\"(max-width: 400px) 100vw, 400px\" \/><p id=\"caption-attachment-1767\" class=\"wp-caption-text\">2 uker<\/p><\/div>\n<div id=\"attachment_1796\" style=\"width: 410px\" class=\"wp-caption alignnone\"><img aria-describedby=\"caption-attachment-1796\" loading=\"lazy\" class=\"size-medium wp-image-1796\" src=\"http:\/\/kichiko.net\/wp-content\/uploads\/2018\/09\/IMG_0154-400x406.jpg\" alt=\"3 uker\" width=\"400\" height=\"406\" srcset=\"https:\/\/kichiko.net\/wp-content\/uploads\/2018\/09\/IMG_0154-400x406.jpg 400w, https:\/\/kichiko.net\/wp-content\/uploads\/2018\/09\/IMG_0154-768x779.jpg 768w, https:\/\/kichiko.net\/wp-content\/uploads\/2018\/09\/IMG_0154-1009x1024.jpg 1009w, https:\/\/kichiko.net\/wp-content\/uploads\/2018\/09\/IMG_0154.jpg 1617w\" sizes=\"(max-width: 400px) 100vw, 400px\" \/><p id=\"caption-attachment-1796\" class=\"wp-caption-text\">3 uker<\/p><\/div>\n<div id=\"attachment_1823\" style=\"width: 410px\" class=\"wp-caption alignnone\"><img aria-describedby=\"caption-attachment-1823\" loading=\"lazy\" class=\"size-medium wp-image-1823\" src=\"http:\/\/kichiko.net\/wp-content\/uploads\/2018\/09\/IMG_0246-400x361.jpg\" alt=\"4 uker\" width=\"400\" height=\"361\" srcset=\"https:\/\/kichiko.net\/wp-content\/uploads\/2018\/09\/IMG_0246-400x361.jpg 400w, https:\/\/kichiko.net\/wp-content\/uploads\/2018\/09\/IMG_0246-768x694.jpg 768w, https:\/\/kichiko.net\/wp-content\/uploads\/2018\/09\/IMG_0246-1024x925.jpg 1024w, https:\/\/kichiko.net\/wp-content\/uploads\/2018\/09\/IMG_0246.jpg 1531w\" sizes=\"(max-width: 400px) 100vw, 400px\" \/><p id=\"caption-attachment-1823\" class=\"wp-caption-text\">4 uker<\/p><\/div>\n<div id=\"attachment_1876\" style=\"width: 410px\" class=\"wp-caption alignnone\"><img aria-describedby=\"caption-attachment-1876\" loading=\"lazy\" class=\"size-medium wp-image-1876\" src=\"http:\/\/kichiko.net\/wp-content\/uploads\/2018\/09\/IMG_0348-400x482.jpg\" alt=\"6 uker\" width=\"400\" height=\"482\" srcset=\"https:\/\/kichiko.net\/wp-content\/uploads\/2018\/09\/IMG_0348-400x482.jpg 400w, https:\/\/kichiko.net\/wp-content\/uploads\/2018\/09\/IMG_0348-768x926.jpg 768w, https:\/\/kichiko.net\/wp-content\/uploads\/2018\/09\/IMG_0348-849x1024.jpg 849w, https:\/\/kichiko.net\/wp-content\/uploads\/2018\/09\/IMG_0348.jpg 1448w\" sizes=\"(max-width: 400px) 100vw, 400px\" \/><p id=\"caption-attachment-1876\" class=\"wp-caption-text\">5 uker<\/p><\/div>\n<div id=\"attachment_1903\" style=\"width: 410px\" class=\"wp-caption alignnone\"><img aria-describedby=\"caption-attachment-1903\" loading=\"lazy\" class=\"size-medium wp-image-1903\" src=\"http:\/\/kichiko.net\/wp-content\/uploads\/2018\/09\/IMG_0413-400x502.jpg\" alt=\"6 uker\" width=\"400\" height=\"502\" srcset=\"https:\/\/kichiko.net\/wp-content\/uploads\/2018\/09\/IMG_0413-400x502.jpg 400w, https:\/\/kichiko.net\/wp-content\/uploads\/2018\/09\/IMG_0413-768x963.jpg 768w, https:\/\/kichiko.net\/wp-content\/uploads\/2018\/09\/IMG_0413-816x1024.jpg 816w, https:\/\/kichiko.net\/wp-content\/uploads\/2018\/09\/IMG_0413.jpg 1517w\" sizes=\"(max-width: 400px) 100vw, 400px\" \/><p id=\"caption-attachment-1903\" class=\"wp-caption-text\">6 uker<\/p><\/div>\n<div id=\"attachment_1939\" style=\"width: 410px\" class=\"wp-caption alignnone\"><img aria-describedby=\"caption-attachment-1939\" loading=\"lazy\" class=\"size-medium wp-image-1939\" src=\"http:\/\/kichiko.net\/wp-content\/uploads\/2018\/09\/IMG_0558-400x464.jpg\" alt=\"7 uker\" width=\"400\" height=\"464\" srcset=\"https:\/\/kichiko.net\/wp-content\/uploads\/2018\/09\/IMG_0558-400x464.jpg 400w, https:\/\/kichiko.net\/wp-content\/uploads\/2018\/09\/IMG_0558-768x891.jpg 768w, https:\/\/kichiko.net\/wp-content\/uploads\/2018\/09\/IMG_0558-883x1024.jpg 883w, https:\/\/kichiko.net\/wp-content\/uploads\/2018\/09\/IMG_0558.jpg 1852w\" sizes=\"(max-width: 400px) 100vw, 400px\" \/><p id=\"caption-attachment-1939\" class=\"wp-caption-text\">7 uker<\/p><\/div>\n<p><img loading=\"lazy\" class=\"alignnone size-medium wp-image-1974\" src=\"http:\/\/kichiko.net\/wp-content\/uploads\/2018\/09\/45322488_10156737392166241_4417008065866366976_n-400x533.jpg\" alt=\"45322488_10156737392166241_4417008065866366976_n\" width=\"400\" height=\"533\" srcset=\"https:\/\/kichiko.net\/wp-content\/uploads\/2018\/09\/45322488_10156737392166241_4417008065866366976_n-400x533.jpg 400w, https:\/\/kichiko.net\/wp-content\/uploads\/2018\/09\/45322488_10156737392166241_4417008065866366976_n.jpg 720w\" sizes=\"(max-width: 400px) 100vw, 400px\" \/><\/p>\n<\/div>\n<\/div>\n<\/div>\n","protected":false},"excerpt":{"rendered":"<p>Kl.\u00a018:01 . Nr.2 ble en r\u00f8d tispe som veide 260 gr.\u00a0\u00a0Hun fikk navnet : Kichiko`s\u00a0 Souken Amai Sakura. Det betyr : Sterk\/kraftig S\u00f8t Kirseb\u00e6rblomst Nick : Freia Rase : Shiba Kj\u00f8nn :\u00a0Tispe Farge : R\u00f8d F\u00f8dt : 9\/9-2018 Reg.nr : NO54510\/18 HD : A\/B AD : 0\/0 Patella : 0\/0 \u00d8yenlyst: Intet p\u00e5vist Bitt: Korrekt [&hellip;]<\/p>\n","protected":false},"author":2,"featured_media":0,"parent":1673,"menu_order":3,"comment_status":"closed","ping_status":"closed","template":"","meta":[],"_links":{"self":[{"href":"https:\/\/kichiko.net\/index.php?rest_route=\/wp\/v2\/pages\/1679"}],"collection":[{"href":"https:\/\/kichiko.net\/index.php?rest_route=\/wp\/v2\/pages"}],"about":[{"href":"https:\/\/kichiko.net\/index.php?rest_route=\/wp\/v2\/types\/page"}],"author":[{"embeddable":true,"href":"https:\/\/kichiko.net\/index.php?rest_route=\/wp\/v2\/users\/2"}],"replies":[{"embeddable":true,"href":"https:\/\/kichiko.net\/index.php?rest_route=%2Fwp%2Fv2%2Fcomments&post=1679"}],"version-history":[{"count":19,"href":"https:\/\/kichiko.net\/index.php?rest_route=\/wp\/v2\/pages\/1679\/revisions"}],"predecessor-version":[{"id":2347,"href":"https:\/\/kichiko.net\/index.php?rest_route=\/wp\/v2\/pages\/1679\/revisions\/2347"}],"up":[{"embeddable":true,"href":"https:\/\/kichiko.net\/index.php?rest_route=\/wp\/v2\/pages\/1673"}],"wp:attachment":[{"href":"https:\/\/kichiko.net\/index.php?rest_route=%2Fwp%2Fv2%2Fmedia&parent=1679"}],"curies":[{"name":"wp","href":"https:\/\/api.w.org\/{rel}","templated":true}]}}