{"id":1646,"date":"2018-09-01T13:43:15","date_gmt":"2018-09-01T12:43:15","guid":{"rendered":"http:\/\/kichiko.net\/?page_id=1646"},"modified":"2020-10-07T09:03:48","modified_gmt":"2020-10-07T08:03:48","slug":"kichikos-q-3","status":"publish","type":"page","link":"https:\/\/kichiko.net\/?page_id=1646","title":{"rendered":"Quite Arai Tetsu Ryu"},"content":{"rendered":"<p>Kl. 21:45 Nr 3\u00a0 ble en r\u00f8d\u00a0hann som veide\u00a0175 gr.\u00a0\u00a0<span class=\"rtb4\">Han fikk navnet : Kichiko`s\u00a0 Quite Arai Tetsu Ryu. Det betyr : Ganske Vill Jerngutt<\/span><\/p>\n<p>Nick: Tetsu\/ Ernst\/ Leo<br \/>\nRase : Shiba<br \/>\nKj\u00f8nn : Hann<br \/>\nFarge : R\u00f8d<br \/>\nF\u00f8dt :\u00a031\/8-2018<br \/>\nReg.nr : NO54501\/18<\/p>\n<div class=\"tmpMainPicBox\">\n<div class=\"tmpMainPicSubBox\">\n<div class=\"tmpMainRich\">\n<p><span class=\"rtb4\"> HD : A\/A<br \/>\nAD : 0\/0<br \/>\n<\/span><\/p>\n<p><span class=\"rtb4\">Eiere : Joakim Ernst \u00d8verland Sch\u00f8ning og Mari H Sundby, Lahell<\/span><\/p>\n<div id=\"attachment_1640\" style=\"width: 410px\" class=\"wp-caption alignnone\"><img aria-describedby=\"caption-attachment-1640\" loading=\"lazy\" class=\"size-medium wp-image-1640\" src=\"http:\/\/kichiko.net\/wp-content\/uploads\/2018\/08\/3-400x533.jpg\" alt=\"Nyf\u00f8dt\" width=\"400\" height=\"533\" srcset=\"https:\/\/kichiko.net\/wp-content\/uploads\/2018\/08\/3-400x533.jpg 400w, https:\/\/kichiko.net\/wp-content\/uploads\/2018\/08\/3-768x1024.jpg 768w, https:\/\/kichiko.net\/wp-content\/uploads\/2018\/08\/3.jpg 1536w\" sizes=\"(max-width: 400px) 100vw, 400px\" \/><p id=\"caption-attachment-1640\" class=\"wp-caption-text\">Nyf\u00f8dt<\/p><\/div>\n<div id=\"attachment_1693\" style=\"width: 410px\" class=\"wp-caption alignnone\"><img aria-describedby=\"caption-attachment-1693\" loading=\"lazy\" class=\"size-medium wp-image-1693\" src=\"http:\/\/kichiko.net\/wp-content\/uploads\/2018\/08\/IMG_9939-2-400x323.jpg\" alt=\"1 uke \" width=\"400\" height=\"323\" srcset=\"https:\/\/kichiko.net\/wp-content\/uploads\/2018\/08\/IMG_9939-2-400x323.jpg 400w, https:\/\/kichiko.net\/wp-content\/uploads\/2018\/08\/IMG_9939-2-768x620.jpg 768w, https:\/\/kichiko.net\/wp-content\/uploads\/2018\/08\/IMG_9939-2-1024x827.jpg 1024w, https:\/\/kichiko.net\/wp-content\/uploads\/2018\/08\/IMG_9939-2.jpg 1972w\" sizes=\"(max-width: 400px) 100vw, 400px\" \/><p id=\"caption-attachment-1693\" class=\"wp-caption-text\">1 uke<\/p><\/div>\n<div id=\"attachment_1726\" style=\"width: 410px\" class=\"wp-caption alignnone\"><img aria-describedby=\"caption-attachment-1726\" loading=\"lazy\" class=\"size-medium wp-image-1726\" src=\"http:\/\/kichiko.net\/wp-content\/uploads\/2018\/09\/IMG_9961-400x339.jpg\" alt=\"2 uker\" width=\"400\" height=\"339\" srcset=\"https:\/\/kichiko.net\/wp-content\/uploads\/2018\/09\/IMG_9961-400x339.jpg 400w, https:\/\/kichiko.net\/wp-content\/uploads\/2018\/09\/IMG_9961-768x650.jpg 768w, https:\/\/kichiko.net\/wp-content\/uploads\/2018\/09\/IMG_9961-1024x867.jpg 1024w\" sizes=\"(max-width: 400px) 100vw, 400px\" \/><p id=\"caption-attachment-1726\" class=\"wp-caption-text\">2 uker<\/p><\/div>\n<div id=\"attachment_1753\" style=\"width: 410px\" class=\"wp-caption alignnone\"><img aria-describedby=\"caption-attachment-1753\" loading=\"lazy\" class=\"size-medium wp-image-1753\" src=\"http:\/\/kichiko.net\/wp-content\/uploads\/2018\/09\/IMG_0035-400x344.jpg\" alt=\"3 uker\" width=\"400\" height=\"344\" srcset=\"https:\/\/kichiko.net\/wp-content\/uploads\/2018\/09\/IMG_0035-400x344.jpg 400w, https:\/\/kichiko.net\/wp-content\/uploads\/2018\/09\/IMG_0035-768x660.jpg 768w, https:\/\/kichiko.net\/wp-content\/uploads\/2018\/09\/IMG_0035-1024x879.jpg 1024w, https:\/\/kichiko.net\/wp-content\/uploads\/2018\/09\/IMG_0035.jpg 1891w\" sizes=\"(max-width: 400px) 100vw, 400px\" \/><p id=\"caption-attachment-1753\" class=\"wp-caption-text\">3 uker<\/p><\/div>\n<div id=\"attachment_1780\" style=\"width: 410px\" class=\"wp-caption alignnone\"><img aria-describedby=\"caption-attachment-1780\" loading=\"lazy\" class=\"size-medium wp-image-1780\" src=\"http:\/\/kichiko.net\/wp-content\/uploads\/2018\/08\/IMG_0092-400x343.jpg\" alt=\"4 uker\" width=\"400\" height=\"343\" srcset=\"https:\/\/kichiko.net\/wp-content\/uploads\/2018\/08\/IMG_0092-400x343.jpg 400w, https:\/\/kichiko.net\/wp-content\/uploads\/2018\/08\/IMG_0092-768x658.jpg 768w, https:\/\/kichiko.net\/wp-content\/uploads\/2018\/08\/IMG_0092-1024x877.jpg 1024w, https:\/\/kichiko.net\/wp-content\/uploads\/2018\/08\/IMG_0092.jpg 1772w\" sizes=\"(max-width: 400px) 100vw, 400px\" \/><p id=\"caption-attachment-1780\" class=\"wp-caption-text\">4 uker<\/p><\/div>\n<div id=\"attachment_1809\" style=\"width: 410px\" class=\"wp-caption alignnone\"><img aria-describedby=\"caption-attachment-1809\" loading=\"lazy\" class=\"size-medium wp-image-1809\" src=\"http:\/\/kichiko.net\/wp-content\/uploads\/2018\/08\/IMG_0195-400x371.jpg\" alt=\"5 uker\" width=\"400\" height=\"371\" srcset=\"https:\/\/kichiko.net\/wp-content\/uploads\/2018\/08\/IMG_0195-400x371.jpg 400w, https:\/\/kichiko.net\/wp-content\/uploads\/2018\/08\/IMG_0195-768x713.jpg 768w, https:\/\/kichiko.net\/wp-content\/uploads\/2018\/08\/IMG_0195-1024x950.jpg 1024w, https:\/\/kichiko.net\/wp-content\/uploads\/2018\/08\/IMG_0195.jpg 1985w\" sizes=\"(max-width: 400px) 100vw, 400px\" \/><p id=\"caption-attachment-1809\" class=\"wp-caption-text\">5 uker<\/p><\/div>\n<div id=\"attachment_1862\" style=\"width: 410px\" class=\"wp-caption alignnone\"><img aria-describedby=\"caption-attachment-1862\" loading=\"lazy\" class=\"size-medium wp-image-1862\" src=\"http:\/\/kichiko.net\/wp-content\/uploads\/2018\/08\/IMG_0319-400x534.jpg\" alt=\"6 uker\" width=\"400\" height=\"534\" srcset=\"https:\/\/kichiko.net\/wp-content\/uploads\/2018\/08\/IMG_0319-400x534.jpg 400w, https:\/\/kichiko.net\/wp-content\/uploads\/2018\/08\/IMG_0319-768x1024.jpg 768w, https:\/\/kichiko.net\/wp-content\/uploads\/2018\/08\/IMG_0319.jpg 1480w\" sizes=\"(max-width: 400px) 100vw, 400px\" \/><p id=\"caption-attachment-1862\" class=\"wp-caption-text\">6 uker<\/p><\/div>\n<div id=\"attachment_1888\" style=\"width: 410px\" class=\"wp-caption alignnone\"><img aria-describedby=\"caption-attachment-1888\" loading=\"lazy\" class=\"size-medium wp-image-1888\" src=\"http:\/\/kichiko.net\/wp-content\/uploads\/2018\/08\/IMG_0378-400x511.jpg\" alt=\"7 uker\" width=\"400\" height=\"511\" srcset=\"https:\/\/kichiko.net\/wp-content\/uploads\/2018\/08\/IMG_0378-400x511.jpg 400w, https:\/\/kichiko.net\/wp-content\/uploads\/2018\/08\/IMG_0378-768x982.jpg 768w, https:\/\/kichiko.net\/wp-content\/uploads\/2018\/08\/IMG_0378-801x1024.jpg 801w, https:\/\/kichiko.net\/wp-content\/uploads\/2018\/08\/IMG_0378.jpg 1502w\" sizes=\"(max-width: 400px) 100vw, 400px\" \/><p id=\"caption-attachment-1888\" class=\"wp-caption-text\">7 uker<\/p><\/div>\n<div id=\"attachment_1917\" style=\"width: 410px\" class=\"wp-caption alignnone\"><img aria-describedby=\"caption-attachment-1917\" loading=\"lazy\" class=\"size-medium wp-image-1917\" src=\"http:\/\/kichiko.net\/wp-content\/uploads\/2018\/09\/IMG_0544-400x388.jpg\" alt=\"Tetsu med sine nye eiere, Mari og Joakim\" width=\"400\" height=\"388\" srcset=\"https:\/\/kichiko.net\/wp-content\/uploads\/2018\/09\/IMG_0544-400x388.jpg 400w, https:\/\/kichiko.net\/wp-content\/uploads\/2018\/09\/IMG_0544-768x745.jpg 768w, https:\/\/kichiko.net\/wp-content\/uploads\/2018\/09\/IMG_0544-1024x994.jpg 1024w, https:\/\/kichiko.net\/wp-content\/uploads\/2018\/09\/IMG_0544.jpg 2043w\" sizes=\"(max-width: 400px) 100vw, 400px\" \/><p id=\"caption-attachment-1917\" class=\"wp-caption-text\">Tetsu med sine nye eiere, Mari og Joakim<\/p><\/div>\n<\/div>\n<\/div>\n<\/div>\n","protected":false},"excerpt":{"rendered":"<p>Kl. 21:45 Nr 3\u00a0 ble en r\u00f8d\u00a0hann som veide\u00a0175 gr.\u00a0\u00a0Han fikk navnet : Kichiko`s\u00a0 Quite Arai Tetsu Ryu. Det betyr : Ganske Vill Jerngutt Nick: Tetsu\/ Ernst\/ Leo Rase : Shiba Kj\u00f8nn : Hann Farge : R\u00f8d F\u00f8dt :\u00a031\/8-2018 Reg.nr : NO54501\/18 HD : A\/A AD : 0\/0 Eiere : Joakim Ernst \u00d8verland Sch\u00f8ning og [&hellip;]<\/p>\n","protected":false},"author":2,"featured_media":0,"parent":1624,"menu_order":4,"comment_status":"closed","ping_status":"closed","template":"","meta":[],"_links":{"self":[{"href":"https:\/\/kichiko.net\/index.php?rest_route=\/wp\/v2\/pages\/1646"}],"collection":[{"href":"https:\/\/kichiko.net\/index.php?rest_route=\/wp\/v2\/pages"}],"about":[{"href":"https:\/\/kichiko.net\/index.php?rest_route=\/wp\/v2\/types\/page"}],"author":[{"embeddable":true,"href":"https:\/\/kichiko.net\/index.php?rest_route=\/wp\/v2\/users\/2"}],"replies":[{"embeddable":true,"href":"https:\/\/kichiko.net\/index.php?rest_route=%2Fwp%2Fv2%2Fcomments&post=1646"}],"version-history":[{"count":18,"href":"https:\/\/kichiko.net\/index.php?rest_route=\/wp\/v2\/pages\/1646\/revisions"}],"predecessor-version":[{"id":3099,"href":"https:\/\/kichiko.net\/index.php?rest_route=\/wp\/v2\/pages\/1646\/revisions\/3099"}],"up":[{"embeddable":true,"href":"https:\/\/kichiko.net\/index.php?rest_route=\/wp\/v2\/pages\/1624"}],"wp:attachment":[{"href":"https:\/\/kichiko.net\/index.php?rest_route=%2Fwp%2Fv2%2Fmedia&parent=1646"}],"curies":[{"name":"wp","href":"https:\/\/api.w.org\/{rel}","templated":true}]}}