{"id":1398,"date":"2018-03-16T22:17:44","date_gmt":"2018-03-16T21:17:44","guid":{"rendered":"http:\/\/kichiko.net\/?page_id=1398"},"modified":"2019-07-13T21:57:59","modified_gmt":"2019-07-13T20:57:59","slug":"1398-2","status":"publish","type":"page","link":"https:\/\/kichiko.net\/?page_id=1398","title":{"rendered":"Okumo Kyoudai"},"content":{"rendered":"<p>Kl. 13:30 . Nr.2 ble en r\u00f8d hann som veide 215 gr.&nbsp;&nbsp;<span class=\"rtb4\">Han fikk navnet : Kichiko`s&nbsp; Okumo Kyoudai som betyr Kongelig Bror<\/span><\/p>\n<div class=\"tmpMainPicBox\">\n<div class=\"tmpMainPicSubBox\">\n<div class=\"tmpMainRich\">\n<p><span class=\"rtb4\">Nick : Balder<br>Rase : Shiba<br>Kj\u00f8nn : Hann<br>Farge : R\u00f8d<br>F\u00f8dt : 16\/3-2018<br>Reg.nr : NO 38728\/18<br>HD : A\/A<br>AD : 0\/0<br><\/span><span class=\"rtb4\">\u00d8yenlyst :&nbsp; PHTVL\/PHPV grad 1<\/span><\/p>\n<p>Eier: Daniel Midtlid og Cathrine Gr\u00e6sdal Hansen, Skodje<\/p>\n<p>Premieringer: Valpeshow : 4 X HP, 3 X BIR, 1 X BIM, 1 X 4.BIG<\/p>\n<p>Premieringer Voksen: 2 X CK, 1 X CERT, 1 X BIR, 1 X 1.BIG<\/p>\n<p>Titler: Nordisk Valpevinner-18, Norsk Valpevinner-18 ( Uofisielle )<\/p>\n<p><div id=\"attachment_1394\" style=\"width: 410px\" class=\"wp-caption alignnone\"><img aria-describedby=\"caption-attachment-1394\" loading=\"lazy\" class=\"size-medium wp-image-1394\" src=\"http:\/\/kichiko.net\/wp-content\/uploads\/2018\/03\/29243988_10156158431006241_5870779889464639808_n-400x382.jpg\" alt=\"Nyf\u00f8dt\" width=\"400\" height=\"382\" srcset=\"https:\/\/kichiko.net\/wp-content\/uploads\/2018\/03\/29243988_10156158431006241_5870779889464639808_n-400x382.jpg 400w, https:\/\/kichiko.net\/wp-content\/uploads\/2018\/03\/29243988_10156158431006241_5870779889464639808_n-768x733.jpg 768w, https:\/\/kichiko.net\/wp-content\/uploads\/2018\/03\/29243988_10156158431006241_5870779889464639808_n.jpg 960w\" sizes=\"(max-width: 400px) 100vw, 400px\" \/><p id=\"caption-attachment-1394\" class=\"wp-caption-text\">Nyf\u00f8dt<\/p><\/div><br>\n<div id=\"attachment_1424\" style=\"width: 410px\" class=\"wp-caption alignnone\"><img aria-describedby=\"caption-attachment-1424\" loading=\"lazy\" class=\"size-medium wp-image-1424\" src=\"http:\/\/kichiko.net\/wp-content\/uploads\/2018\/03\/IMG_9466-400x462.jpg\" alt=\"1 uke \" width=\"400\" height=\"462\" srcset=\"https:\/\/kichiko.net\/wp-content\/uploads\/2018\/03\/IMG_9466-400x462.jpg 400w, https:\/\/kichiko.net\/wp-content\/uploads\/2018\/03\/IMG_9466-768x886.jpg 768w, https:\/\/kichiko.net\/wp-content\/uploads\/2018\/03\/IMG_9466-887x1024.jpg 887w, https:\/\/kichiko.net\/wp-content\/uploads\/2018\/03\/IMG_9466.jpg 1701w\" sizes=\"(max-width: 400px) 100vw, 400px\" \/><p id=\"caption-attachment-1424\" class=\"wp-caption-text\">1 uke<\/p><\/div><br>\n<div id=\"attachment_1439\" style=\"width: 410px\" class=\"wp-caption alignnone\"><img aria-describedby=\"caption-attachment-1439\" loading=\"lazy\" class=\"size-medium wp-image-1439\" src=\"http:\/\/kichiko.net\/wp-content\/uploads\/2018\/03\/IMG_9479-400x343.jpg\" alt=\"2 uker\" width=\"400\" height=\"343\" srcset=\"https:\/\/kichiko.net\/wp-content\/uploads\/2018\/03\/IMG_9479-400x343.jpg 400w, https:\/\/kichiko.net\/wp-content\/uploads\/2018\/03\/IMG_9479-768x659.jpg 768w, https:\/\/kichiko.net\/wp-content\/uploads\/2018\/03\/IMG_9479-1024x879.jpg 1024w\" sizes=\"(max-width: 400px) 100vw, 400px\" \/><p id=\"caption-attachment-1439\" class=\"wp-caption-text\">2 uker<\/p><\/div><br>\n<div id=\"attachment_1467\" style=\"width: 410px\" class=\"wp-caption alignnone\"><img aria-describedby=\"caption-attachment-1467\" loading=\"lazy\" class=\"size-medium wp-image-1467\" src=\"http:\/\/kichiko.net\/wp-content\/uploads\/2018\/03\/IMG_9520-400x411.jpg\" alt=\"3 uker\" width=\"400\" height=\"411\" srcset=\"https:\/\/kichiko.net\/wp-content\/uploads\/2018\/03\/IMG_9520-400x411.jpg 400w, https:\/\/kichiko.net\/wp-content\/uploads\/2018\/03\/IMG_9520-768x789.jpg 768w, https:\/\/kichiko.net\/wp-content\/uploads\/2018\/03\/IMG_9520-997x1024.jpg 997w, https:\/\/kichiko.net\/wp-content\/uploads\/2018\/03\/IMG_9520.jpg 1562w\" sizes=\"(max-width: 400px) 100vw, 400px\" \/><p id=\"caption-attachment-1467\" class=\"wp-caption-text\">3 uker<\/p><\/div><br>\n<div id=\"attachment_1480\" style=\"width: 410px\" class=\"wp-caption alignnone\"><img aria-describedby=\"caption-attachment-1480\" loading=\"lazy\" class=\"size-medium wp-image-1480\" src=\"http:\/\/kichiko.net\/wp-content\/uploads\/2018\/03\/IMG_9531-400x489.jpg\" alt=\"4 uker \" width=\"400\" height=\"489\" srcset=\"https:\/\/kichiko.net\/wp-content\/uploads\/2018\/03\/IMG_9531-400x489.jpg 400w, https:\/\/kichiko.net\/wp-content\/uploads\/2018\/03\/IMG_9531-768x938.jpg 768w, https:\/\/kichiko.net\/wp-content\/uploads\/2018\/03\/IMG_9531-838x1024.jpg 838w, https:\/\/kichiko.net\/wp-content\/uploads\/2018\/03\/IMG_9531.jpg 1649w\" sizes=\"(max-width: 400px) 100vw, 400px\" \/><p id=\"caption-attachment-1480\" class=\"wp-caption-text\">4 uker<\/p><\/div><br>\n<div id=\"attachment_1494\" style=\"width: 410px\" class=\"wp-caption alignnone\"><img aria-describedby=\"caption-attachment-1494\" loading=\"lazy\" class=\"size-medium wp-image-1494\" src=\"http:\/\/kichiko.net\/wp-content\/uploads\/2018\/03\/IMG_9573-400x403.jpg\" alt=\"5 uker\" width=\"400\" height=\"403\" srcset=\"https:\/\/kichiko.net\/wp-content\/uploads\/2018\/03\/IMG_9573-400x403.jpg 400w, https:\/\/kichiko.net\/wp-content\/uploads\/2018\/03\/IMG_9573-150x150.jpg 150w, https:\/\/kichiko.net\/wp-content\/uploads\/2018\/03\/IMG_9573-768x774.jpg 768w, https:\/\/kichiko.net\/wp-content\/uploads\/2018\/03\/IMG_9573-1016x1024.jpg 1016w, https:\/\/kichiko.net\/wp-content\/uploads\/2018\/03\/IMG_9573.jpg 1802w\" sizes=\"(max-width: 400px) 100vw, 400px\" \/><p id=\"caption-attachment-1494\" class=\"wp-caption-text\">5 uker<\/p><\/div><br>\n<div id=\"attachment_1513\" style=\"width: 410px\" class=\"wp-caption alignnone\"><img aria-describedby=\"caption-attachment-1513\" loading=\"lazy\" class=\"size-medium wp-image-1513\" src=\"http:\/\/kichiko.net\/wp-content\/uploads\/2018\/03\/IMG_9603-400x521.jpg\" alt=\"6 uker\" width=\"400\" height=\"521\" srcset=\"https:\/\/kichiko.net\/wp-content\/uploads\/2018\/03\/IMG_9603-400x521.jpg 400w, https:\/\/kichiko.net\/wp-content\/uploads\/2018\/03\/IMG_9603-768x1001.jpg 768w, https:\/\/kichiko.net\/wp-content\/uploads\/2018\/03\/IMG_9603-786x1024.jpg 786w, https:\/\/kichiko.net\/wp-content\/uploads\/2018\/03\/IMG_9603.jpg 1444w\" sizes=\"(max-width: 400px) 100vw, 400px\" \/><p id=\"caption-attachment-1513\" class=\"wp-caption-text\">6 uker<\/p><\/div><br>\n<div id=\"attachment_1527\" style=\"width: 410px\" class=\"wp-caption alignnone\"><img aria-describedby=\"caption-attachment-1527\" loading=\"lazy\" class=\"size-medium wp-image-1527\" src=\"http:\/\/kichiko.net\/wp-content\/uploads\/2018\/03\/IMG_9645-400x593.jpg\" alt=\"7 uker \" width=\"400\" height=\"593\" srcset=\"https:\/\/kichiko.net\/wp-content\/uploads\/2018\/03\/IMG_9645-400x593.jpg 400w, https:\/\/kichiko.net\/wp-content\/uploads\/2018\/03\/IMG_9645-768x1139.jpg 768w, https:\/\/kichiko.net\/wp-content\/uploads\/2018\/03\/IMG_9645-690x1024.jpg 690w, https:\/\/kichiko.net\/wp-content\/uploads\/2018\/03\/IMG_9645.jpg 1259w\" sizes=\"(max-width: 400px) 100vw, 400px\" \/><p id=\"caption-attachment-1527\" class=\"wp-caption-text\">7 uker<\/p><\/div><br>\n<div id=\"attachment_1521\" style=\"width: 410px\" class=\"wp-caption alignnone\"><img aria-describedby=\"caption-attachment-1521\" loading=\"lazy\" class=\"size-medium wp-image-1521\" src=\"http:\/\/kichiko.net\/wp-content\/uploads\/2018\/03\/IMG_9663-400x488.jpg\" alt=\"8 uker \" width=\"400\" height=\"488\" srcset=\"https:\/\/kichiko.net\/wp-content\/uploads\/2018\/03\/IMG_9663-400x488.jpg 400w, https:\/\/kichiko.net\/wp-content\/uploads\/2018\/03\/IMG_9663-768x937.jpg 768w, https:\/\/kichiko.net\/wp-content\/uploads\/2018\/03\/IMG_9663-839x1024.jpg 839w, https:\/\/kichiko.net\/wp-content\/uploads\/2018\/03\/IMG_9663.jpg 1624w\" sizes=\"(max-width: 400px) 100vw, 400px\" \/><p id=\"caption-attachment-1521\" class=\"wp-caption-text\">8 uker<\/p><\/div><br>\n<div id=\"attachment_1536\" style=\"width: 410px\" class=\"wp-caption alignnone\"><img aria-describedby=\"caption-attachment-1536\" loading=\"lazy\" class=\"size-medium wp-image-1536\" src=\"http:\/\/kichiko.net\/wp-content\/uploads\/2018\/03\/32349826_10156309611571241_2061854738990759936_n-400x386.jpg\" alt=\"Balder med sine nye eiere\" width=\"400\" height=\"386\" srcset=\"https:\/\/kichiko.net\/wp-content\/uploads\/2018\/03\/32349826_10156309611571241_2061854738990759936_n-400x386.jpg 400w, https:\/\/kichiko.net\/wp-content\/uploads\/2018\/03\/32349826_10156309611571241_2061854738990759936_n-768x741.jpg 768w, https:\/\/kichiko.net\/wp-content\/uploads\/2018\/03\/32349826_10156309611571241_2061854738990759936_n.jpg 960w\" sizes=\"(max-width: 400px) 100vw, 400px\" \/><p id=\"caption-attachment-1536\" class=\"wp-caption-text\">Balder med sine nye eiere<\/p><\/div><\/p>\n<p><img loading=\"lazy\" class=\"alignnone size-medium wp-image-1980\" src=\"http:\/\/kichiko.net\/wp-content\/uploads\/2018\/03\/Balder-valpeshow-400x400.jpg\" alt=\"Balder valpeshow\" width=\"400\" height=\"400\" srcset=\"https:\/\/kichiko.net\/wp-content\/uploads\/2018\/03\/Balder-valpeshow-400x400.jpg 400w, https:\/\/kichiko.net\/wp-content\/uploads\/2018\/03\/Balder-valpeshow-150x150.jpg 150w, https:\/\/kichiko.net\/wp-content\/uploads\/2018\/03\/Balder-valpeshow-768x768.jpg 768w, https:\/\/kichiko.net\/wp-content\/uploads\/2018\/03\/Balder-valpeshow-1024x1024.jpg 1024w, https:\/\/kichiko.net\/wp-content\/uploads\/2018\/03\/Balder-valpeshow.jpg 1762w\" sizes=\"(max-width: 400px) 100vw, 400px\" \/><\/p>\n<p><div id=\"attachment_1981\" style=\"width: 410px\" class=\"wp-caption alignnone\"><img aria-describedby=\"caption-attachment-1981\" loading=\"lazy\" class=\"size-medium wp-image-1981\" src=\"http:\/\/kichiko.net\/wp-content\/uploads\/2018\/03\/Balder-valpeshow1-400x354.jpg\" alt=\"BIR valp p\u00e5 Nordisk Vinner 2018\" width=\"400\" height=\"354\" srcset=\"https:\/\/kichiko.net\/wp-content\/uploads\/2018\/03\/Balder-valpeshow1-400x354.jpg 400w, https:\/\/kichiko.net\/wp-content\/uploads\/2018\/03\/Balder-valpeshow1-768x679.jpg 768w, https:\/\/kichiko.net\/wp-content\/uploads\/2018\/03\/Balder-valpeshow1-1024x905.jpg 1024w, https:\/\/kichiko.net\/wp-content\/uploads\/2018\/03\/Balder-valpeshow1.jpg 2048w\" sizes=\"(max-width: 400px) 100vw, 400px\" \/><p id=\"caption-attachment-1981\" class=\"wp-caption-text\">BIR valp p\u00e5 Nordisk Vinner 2018<\/p><\/div><br>\n<div id=\"attachment_1979\" style=\"width: 410px\" class=\"wp-caption alignnone\"><img aria-describedby=\"caption-attachment-1979\" loading=\"lazy\" class=\"size-medium wp-image-1979\" src=\"http:\/\/kichiko.net\/wp-content\/uploads\/2018\/03\/Balder-valpeshow22-400x400.jpg\" alt=\"BIM valp p\u00e5 Norsk Vinner 2018\" width=\"400\" height=\"400\" srcset=\"https:\/\/kichiko.net\/wp-content\/uploads\/2018\/03\/Balder-valpeshow22-400x400.jpg 400w, https:\/\/kichiko.net\/wp-content\/uploads\/2018\/03\/Balder-valpeshow22-150x150.jpg 150w, https:\/\/kichiko.net\/wp-content\/uploads\/2018\/03\/Balder-valpeshow22-768x768.jpg 768w, https:\/\/kichiko.net\/wp-content\/uploads\/2018\/03\/Balder-valpeshow22-1024x1024.jpg 1024w, https:\/\/kichiko.net\/wp-content\/uploads\/2018\/03\/Balder-valpeshow22.jpg 2048w\" sizes=\"(max-width: 400px) 100vw, 400px\" \/><p id=\"caption-attachment-1979\" class=\"wp-caption-text\">BIM valp p\u00e5 Norsk Vinner 2018<\/p><\/div><\/p>\n<\/div>\n<\/div>\n<\/div>\n\n\n<figure class=\"wp-block-image\"><img loading=\"lazy\" width=\"1024\" height=\"768\" src=\"http:\/\/kichiko.net\/wp-content\/uploads\/2019\/07\/Balder2019-1024x768.jpg\" alt=\"\" class=\"wp-image-2248\" srcset=\"https:\/\/kichiko.net\/wp-content\/uploads\/2019\/07\/Balder2019-1024x768.jpg 1024w, https:\/\/kichiko.net\/wp-content\/uploads\/2019\/07\/Balder2019-400x300.jpg 400w, https:\/\/kichiko.net\/wp-content\/uploads\/2019\/07\/Balder2019-768x576.jpg 768w, https:\/\/kichiko.net\/wp-content\/uploads\/2019\/07\/Balder2019.jpg 2048w\" sizes=\"(max-width: 1024px) 100vw, 1024px\" \/><figcaption>Balder fikk sitt f\u00f8rste cert 13\/7-2019<\/figcaption><\/figure>\n\n\n\n<figure class=\"wp-block-image\"><img loading=\"lazy\" width=\"1024\" height=\"768\" src=\"http:\/\/kichiko.net\/wp-content\/uploads\/2019\/07\/Balder20191-1024x768.jpg\" alt=\"\" class=\"wp-image-2250\" srcset=\"https:\/\/kichiko.net\/wp-content\/uploads\/2019\/07\/Balder20191-1024x768.jpg 1024w, https:\/\/kichiko.net\/wp-content\/uploads\/2019\/07\/Balder20191-400x300.jpg 400w, https:\/\/kichiko.net\/wp-content\/uploads\/2019\/07\/Balder20191-768x576.jpg 768w, https:\/\/kichiko.net\/wp-content\/uploads\/2019\/07\/Balder20191.jpg 2048w\" sizes=\"(max-width: 1024px) 100vw, 1024px\" \/><figcaption>Balder med hele rosetthaugen sin i dag 13\/7-2019<br>Ex, CK, CERT, BIR og BEST I GRUPPEN!<\/figcaption><\/figure>\n","protected":false},"excerpt":{"rendered":"<p>Kl. 13:30 . Nr.2 ble en r\u00f8d hann som veide 215 gr.&nbsp;&nbsp;Han fikk navnet : Kichiko`s&nbsp; Okumo Kyoudai som betyr Kongelig Bror Nick : BalderRase : ShibaKj\u00f8nn : HannFarge : R\u00f8dF\u00f8dt : 16\/3-2018Reg.nr : NO 38728\/18HD : A\/AAD : 0\/0\u00d8yenlyst :&nbsp; PHTVL\/PHPV grad 1 Eier: Daniel Midtlid og Cathrine Gr\u00e6sdal Hansen, Skodje Premieringer: Valpeshow : [&hellip;]<\/p>\n","protected":false},"author":2,"featured_media":0,"parent":1378,"menu_order":3,"comment_status":"closed","ping_status":"closed","template":"","meta":[],"_links":{"self":[{"href":"https:\/\/kichiko.net\/index.php?rest_route=\/wp\/v2\/pages\/1398"}],"collection":[{"href":"https:\/\/kichiko.net\/index.php?rest_route=\/wp\/v2\/pages"}],"about":[{"href":"https:\/\/kichiko.net\/index.php?rest_route=\/wp\/v2\/types\/page"}],"author":[{"embeddable":true,"href":"https:\/\/kichiko.net\/index.php?rest_route=\/wp\/v2\/users\/2"}],"replies":[{"embeddable":true,"href":"https:\/\/kichiko.net\/index.php?rest_route=%2Fwp%2Fv2%2Fcomments&post=1398"}],"version-history":[{"count":20,"href":"https:\/\/kichiko.net\/index.php?rest_route=\/wp\/v2\/pages\/1398\/revisions"}],"predecessor-version":[{"id":2251,"href":"https:\/\/kichiko.net\/index.php?rest_route=\/wp\/v2\/pages\/1398\/revisions\/2251"}],"up":[{"embeddable":true,"href":"https:\/\/kichiko.net\/index.php?rest_route=\/wp\/v2\/pages\/1378"}],"wp:attachment":[{"href":"https:\/\/kichiko.net\/index.php?rest_route=%2Fwp%2Fv2%2Fmedia&parent=1398"}],"curies":[{"name":"wp","href":"https:\/\/api.w.org\/{rel}","templated":true}]}}