{"id":1392,"date":"2018-03-16T22:16:15","date_gmt":"2018-03-16T21:16:15","guid":{"rendered":"http:\/\/kichiko.net\/?page_id=1392"},"modified":"2021-08-15T22:54:42","modified_gmt":"2021-08-15T21:54:42","slug":"kichikos-o","status":"publish","type":"page","link":"https:\/\/kichiko.net\/?page_id=1392","title":{"rendered":"Okumome Onesan"},"content":{"rendered":"<p>Kl. 11:50 . Nr.1 ble en r\u00f8d tispe som veide 240 gr.\u00a0\u00a0<span class=\"rtb4\">Hun fikk navnet : Kichiko`s\u00a0 Okumome Onesan som betyr Kongelig Stores\u00f8ster<\/span><\/p>\n<div class=\"tmpMainPicBox\">\n<div class=\"tmpMainPicSubBox\">\n<div class=\"tmpMainRich\">\n<p><span class=\"rtb4\">Nick : Raija<br \/>Rase : Shiba<br \/>Kj\u00f8nn : Tispe<br \/>Farge : R\u00f8d<br \/>F\u00f8dt : 16\/3-2018<br \/>Reg.nr : NO 38727\/18<br \/>HD : A\/A<br \/>AD : 0\/0<br \/><\/span>Patella: 0\/0<br \/>\u00d8yenlyst: Intet p\u00e5vist<br \/>Bitt: Korrekt\u00a0<\/p>\n<p>Premieringer ( Valp ) :<br \/>7 BIR<br \/>8 HP<span class=\"text_exposed_show\"><br \/>2 BIG 1<br \/>1 BIG 2<br \/>1 BIG 3<br \/>2 BIG 4<\/span><\/p>\n<p><span class=\"text_exposed_show\">Resultater ( Voksen )\u00a0<\/span><\/p>\n<p><span class=\"text_exposed_show\">7 X CK, 3 X CERT, 4 X BIM, 1 X BIR<\/span><\/p>\n<p>Titler: RL1, NUCH<\/p>\n<\/div>\n<\/div>\n<div class=\"tmpMainPicSubBox\">\n<div class=\"tmpMainRich\">\n<p><span class=\"rtb4\">Eier : Sunniva Bj\u00f8rkvik, Leksvik<\/span><\/p>\n<div id=\"attachment_1395\" style=\"width: 410px\" class=\"wp-caption alignnone\"><img aria-describedby=\"caption-attachment-1395\" loading=\"lazy\" class=\"size-medium wp-image-1395\" src=\"http:\/\/kichiko.net\/wp-content\/uploads\/2018\/03\/29249090_10156158430921241_3633559581677686338_n-400x398.jpg\" alt=\"Nyf\u00f8dt\" width=\"400\" height=\"398\" srcset=\"https:\/\/kichiko.net\/wp-content\/uploads\/2018\/03\/29249090_10156158430921241_3633559581677686338_n-400x398.jpg 400w, https:\/\/kichiko.net\/wp-content\/uploads\/2018\/03\/29249090_10156158430921241_3633559581677686338_n-150x150.jpg 150w, https:\/\/kichiko.net\/wp-content\/uploads\/2018\/03\/29249090_10156158430921241_3633559581677686338_n-768x765.jpg 768w, https:\/\/kichiko.net\/wp-content\/uploads\/2018\/03\/29249090_10156158430921241_3633559581677686338_n.jpg 960w\" sizes=\"(max-width: 400px) 100vw, 400px\" \/><p id=\"caption-attachment-1395\" class=\"wp-caption-text\">Nyf\u00f8dt<\/p><\/div>\n<br \/><br \/>\n<div id=\"attachment_1422\" style=\"width: 410px\" class=\"wp-caption alignnone\"><img aria-describedby=\"caption-attachment-1422\" loading=\"lazy\" class=\"size-medium wp-image-1422\" src=\"http:\/\/kichiko.net\/wp-content\/uploads\/2018\/03\/IMG_9464-400x461.jpg\" alt=\"1 uke \" width=\"400\" height=\"461\" srcset=\"https:\/\/kichiko.net\/wp-content\/uploads\/2018\/03\/IMG_9464-400x461.jpg 400w, https:\/\/kichiko.net\/wp-content\/uploads\/2018\/03\/IMG_9464-768x886.jpg 768w, https:\/\/kichiko.net\/wp-content\/uploads\/2018\/03\/IMG_9464-888x1024.jpg 888w, https:\/\/kichiko.net\/wp-content\/uploads\/2018\/03\/IMG_9464.jpg 1716w\" sizes=\"(max-width: 400px) 100vw, 400px\" \/><p id=\"caption-attachment-1422\" class=\"wp-caption-text\">1 uke<\/p><\/div>\n<br \/><br \/>\n<div id=\"attachment_1438\" style=\"width: 410px\" class=\"wp-caption alignnone\"><img aria-describedby=\"caption-attachment-1438\" loading=\"lazy\" class=\"size-medium wp-image-1438\" src=\"http:\/\/kichiko.net\/wp-content\/uploads\/2018\/03\/IMG_9476-400x432.jpg\" alt=\"2 uker\" width=\"400\" height=\"432\" srcset=\"https:\/\/kichiko.net\/wp-content\/uploads\/2018\/03\/IMG_9476-400x432.jpg 400w, https:\/\/kichiko.net\/wp-content\/uploads\/2018\/03\/IMG_9476-768x830.jpg 768w, https:\/\/kichiko.net\/wp-content\/uploads\/2018\/03\/IMG_9476-947x1024.jpg 947w\" sizes=\"(max-width: 400px) 100vw, 400px\" \/><p id=\"caption-attachment-1438\" class=\"wp-caption-text\">2 uker<\/p><\/div>\n<p><img loading=\"lazy\" class=\"alignnone size-medium wp-image-1466\" src=\"http:\/\/kichiko.net\/wp-content\/uploads\/2018\/03\/IMG_9517-400x351.jpg\" alt=\"IMG_9517\" width=\"400\" height=\"351\" srcset=\"https:\/\/kichiko.net\/wp-content\/uploads\/2018\/03\/IMG_9517-400x351.jpg 400w, https:\/\/kichiko.net\/wp-content\/uploads\/2018\/03\/IMG_9517-768x675.jpg 768w, https:\/\/kichiko.net\/wp-content\/uploads\/2018\/03\/IMG_9517-1024x899.jpg 1024w, https:\/\/kichiko.net\/wp-content\/uploads\/2018\/03\/IMG_9517.jpg 1619w\" sizes=\"(max-width: 400px) 100vw, 400px\" \/><br \/>3 uker<\/p>\n<div id=\"attachment_1479\" style=\"width: 410px\" class=\"wp-caption alignnone\"><img aria-describedby=\"caption-attachment-1479\" loading=\"lazy\" class=\"size-medium wp-image-1479\" src=\"http:\/\/kichiko.net\/wp-content\/uploads\/2018\/03\/IMG_9530-400x574.jpg\" alt=\"4 uker \" width=\"400\" height=\"574\" srcset=\"https:\/\/kichiko.net\/wp-content\/uploads\/2018\/03\/IMG_9530-400x574.jpg 400w, https:\/\/kichiko.net\/wp-content\/uploads\/2018\/03\/IMG_9530-768x1102.jpg 768w, https:\/\/kichiko.net\/wp-content\/uploads\/2018\/03\/IMG_9530-714x1024.jpg 714w, https:\/\/kichiko.net\/wp-content\/uploads\/2018\/03\/IMG_9530.jpg 1376w\" sizes=\"(max-width: 400px) 100vw, 400px\" \/><p id=\"caption-attachment-1479\" class=\"wp-caption-text\">4 uker<\/p><\/div>\n<br \/><br \/>\n<div id=\"attachment_1493\" style=\"width: 410px\" class=\"wp-caption alignnone\"><img aria-describedby=\"caption-attachment-1493\" loading=\"lazy\" class=\"size-medium wp-image-1493\" src=\"http:\/\/kichiko.net\/wp-content\/uploads\/2018\/03\/IMG_9566-400x510.jpg\" alt=\"5 uker\" width=\"400\" height=\"510\" srcset=\"https:\/\/kichiko.net\/wp-content\/uploads\/2018\/03\/IMG_9566-400x510.jpg 400w, https:\/\/kichiko.net\/wp-content\/uploads\/2018\/03\/IMG_9566-768x980.jpg 768w, https:\/\/kichiko.net\/wp-content\/uploads\/2018\/03\/IMG_9566-802x1024.jpg 802w, https:\/\/kichiko.net\/wp-content\/uploads\/2018\/03\/IMG_9566.jpg 1699w\" sizes=\"(max-width: 400px) 100vw, 400px\" \/><p id=\"caption-attachment-1493\" class=\"wp-caption-text\">5 uker<\/p><\/div>\n<br \/><br \/>\n<div id=\"attachment_1512\" style=\"width: 396px\" class=\"wp-caption alignnone\"><img aria-describedby=\"caption-attachment-1512\" loading=\"lazy\" class=\"size-medium wp-image-1512\" src=\"http:\/\/kichiko.net\/wp-content\/uploads\/2018\/03\/IMG_9601-386x600.jpg\" alt=\"6 uker \" width=\"386\" height=\"600\" srcset=\"https:\/\/kichiko.net\/wp-content\/uploads\/2018\/03\/IMG_9601-386x600.jpg 386w, https:\/\/kichiko.net\/wp-content\/uploads\/2018\/03\/IMG_9601-768x1193.jpg 768w, https:\/\/kichiko.net\/wp-content\/uploads\/2018\/03\/IMG_9601-659x1024.jpg 659w, https:\/\/kichiko.net\/wp-content\/uploads\/2018\/03\/IMG_9601.jpg 1161w\" sizes=\"(max-width: 386px) 100vw, 386px\" \/><p id=\"caption-attachment-1512\" class=\"wp-caption-text\">6 uker<\/p><\/div>\n<br \/><br \/>\n<div id=\"attachment_1526\" style=\"width: 410px\" class=\"wp-caption alignnone\"><img aria-describedby=\"caption-attachment-1526\" loading=\"lazy\" class=\"size-medium wp-image-1526\" src=\"http:\/\/kichiko.net\/wp-content\/uploads\/2018\/03\/IMG_9638-400x510.jpg\" alt=\"7 uker \" width=\"400\" height=\"510\" srcset=\"https:\/\/kichiko.net\/wp-content\/uploads\/2018\/03\/IMG_9638-400x510.jpg 400w, https:\/\/kichiko.net\/wp-content\/uploads\/2018\/03\/IMG_9638-768x979.jpg 768w, https:\/\/kichiko.net\/wp-content\/uploads\/2018\/03\/IMG_9638-803x1024.jpg 803w, https:\/\/kichiko.net\/wp-content\/uploads\/2018\/03\/IMG_9638.jpg 1476w\" sizes=\"(max-width: 400px) 100vw, 400px\" \/><p id=\"caption-attachment-1526\" class=\"wp-caption-text\">7 uker<\/p><\/div>\n<br \/><br \/>\n<div id=\"attachment_1523\" style=\"width: 410px\" class=\"wp-caption alignnone\"><img aria-describedby=\"caption-attachment-1523\" loading=\"lazy\" class=\"size-medium wp-image-1523\" src=\"http:\/\/kichiko.net\/wp-content\/uploads\/2018\/03\/IMG_9675-400x505.jpg\" alt=\"8 uker \" width=\"400\" height=\"505\" srcset=\"https:\/\/kichiko.net\/wp-content\/uploads\/2018\/03\/IMG_9675-400x505.jpg 400w, https:\/\/kichiko.net\/wp-content\/uploads\/2018\/03\/IMG_9675-768x969.jpg 768w, https:\/\/kichiko.net\/wp-content\/uploads\/2018\/03\/IMG_9675-811x1024.jpg 811w, https:\/\/kichiko.net\/wp-content\/uploads\/2018\/03\/IMG_9675.jpg 1381w\" sizes=\"(max-width: 400px) 100vw, 400px\" \/><p id=\"caption-attachment-1523\" class=\"wp-caption-text\">8 uker<\/p><\/div>\n<br \/><br \/>\n<div id=\"attachment_1538\" style=\"width: 395px\" class=\"wp-caption alignnone\"><img aria-describedby=\"caption-attachment-1538\" loading=\"lazy\" class=\"size-medium wp-image-1538\" src=\"http:\/\/kichiko.net\/wp-content\/uploads\/2018\/03\/32332139_10156311257461241_8431634024593620992_n-385x600.jpg\" alt=\"Raija med sine nye eiere\" width=\"385\" height=\"600\" srcset=\"https:\/\/kichiko.net\/wp-content\/uploads\/2018\/03\/32332139_10156311257461241_8431634024593620992_n-385x600.jpg 385w, https:\/\/kichiko.net\/wp-content\/uploads\/2018\/03\/32332139_10156311257461241_8431634024593620992_n.jpg 616w\" sizes=\"(max-width: 385px) 100vw, 385px\" \/><p id=\"caption-attachment-1538\" class=\"wp-caption-text\">Raija med sine nye eiere<\/p><\/div>\n<p><img loading=\"lazy\" class=\"alignnone size-medium wp-image-1634\" src=\"http:\/\/kichiko.net\/wp-content\/uploads\/2018\/03\/33965549_10204216882300069_1035630904145346560_n-400x266.jpg\" alt=\"33965549_10204216882300069_1035630904145346560_n\" width=\"400\" height=\"266\" srcset=\"https:\/\/kichiko.net\/wp-content\/uploads\/2018\/03\/33965549_10204216882300069_1035630904145346560_n-400x266.jpg 400w, https:\/\/kichiko.net\/wp-content\/uploads\/2018\/03\/33965549_10204216882300069_1035630904145346560_n.jpg 421w\" sizes=\"(max-width: 400px) 100vw, 400px\" \/><\/p>\n<p><img loading=\"lazy\" class=\"alignnone size-full wp-image-1632\" src=\"http:\/\/kichiko.net\/wp-content\/uploads\/2018\/03\/37652712_10204379036313818_8924778170905788416_n.jpg\" alt=\"37652712_10204379036313818_8924778170905788416_n\" width=\"374\" height=\"280\" \/><\/p>\n<div id=\"attachment_1633\" style=\"width: 410px\" class=\"wp-caption alignnone\"><img aria-describedby=\"caption-attachment-1633\" loading=\"lazy\" class=\"size-medium wp-image-1633\" src=\"http:\/\/kichiko.net\/wp-content\/uploads\/2018\/03\/40128104_1807003956022158_143554681958825984_n-400x259.jpg\" alt=\"Raija, 1. BIG valp\" width=\"400\" height=\"259\" srcset=\"https:\/\/kichiko.net\/wp-content\/uploads\/2018\/03\/40128104_1807003956022158_143554681958825984_n-400x259.jpg 400w, https:\/\/kichiko.net\/wp-content\/uploads\/2018\/03\/40128104_1807003956022158_143554681958825984_n-768x497.jpg 768w, https:\/\/kichiko.net\/wp-content\/uploads\/2018\/03\/40128104_1807003956022158_143554681958825984_n-1024x662.jpg 1024w, https:\/\/kichiko.net\/wp-content\/uploads\/2018\/03\/40128104_1807003956022158_143554681958825984_n.jpg 1266w\" sizes=\"(max-width: 400px) 100vw, 400px\" \/><p id=\"caption-attachment-1633\" class=\"wp-caption-text\">Raija, 1. BIG valp<\/p><\/div>\n<br \/><br \/>\n<div id=\"attachment_2176\" style=\"width: 410px\" class=\"wp-caption alignnone\"><img aria-describedby=\"caption-attachment-2176\" loading=\"lazy\" class=\"size-medium wp-image-2176\" src=\"http:\/\/kichiko.net\/wp-content\/uploads\/2018\/03\/59750009_1172704042890611_7480573393033494528_n-400x334.jpg\" alt=\"BIM, NKK \u00c5lesund\" width=\"400\" height=\"334\" srcset=\"https:\/\/kichiko.net\/wp-content\/uploads\/2018\/03\/59750009_1172704042890611_7480573393033494528_n-400x334.jpg 400w, https:\/\/kichiko.net\/wp-content\/uploads\/2018\/03\/59750009_1172704042890611_7480573393033494528_n-768x642.jpg 768w, https:\/\/kichiko.net\/wp-content\/uploads\/2018\/03\/59750009_1172704042890611_7480573393033494528_n-1024x856.jpg 1024w, https:\/\/kichiko.net\/wp-content\/uploads\/2018\/03\/59750009_1172704042890611_7480573393033494528_n.jpg 1156w\" sizes=\"(max-width: 400px) 100vw, 400px\" \/><p id=\"caption-attachment-2176\" class=\"wp-caption-text\">BIM, NKK \u00c5lesund<\/p><\/div>\n<p><img loading=\"lazy\" class=\"alignnone size-medium wp-image-2177\" src=\"http:\/\/kichiko.net\/wp-content\/uploads\/2018\/03\/59551725_1040361719491853_2139803984481746944_n-400x342.jpg\" alt=\"59551725_1040361719491853_2139803984481746944_n\" width=\"400\" height=\"342\" srcset=\"https:\/\/kichiko.net\/wp-content\/uploads\/2018\/03\/59551725_1040361719491853_2139803984481746944_n-400x342.jpg 400w, https:\/\/kichiko.net\/wp-content\/uploads\/2018\/03\/59551725_1040361719491853_2139803984481746944_n-768x657.jpg 768w, https:\/\/kichiko.net\/wp-content\/uploads\/2018\/03\/59551725_1040361719491853_2139803984481746944_n-1024x876.jpg 1024w, https:\/\/kichiko.net\/wp-content\/uploads\/2018\/03\/59551725_1040361719491853_2139803984481746944_n.jpg 1130w\" sizes=\"(max-width: 400px) 100vw, 400px\" \/><\/p>\n<p>\u00a0<\/p>\n<\/div>\n<\/div>\n<\/div>\n\n\n<figure class=\"wp-block-image\"><img loading=\"lazy\" width=\"1000\" height=\"731\" src=\"http:\/\/kichiko.net\/wp-content\/uploads\/2019\/07\/Raija2019.jpg\" alt=\"\" class=\"wp-image-2244\" srcset=\"https:\/\/kichiko.net\/wp-content\/uploads\/2019\/07\/Raija2019.jpg 1000w, https:\/\/kichiko.net\/wp-content\/uploads\/2019\/07\/Raija2019-400x292.jpg 400w, https:\/\/kichiko.net\/wp-content\/uploads\/2019\/07\/Raija2019-768x561.jpg 768w\" sizes=\"(max-width: 1000px) 100vw, 1000px\" \/><figcaption>Raija, Japanspesialen 2019<\/figcaption><\/figure>\n","protected":false},"excerpt":{"rendered":"<p>Kl. 11:50 . Nr.1 ble en r\u00f8d tispe som veide 240 gr.\u00a0\u00a0Hun fikk navnet : Kichiko`s\u00a0 Okumome Onesan som betyr Kongelig Stores\u00f8ster Nick : RaijaRase : ShibaKj\u00f8nn : TispeFarge : R\u00f8dF\u00f8dt : 16\/3-2018Reg.nr : NO 38727\/18HD : A\/AAD : 0\/0Patella: 0\/0\u00d8yenlyst: Intet p\u00e5vistBitt: Korrekt\u00a0 Premieringer ( Valp ) :7 BIR8 HP2 BIG 11 BIG 21 [&hellip;]<\/p>\n","protected":false},"author":2,"featured_media":0,"parent":1378,"menu_order":2,"comment_status":"closed","ping_status":"closed","template":"","meta":[],"_links":{"self":[{"href":"https:\/\/kichiko.net\/index.php?rest_route=\/wp\/v2\/pages\/1392"}],"collection":[{"href":"https:\/\/kichiko.net\/index.php?rest_route=\/wp\/v2\/pages"}],"about":[{"href":"https:\/\/kichiko.net\/index.php?rest_route=\/wp\/v2\/types\/page"}],"author":[{"embeddable":true,"href":"https:\/\/kichiko.net\/index.php?rest_route=\/wp\/v2\/users\/2"}],"replies":[{"embeddable":true,"href":"https:\/\/kichiko.net\/index.php?rest_route=%2Fwp%2Fv2%2Fcomments&post=1392"}],"version-history":[{"count":24,"href":"https:\/\/kichiko.net\/index.php?rest_route=\/wp\/v2\/pages\/1392\/revisions"}],"predecessor-version":[{"id":3689,"href":"https:\/\/kichiko.net\/index.php?rest_route=\/wp\/v2\/pages\/1392\/revisions\/3689"}],"up":[{"embeddable":true,"href":"https:\/\/kichiko.net\/index.php?rest_route=\/wp\/v2\/pages\/1378"}],"wp:attachment":[{"href":"https:\/\/kichiko.net\/index.php?rest_route=%2Fwp%2Fv2%2Fmedia&parent=1392"}],"curies":[{"name":"wp","href":"https:\/\/api.w.org\/{rel}","templated":true}]}}