{"id":1223,"date":"2018-01-06T23:24:51","date_gmt":"2018-01-06T22:24:51","guid":{"rendered":"http:\/\/kichiko.net\/?page_id=1223"},"modified":"2019-12-04T20:01:27","modified_gmt":"2019-12-04T19:01:27","slug":"kichikos-n-2","status":"publish","type":"page","link":"https:\/\/kichiko.net\/?page_id=1223","title":{"rendered":"Kichiko`s Nobunaga"},"content":{"rendered":"<p>Kl.\u00a022:00 ble det f\u00f8dt en\u00a0r\u00f8d hann p\u00e5 260 gram. Han fikk navnet Kichiko`s Nobunaga som betyr &laquo;Lang tro ( long trust )&raquo;<\/p>\n<div class=\"tmpMainPicBox\">\n<div class=\"tmpMainPicSubBox\">\n<div class=\"tmpMainRich\">\n<p>Nick : Genki<br \/>\nRase : Shiba<br \/>\nKj\u00f8nn : Hann<br \/>\nFarge : R\u00f8d<br \/>\nF\u00f8dt :\u00a06\/1-18<br \/>\nReg.nr : NO33210\/18<br \/>\nHD : C\/C<br \/>\nAD : 0\/0<br \/>\nPatella:<br \/>\nBitt :<\/p>\n<p>Eier : Yoko Toda og Truls Bernhardsen, Oslo<\/p>\n<div id=\"attachment_1238\" style=\"width: 410px\" class=\"wp-caption alignnone\"><img aria-describedby=\"caption-attachment-1238\" loading=\"lazy\" class=\"size-medium wp-image-1238\" src=\"http:\/\/kichiko.net\/wp-content\/uploads\/2018\/01\/1-LH-1-400x340.jpg\" alt=\"Nyf\u00f8dt\" width=\"400\" height=\"340\" srcset=\"https:\/\/kichiko.net\/wp-content\/uploads\/2018\/01\/1-LH-1-400x340.jpg 400w, https:\/\/kichiko.net\/wp-content\/uploads\/2018\/01\/1-LH-1-768x653.jpg 768w, https:\/\/kichiko.net\/wp-content\/uploads\/2018\/01\/1-LH-1.jpg 940w\" sizes=\"(max-width: 400px) 100vw, 400px\" \/><p id=\"caption-attachment-1238\" class=\"wp-caption-text\">Nyf\u00f8dt<\/p><\/div>\n<div id=\"attachment_1245\" style=\"width: 410px\" class=\"wp-caption alignnone\"><img aria-describedby=\"caption-attachment-1245\" loading=\"lazy\" class=\"size-medium wp-image-1245\" src=\"http:\/\/kichiko.net\/wp-content\/uploads\/2018\/01\/IMG_9189-400x396.jpg\" alt=\"1 uke\" width=\"400\" height=\"396\" srcset=\"https:\/\/kichiko.net\/wp-content\/uploads\/2018\/01\/IMG_9189-400x396.jpg 400w, https:\/\/kichiko.net\/wp-content\/uploads\/2018\/01\/IMG_9189-150x150.jpg 150w, https:\/\/kichiko.net\/wp-content\/uploads\/2018\/01\/IMG_9189-768x761.jpg 768w, https:\/\/kichiko.net\/wp-content\/uploads\/2018\/01\/IMG_9189-1024x1015.jpg 1024w\" sizes=\"(max-width: 400px) 100vw, 400px\" \/><p id=\"caption-attachment-1245\" class=\"wp-caption-text\">1 uke<\/p><\/div>\n<div id=\"attachment_1261\" style=\"width: 410px\" class=\"wp-caption alignnone\"><img aria-describedby=\"caption-attachment-1261\" loading=\"lazy\" class=\"size-medium wp-image-1261\" src=\"http:\/\/kichiko.net\/wp-content\/uploads\/2018\/01\/IMG_9231-400x386.jpg\" alt=\"2 uker \" width=\"400\" height=\"386\" srcset=\"https:\/\/kichiko.net\/wp-content\/uploads\/2018\/01\/IMG_9231-400x386.jpg 400w, https:\/\/kichiko.net\/wp-content\/uploads\/2018\/01\/IMG_9231-768x741.jpg 768w, https:\/\/kichiko.net\/wp-content\/uploads\/2018\/01\/IMG_9231-1024x989.jpg 1024w, https:\/\/kichiko.net\/wp-content\/uploads\/2018\/01\/IMG_9231.jpg 1760w\" sizes=\"(max-width: 400px) 100vw, 400px\" \/><p id=\"caption-attachment-1261\" class=\"wp-caption-text\">2 uker<\/p><\/div>\n<div id=\"attachment_1279\" style=\"width: 410px\" class=\"wp-caption alignleft\"><img aria-describedby=\"caption-attachment-1279\" loading=\"lazy\" class=\"size-medium wp-image-1279\" src=\"http:\/\/kichiko.net\/wp-content\/uploads\/2018\/01\/N-13-400x553.jpg\" alt=\"3 uker\" width=\"400\" height=\"553\" srcset=\"https:\/\/kichiko.net\/wp-content\/uploads\/2018\/01\/N-13-400x553.jpg 400w, https:\/\/kichiko.net\/wp-content\/uploads\/2018\/01\/N-13.jpg 695w\" sizes=\"(max-width: 400px) 100vw, 400px\" \/><p id=\"caption-attachment-1279\" class=\"wp-caption-text\">3 uker<\/p><\/div>\n<div id=\"attachment_1288\" style=\"width: 410px\" class=\"wp-caption alignnone\"><img aria-describedby=\"caption-attachment-1288\" loading=\"lazy\" class=\"size-medium wp-image-1288\" src=\"http:\/\/kichiko.net\/wp-content\/uploads\/2018\/01\/IMG_9276-400x524.jpg\" alt=\"4 uker \" width=\"400\" height=\"524\" srcset=\"https:\/\/kichiko.net\/wp-content\/uploads\/2018\/01\/IMG_9276-400x524.jpg 400w, https:\/\/kichiko.net\/wp-content\/uploads\/2018\/01\/IMG_9276-768x1007.jpg 768w, https:\/\/kichiko.net\/wp-content\/uploads\/2018\/01\/IMG_9276-781x1024.jpg 781w, https:\/\/kichiko.net\/wp-content\/uploads\/2018\/01\/IMG_9276.jpg 1808w\" sizes=\"(max-width: 400px) 100vw, 400px\" \/><p id=\"caption-attachment-1288\" class=\"wp-caption-text\">4 uker<\/p><\/div>\n<div id=\"attachment_1302\" style=\"width: 410px\" class=\"wp-caption alignnone\"><img aria-describedby=\"caption-attachment-1302\" loading=\"lazy\" class=\"size-medium wp-image-1302\" src=\"http:\/\/kichiko.net\/wp-content\/uploads\/2018\/01\/h15-400x471.jpg\" alt=\"5 uker \" width=\"400\" height=\"471\" srcset=\"https:\/\/kichiko.net\/wp-content\/uploads\/2018\/01\/h15-400x471.jpg 400w, https:\/\/kichiko.net\/wp-content\/uploads\/2018\/01\/h15-768x904.jpg 768w, https:\/\/kichiko.net\/wp-content\/uploads\/2018\/01\/h15.jpg 816w\" sizes=\"(max-width: 400px) 100vw, 400px\" \/><p id=\"caption-attachment-1302\" class=\"wp-caption-text\">5 uker<\/p><\/div>\n<div id=\"attachment_1331\" style=\"width: 410px\" class=\"wp-caption alignnone\"><img aria-describedby=\"caption-attachment-1331\" loading=\"lazy\" class=\"size-medium wp-image-1331\" src=\"http:\/\/kichiko.net\/wp-content\/uploads\/2018\/01\/IMG_9375-400x425.jpg\" alt=\"6 uker\" width=\"400\" height=\"425\" srcset=\"https:\/\/kichiko.net\/wp-content\/uploads\/2018\/01\/IMG_9375-400x425.jpg 400w, https:\/\/kichiko.net\/wp-content\/uploads\/2018\/01\/IMG_9375-768x815.jpg 768w, https:\/\/kichiko.net\/wp-content\/uploads\/2018\/01\/IMG_9375-964x1024.jpg 964w, https:\/\/kichiko.net\/wp-content\/uploads\/2018\/01\/IMG_9375.jpg 1811w\" sizes=\"(max-width: 400px) 100vw, 400px\" \/><p id=\"caption-attachment-1331\" class=\"wp-caption-text\">6 uker<\/p><\/div>\n<div id=\"attachment_1361\" style=\"width: 410px\" class=\"wp-caption alignnone\"><img aria-describedby=\"caption-attachment-1361\" loading=\"lazy\" class=\"size-medium wp-image-1361\" src=\"http:\/\/kichiko.net\/wp-content\/uploads\/2018\/01\/IMG_9411-400x561.jpg\" alt=\"7 uker\" width=\"400\" height=\"561\" srcset=\"https:\/\/kichiko.net\/wp-content\/uploads\/2018\/01\/IMG_9411-400x561.jpg 400w, https:\/\/kichiko.net\/wp-content\/uploads\/2018\/01\/IMG_9411-768x1077.jpg 768w, https:\/\/kichiko.net\/wp-content\/uploads\/2018\/01\/IMG_9411-730x1024.jpg 730w, https:\/\/kichiko.net\/wp-content\/uploads\/2018\/01\/IMG_9411.jpg 1292w\" sizes=\"(max-width: 400px) 100vw, 400px\" \/><p id=\"caption-attachment-1361\" class=\"wp-caption-text\">7 uker<\/p><\/div>\n<div id=\"attachment_1369\" style=\"width: 410px\" class=\"wp-caption alignnone\"><img aria-describedby=\"caption-attachment-1369\" loading=\"lazy\" class=\"size-medium wp-image-1369\" src=\"http:\/\/kichiko.net\/wp-content\/uploads\/2018\/01\/IMG_9434-400x446.jpg\" alt=\"8 uker\" width=\"400\" height=\"446\" srcset=\"https:\/\/kichiko.net\/wp-content\/uploads\/2018\/01\/IMG_9434-400x446.jpg 400w, https:\/\/kichiko.net\/wp-content\/uploads\/2018\/01\/IMG_9434-768x855.jpg 768w, https:\/\/kichiko.net\/wp-content\/uploads\/2018\/01\/IMG_9434-919x1024.jpg 919w, https:\/\/kichiko.net\/wp-content\/uploads\/2018\/01\/IMG_9434.jpg 1634w\" sizes=\"(max-width: 400px) 100vw, 400px\" \/><p id=\"caption-attachment-1369\" class=\"wp-caption-text\">8 uker<\/p><\/div>\n<div id=\"attachment_1384\" style=\"width: 410px\" class=\"wp-caption alignnone\"><img aria-describedby=\"caption-attachment-1384\" loading=\"lazy\" class=\"size-medium wp-image-1384\" src=\"http:\/\/kichiko.net\/wp-content\/uploads\/2018\/01\/28575807_10156118792906241_7520227413275220346_n-400x298.jpg\" alt=\"Genki med sine nye eiere, Trus, Mina og Yoko\" width=\"400\" height=\"298\" srcset=\"https:\/\/kichiko.net\/wp-content\/uploads\/2018\/01\/28575807_10156118792906241_7520227413275220346_n-400x298.jpg 400w, https:\/\/kichiko.net\/wp-content\/uploads\/2018\/01\/28575807_10156118792906241_7520227413275220346_n-768x573.jpg 768w, https:\/\/kichiko.net\/wp-content\/uploads\/2018\/01\/28575807_10156118792906241_7520227413275220346_n.jpg 960w\" sizes=\"(max-width: 400px) 100vw, 400px\" \/><p id=\"caption-attachment-1384\" class=\"wp-caption-text\">Genki med sine nye eiere, Trus, Mina og Yoko<\/p><\/div>\n<div id=\"attachment_1459\" style=\"width: 341px\" class=\"wp-caption alignnone\"><img aria-describedby=\"caption-attachment-1459\" loading=\"lazy\" class=\"size-medium wp-image-1459\" src=\"http:\/\/kichiko.net\/wp-content\/uploads\/2018\/01\/Genki12uker-331x600.jpg\" alt=\"12 uker\" width=\"331\" height=\"600\" srcset=\"https:\/\/kichiko.net\/wp-content\/uploads\/2018\/01\/Genki12uker-331x600.jpg 331w, https:\/\/kichiko.net\/wp-content\/uploads\/2018\/01\/Genki12uker.jpg 530w\" sizes=\"(max-width: 331px) 100vw, 331px\" \/><p id=\"caption-attachment-1459\" class=\"wp-caption-text\">12 uker<\/p><\/div>\n<\/div>\n<\/div>\n<\/div>\n","protected":false},"excerpt":{"rendered":"<p>Kl.\u00a022:00 ble det f\u00f8dt en\u00a0r\u00f8d hann p\u00e5 260 gram. Han fikk navnet Kichiko`s Nobunaga som betyr &laquo;Lang tro ( long trust )&raquo; Nick : Genki Rase : Shiba Kj\u00f8nn : Hann Farge : R\u00f8d F\u00f8dt :\u00a06\/1-18 Reg.nr : NO33210\/18 HD : C\/C AD : 0\/0 Patella: Bitt : Eier : Yoko Toda og Truls Bernhardsen, [&hellip;]<\/p>\n","protected":false},"author":2,"featured_media":0,"parent":1219,"menu_order":0,"comment_status":"closed","ping_status":"closed","template":"","meta":[],"_links":{"self":[{"href":"https:\/\/kichiko.net\/index.php?rest_route=\/wp\/v2\/pages\/1223"}],"collection":[{"href":"https:\/\/kichiko.net\/index.php?rest_route=\/wp\/v2\/pages"}],"about":[{"href":"https:\/\/kichiko.net\/index.php?rest_route=\/wp\/v2\/types\/page"}],"author":[{"embeddable":true,"href":"https:\/\/kichiko.net\/index.php?rest_route=\/wp\/v2\/users\/2"}],"replies":[{"embeddable":true,"href":"https:\/\/kichiko.net\/index.php?rest_route=%2Fwp%2Fv2%2Fcomments&post=1223"}],"version-history":[{"count":24,"href":"https:\/\/kichiko.net\/index.php?rest_route=\/wp\/v2\/pages\/1223\/revisions"}],"predecessor-version":[{"id":2495,"href":"https:\/\/kichiko.net\/index.php?rest_route=\/wp\/v2\/pages\/1223\/revisions\/2495"}],"up":[{"embeddable":true,"href":"https:\/\/kichiko.net\/index.php?rest_route=\/wp\/v2\/pages\/1219"}],"wp:attachment":[{"href":"https:\/\/kichiko.net\/index.php?rest_route=%2Fwp%2Fv2%2Fmedia&parent=1223"}],"curies":[{"name":"wp","href":"https:\/\/api.w.org\/{rel}","templated":true}]}}