{"id":1107,"date":"2017-10-09T09:14:01","date_gmt":"2017-10-09T08:14:01","guid":{"rendered":"http:\/\/kichiko.net\/?page_id=1107"},"modified":"2024-07-05T21:27:16","modified_gmt":"2024-07-05T20:27:16","slug":"mayo","status":"publish","type":"page","link":"https:\/\/kichiko.net\/?page_id=1107","title":{"rendered":"Mayo"},"content":{"rendered":"<p><img loading=\"lazy\" class=\"alignnone size-medium wp-image-1108\" src=\"http:\/\/kichiko.net\/wp-content\/uploads\/2017\/10\/Mayo-400x449.jpg\" alt=\"Mayo\" width=\"400\" height=\"449\" srcset=\"https:\/\/kichiko.net\/wp-content\/uploads\/2017\/10\/Mayo-400x449.jpg 400w, https:\/\/kichiko.net\/wp-content\/uploads\/2017\/10\/Mayo.jpg 761w\" sizes=\"(max-width: 400px) 100vw, 400px\" \/><\/p>\n<p><span class=\"rtb3\">Navn : Koshiwa No Mayo Go Koshiwasou<\/span><span class=\"rtb3\"><br \/>\nNick : Mayo<br \/>\nRase : Shiba<br \/>\n<\/span><span class=\"rtb3\">Reg.nr : JKC-JS-08695\/17-0 og NIPPO H-27-6254<br \/>\nKj\u00f8nn: Tispe<br \/>\nFarge : R\u00f8d<br \/>\nF\u00f8dt: 8\/1-2015<br \/>\n<\/span><span class=\"rtb3\">Oppdretter : Kobayashi Yousuke, Niigata-Shi, Japan<br \/>\nHD: B\/C<br \/>\nAD: 0\/0<br \/>\nPatella: 0\/0<br \/>\nBitt: Korrekt<br \/>\n\u00d8yenlyst : Intet p\u00e5vist<\/span><\/p>\n","protected":false},"excerpt":{"rendered":"<p>Navn : Koshiwa No Mayo Go Koshiwasou Nick : Mayo Rase : Shiba Reg.nr : JKC-JS-08695\/17-0 og NIPPO H-27-6254 Kj\u00f8nn: Tispe Farge : R\u00f8d F\u00f8dt: 8\/1-2015 Oppdretter : Kobayashi Yousuke, Niigata-Shi, Japan HD: B\/C AD: 0\/0 Patella: 0\/0 Bitt: Korrekt \u00d8yenlyst : Intet p\u00e5vist<\/p>\n","protected":false},"author":2,"featured_media":0,"parent":61,"menu_order":20,"comment_status":"closed","ping_status":"closed","template":"","meta":[],"_links":{"self":[{"href":"https:\/\/kichiko.net\/index.php?rest_route=\/wp\/v2\/pages\/1107"}],"collection":[{"href":"https:\/\/kichiko.net\/index.php?rest_route=\/wp\/v2\/pages"}],"about":[{"href":"https:\/\/kichiko.net\/index.php?rest_route=\/wp\/v2\/types\/page"}],"author":[{"embeddable":true,"href":"https:\/\/kichiko.net\/index.php?rest_route=\/wp\/v2\/users\/2"}],"replies":[{"embeddable":true,"href":"https:\/\/kichiko.net\/index.php?rest_route=%2Fwp%2Fv2%2Fcomments&post=1107"}],"version-history":[{"count":7,"href":"https:\/\/kichiko.net\/index.php?rest_route=\/wp\/v2\/pages\/1107\/revisions"}],"predecessor-version":[{"id":5183,"href":"https:\/\/kichiko.net\/index.php?rest_route=\/wp\/v2\/pages\/1107\/revisions\/5183"}],"up":[{"embeddable":true,"href":"https:\/\/kichiko.net\/index.php?rest_route=\/wp\/v2\/pages\/61"}],"wp:attachment":[{"href":"https:\/\/kichiko.net\/index.php?rest_route=%2Fwp%2Fv2%2Fmedia&parent=1107"}],"curies":[{"name":"wp","href":"https:\/\/api.w.org\/{rel}","templated":true}]}}