{"id":1064,"date":"2017-09-02T18:54:05","date_gmt":"2017-09-02T17:54:05","guid":{"rendered":"http:\/\/kichiko.net\/?page_id=1064"},"modified":"2023-08-23T21:47:15","modified_gmt":"2023-08-23T20:47:15","slug":"hakki","status":"publish","type":"page","link":"https:\/\/kichiko.net\/?page_id=1064","title":{"rendered":"Hakki"},"content":{"rendered":"\n<figure class=\"wp-block-image\"><img loading=\"lazy\" width=\"999\" height=\"709\" src=\"http:\/\/kichiko.net\/wp-content\/uploads\/2019\/07\/Hakki2019.jpg\" alt=\"\" class=\"wp-image-2240\" srcset=\"https:\/\/kichiko.net\/wp-content\/uploads\/2019\/07\/Hakki2019.jpg 999w, https:\/\/kichiko.net\/wp-content\/uploads\/2019\/07\/Hakki2019-400x284.jpg 400w, https:\/\/kichiko.net\/wp-content\/uploads\/2019\/07\/Hakki2019-768x545.jpg 768w\" sizes=\"(max-width: 999px) 100vw, 999px\" \/><figcaption>Hakki, Japanspesialen 2019<\/figcaption><\/figure>\n\n\n<p><img loading=\"lazy\" class=\"alignnone size-medium wp-image-1065 aligncenter\" src=\"http:\/\/kichiko.net\/wp-content\/uploads\/2017\/09\/Hakki-400x339.jpg\" alt=\"Hakki\" width=\"400\" height=\"339\" srcset=\"https:\/\/kichiko.net\/wp-content\/uploads\/2017\/09\/Hakki-400x339.jpg 400w, https:\/\/kichiko.net\/wp-content\/uploads\/2017\/09\/Hakki.jpg 768w\" sizes=\"(max-width: 400px) 100vw, 400px\" \/><\/p>\n<p>\u00a0<\/p>\n<p><span class=\"rtb3\">Navn :\u00a0Hanaarashi Go Tosa Kuroshiosou<br \/><\/span><span class=\"rtb3\">Nick :\u00a0Hakki<br \/><\/span><span class=\"rtb3\">Rase : Shiba<br \/><\/span><span class=\"rtb3\">Reg.nr : JKC-JS-07217\/17-0 og Nippo : H-26-28470<br \/><\/span><span class=\"rtb3\">Kj\u00f8nn : Hann<br \/><\/span><span class=\"rtb3\">Farge : R\u00f8d<br \/><\/span><span class=\"rtb3\">F\u00f8dt : 9\/8-2014<br \/><\/span>Oppdretter : Kazuo Mimoto, Koshiken, Japan<br \/><span class=\"rtb3\">HD : B\/B<br \/><\/span><span class=\"rtb3\">AD : 0\/0<br \/><\/span><span class=\"rtb3\">Patella : 0\/0<br \/><\/span><span class=\"rtb3\">\u00d8yenlyst : Intet p\u00e5vist<br \/><\/span><span class=\"rtb3\">Bitt : Korrekt og fulltannet<br \/><\/span>Tittel : N UCH DKVV-22 NVet CH NJub CH<\/p>\n<p>Premieringer : Japan : Autumn NIPPO Yamanashi ,Wakainu 2 class, 4.th place, wakainu price 2016 Spring NIPPO Santama, Souken class 1.th place, honbusho ( BEST IN SHOW ), 2016 Spring NIPPO Tokyo souken class, 3.th place, souken price, 2016 Spring NIPPO Gunma, souken class, 5.th place, souken prize<\/p>\n<p>Premieringer i Norge: 34 X CK, 2 X res.CACIB, 2 X res.cert, 3 X CERT, 2 X res.Nordic cert, 1 X Nordic Cert, 4 X BIR, 8 X BIM<\/p>\n<p>\u00a0<\/p>\n<p>\u00c5RETS MESTVINNENDE HANNHUND 2018<\/p>\n<div id=\"attachment_1346\" style=\"width: 410px\" class=\"wp-caption aligncenter\"><img aria-describedby=\"caption-attachment-1346\" loading=\"lazy\" class=\"size-medium wp-image-1346\" src=\"http:\/\/kichiko.net\/wp-content\/uploads\/2017\/10\/28167317_10156078444896241_822172406557899495_n-400x369.jpg\" alt=\"Yuuwa BIR og Hakki BIM NKK B\u00f8\" width=\"400\" height=\"369\" srcset=\"https:\/\/kichiko.net\/wp-content\/uploads\/2017\/10\/28167317_10156078444896241_822172406557899495_n-400x369.jpg 400w, https:\/\/kichiko.net\/wp-content\/uploads\/2017\/10\/28167317_10156078444896241_822172406557899495_n-768x709.jpg 768w, https:\/\/kichiko.net\/wp-content\/uploads\/2017\/10\/28167317_10156078444896241_822172406557899495_n.jpg 960w\" sizes=\"(max-width: 400px) 100vw, 400px\" \/><p id=\"caption-attachment-1346\" class=\"wp-caption-text\">Yuuwa BIR og Hakki BIM<br \/>NKK B\u00f8<\/p><\/div>","protected":false},"excerpt":{"rendered":"<p>\u00a0 Navn :\u00a0Hanaarashi Go Tosa KuroshiosouNick :\u00a0HakkiRase : ShibaReg.nr : JKC-JS-07217\/17-0 og Nippo : H-26-28470Kj\u00f8nn : HannFarge : R\u00f8dF\u00f8dt : 9\/8-2014Oppdretter : Kazuo Mimoto, Koshiken, JapanHD : B\/BAD : 0\/0Patella : 0\/0\u00d8yenlyst : Intet p\u00e5vistBitt : Korrekt og fulltannetTittel : N UCH DKVV-22 NVet CH NJub CH Premieringer : Japan : Autumn NIPPO Yamanashi ,Wakainu [&hellip;]<\/p>\n","protected":false},"author":2,"featured_media":0,"parent":864,"menu_order":7,"comment_status":"closed","ping_status":"closed","template":"","meta":[],"_links":{"self":[{"href":"https:\/\/kichiko.net\/index.php?rest_route=\/wp\/v2\/pages\/1064"}],"collection":[{"href":"https:\/\/kichiko.net\/index.php?rest_route=\/wp\/v2\/pages"}],"about":[{"href":"https:\/\/kichiko.net\/index.php?rest_route=\/wp\/v2\/types\/page"}],"author":[{"embeddable":true,"href":"https:\/\/kichiko.net\/index.php?rest_route=\/wp\/v2\/users\/2"}],"replies":[{"embeddable":true,"href":"https:\/\/kichiko.net\/index.php?rest_route=%2Fwp%2Fv2%2Fcomments&post=1064"}],"version-history":[{"count":24,"href":"https:\/\/kichiko.net\/index.php?rest_route=\/wp\/v2\/pages\/1064\/revisions"}],"predecessor-version":[{"id":4730,"href":"https:\/\/kichiko.net\/index.php?rest_route=\/wp\/v2\/pages\/1064\/revisions\/4730"}],"up":[{"embeddable":true,"href":"https:\/\/kichiko.net\/index.php?rest_route=\/wp\/v2\/pages\/864"}],"wp:attachment":[{"href":"https:\/\/kichiko.net\/index.php?rest_route=%2Fwp%2Fv2%2Fmedia&parent=1064"}],"curies":[{"name":"wp","href":"https:\/\/api.w.org\/{rel}","templated":true}]}}