{"id":102,"date":"2016-09-29T00:12:15","date_gmt":"2016-09-28T23:12:15","guid":{"rendered":"http:\/\/kichiko.net\/?page_id=102"},"modified":"2020-06-12T22:32:49","modified_gmt":"2020-06-12T21:32:49","slug":"om-oss","status":"publish","type":"page","link":"https:\/\/kichiko.net\/?page_id=102","title":{"rendered":"Om oss"},"content":{"rendered":"<div class=\"_d97\">\n<p>Jeg heter Hilde Schyttelvik, bor i Asker sammen med min samboer Benny, har 2 d\u00f8tre \u2013 Veronica (f. 95) og Kristine Elene (f. 04).<br \/>\nVi har pr 2020 14 shibaer boende hjemme og noen ute p\u00e5 f\u00f2ravtale.<br \/>\nVi har ogs\u00e5 2 katter, Lillepus og Bittelille.<\/p>\n<p>Jeg fikk min f\u00f8rste hund i 1987 av naboen v\u00e5r p\u00e5 Dyno (L\u00f8vold). Bodde s\u00e5 og si i hundeg\u00e5rden hans fra jeg var 4 \u00e5r, s\u00e5 da ble det en Norsk Elghund, gr\u00e5 valp (til jul til lykkelige,lille meg) som fikk navnet Bobby.<br \/>\nHan ble min trofaste f\u00f8lgesvenn i 9,5 \u00e5r.<br \/>\nHan var en super fam.hund, god vakthund, god p\u00e5 jakt og godkjent etters\u00f8kshund.<br \/>\nEtter Bobby ble det Irsk Ulvehund og Sch\u00e4fere.<\/p>\n<p>Ble kjent med Shibaen h\u00f8sten\/vinteren 2001.<br \/>\nKj\u00f8pte Mj\u00e6rumh\u00f8gda`s Sachiko (Sacho) i 2001 av Mj\u00e6rum i Hob\u00f8l.<br \/>\nDet var stor overgang fra Sch\u00e4fere, men en hund med S\u00c5 stor personlighet skal man lete lenge etter.<\/p>\n<p>Men det \u00e5 ha Shiba gav mersmak (tross alt!!), s\u00e5 19\/11-04 kom lille Lucky Dragon`s Kioko (Kivi) hit.<br \/>\nHun fikk desverre problemer med kn\u00e6rne ( patella ) og kunne derfor ikke avles p\u00e5.<br \/>\nHun ble omplassert og har det kjempefint som turkompis.<\/p>\n<p>Wenche og jeg skulle deleie en black\/tan valp etter hennes \u00abLilo\u00bb som tilfeldigvis ble boende her<br \/>\nHun fikk navnet \u00abHappy\u00bb og det er et navn den lille fr\u00f8kna kler godt.<br \/>\nI juli 2010 overtok jeg eierskapet p\u00e5 Happy.<br \/>\nI mai 2014 flyttet Happy til min s\u00f8ster i V\u00e5g\u00e5. Der levde hun som en dronning og hadde sitt siste kull der.<\/p>\n<p>Happy d\u00f8de 1.juni 2020.<\/p>\n<p>I oktober 2010 kom lille Kaya hit fra Bergen.<br \/>\nHun er f\u00f8dt p\u00e5 Kennel Shibatroll hos Gullborg og Eirik Knudsen, men g\u00e5r under import da hennes valpekull ble registrert i Spania p\u00e5 Kennel Go Shun`you Kensha ( Silvia Exposito )<\/p>\n<p>Fra v\u00e5rt D-kull f\u00f8dt 6.juni 2013, beholdt vi en bl\/t tispe som fikk navnet \u00abDori\u00bb ( den bl\u00e5 vimsete fisken i \u00abNemo\u00bb ).<br \/>\nHun er full av liv som sin mor og har et fantastisk godt gemytt.<br \/>\nFra v\u00e5rt E-kull f\u00f8dt 7.oktober 2013 beholdt vi ogs\u00e5 ei tispe. Hun er utrolig vakker. Ung og lovende\u00a0 Blir kalt Lillith til daglig. ( vakker storm demon ) Hun ble en ubeseiret valp p\u00e5 utstilling.<br \/>\nAvslutingen hennes i valperingen endte med BIR og 1.BIS p\u00e5 NAK ( Japanspesialen, Hunderfossen )<br \/>\nTidlig v\u00e5ren i 2014 fikk jeg se at\u00a0\u00a0 \u00d8lenskjold\u2019s Chita\u00a0\u00a0\u00a0 ventet valper med en bl\/tan Japanimport\u00a0\u00a0 Kazakoshi No Kuronishiki Go Yokohama Atsumi. \u00a0 .<br \/>\nSpurte da Bodhil og Arve om muligheten for \u00e5 kj\u00f8pe en hannvalp.<br \/>\nDet fikk vi hvis det kom noen hanner og jammen kom det ikke EN gutt ( og 4 tisper )<br \/>\nS\u00e5 p\u00e5 den m\u00e5ten f\u00e5r vi Sacho tilbake.<br \/>\nHan fikk navnet God Klumpen`s Beckham, til daglig Hachi, som betyr 8 p\u00e5 Japansk, da han er v\u00e5r 8. shiba.<br \/>\nHachi bor n\u00e5 i Nittedal.<\/p>\n<p>Sommeren 2015 tok vi inn v\u00e5r f\u00f8rste import fra Japan.<br \/>\nHan heter Tetsuya Go Koshiwasou, til daglig Tetsu, og kommer fra oppdretter Kobayasi Yousuke.<br \/>\nEn fantstisk hund med meget godt temperament og er sunn og frisk.<br \/>\nI Pinsen 2016 dro vi til St.Petersburg, Russland,\u00a0 \u00e5 hentet hjem Handzimemasite Sekiko, til daglig Lala,\u00a0 hos Elena Zakamskaja, en fantastisk dame med mange flotte hunder.<\/p>\n<p>I desember 2016 dro vi til Sassano, Italia til Gianni \u00a0Zozzaro og imoprterte hjem en r\u00f8d hannhund ved navnet SansaiHiroyukiMadeInItaly, til daglig Sensei.<\/p>\n<p>Siden har det blitt fler turer til Japan \u00e5 hentet hunder.<br \/>\nMer informasjon finnes p\u00e5 hver enkelt hund sin side.<br \/>\nHar selv funnet p\u00e5 kennelnavnet KICHIKO. Det er en blanding av v\u00e5re 2 f\u00f8rste shibaer : Sachiko og Kioko. Fikk det godkjent av FCI 16\/2-2007<\/p>\n<p>Vi startet et lite Shiba oppdrett \u00abunder kj\u00f8kkenbordet\u00bb.<br \/>\nV\u00e5rt f\u00f8rste shiba kull ble f\u00f8dt 24\/5-2010.<br \/>\nH\u00e5per og tror det kan bli bra<\/p>\n<p>Hilde har deltatt p\u00e5 oppdretterseminar i regi av Norsk Shiba Klubb 19. og 20. januar 2013.<\/p>\n<p>Januar 2020 fikk vi Shigeru Kato hit. Han var foredragsholder for JUN sine medlemmer og var med p\u00e5 dommerkonferanse.<\/p>\n<p>Han bodde hos oss og vi sponset i samarbeid med Kennel Enerhaugen og JUN, reisen hans.<\/p>\n<\/div>\n<p>Kontakt informasjon:<\/p>\n<p>Hilde Schyttelvik<br \/>\nE-post: <a href=\"mailto:schyttelvik@hotmail.com\">schyttelvik@hotmail.com<\/a><\/p>\n<div class=\"entry-links\"><\/div>\n<aside id=\"sidebar2\" class=\"sides\">\n<div id=\"primary2\" class=\"widget-area\">\n<ul class=\"xoxo\">\n<li id=\"pages-3\" class=\"widget-container widget_pages\">\n<h3 class=\"widget-title\">Sider<\/h3>\n<ul>\n<li class=\"page_item page-item-63 page_item_has_children\"><a href=\"http:\/\/kichiko.net\/?page_id=63\"><span style=\"color: #000080;\">V\u00e5re hunder<\/span><\/a>\n<ul class=\"children\">\n<li class=\"page_item page-item-111\"><a href=\"http:\/\/kichiko.net\/?page_id=111\"><span style=\"color: #000080;\">Kaya<\/span><\/a><\/li>\n<li class=\"page_item page-item-113\"><a href=\"http:\/\/kichiko.net\/?page_id=113\"><span style=\"color: #000080;\">Dori<\/span><\/a><\/li>\n<li class=\"page_item page-item-115\"><a href=\"http:\/\/kichiko.net\/?page_id=115\"><span style=\"color: #000080;\">Lillith<\/span><\/a><\/li>\n<li class=\"page_item page-item-117\"><a href=\"http:\/\/kichiko.net\/?page_id=117\"><span style=\"color: #000080;\">Hachi<\/span><\/a><\/li>\n<li class=\"page_item page-item-119\"><a href=\"http:\/\/kichiko.net\/?page_id=119\"><span style=\"color: #000080;\">Tetsu<\/span><\/a><\/li>\n<li class=\"page_item page-item-121\"><a href=\"http:\/\/kichiko.net\/?page_id=121\"><span style=\"color: #000080;\">Lala<\/span><\/a><\/li>\n<\/ul>\n<\/li>\n<li class=\"page_item page-item-39 page_item_has_children\"><a href=\"http:\/\/kichiko.net\/?page_id=39\"><span style=\"color: #000080;\">Valper<\/span><\/a>\n<ul class=\"children\">\n<li class=\"page_item page-item-137 page_item_has_children\"><a href=\"http:\/\/kichiko.net\/?page_id=137\"><span style=\"color: #000080;\">K \u2013 Kullet<\/span><\/a>\n<ul class=\"children\">\n<li class=\"page_item page-item-223\"><a href=\"http:\/\/kichiko.net\/?page_id=223\"><span style=\"color: #000080;\">Katsu Kage<\/span><\/a><\/li>\n<li class=\"page_item page-item-232\"><a href=\"http:\/\/kichiko.net\/?page_id=232\"><span style=\"color: #000080;\">Katsu Taifu<\/span><\/a><\/li>\n<li class=\"page_item page-item-234\"><a href=\"http:\/\/kichiko.net\/?page_id=234\"><span style=\"color: #000080;\">Katsu Mai<\/span><\/a><\/li>\n<\/ul>\n<\/li>\n<\/ul>\n<\/li>\n<li class=\"page_item page-item-41 page_item_has_children\"><a href=\"http:\/\/kichiko.net\/?page_id=41\"><span style=\"color: #000080;\">Tidligere kull<\/span><\/a>\n<ul class=\"children\">\n<li class=\"page_item page-item-46 page_item_has_children\"><a href=\"http:\/\/kichiko.net\/?page_id=46\"><span style=\"color: #000080;\">A \u2013 Kullet<\/span><\/a>\n<ul class=\"children\">\n<li class=\"page_item page-item-269\"><a href=\"http:\/\/kichiko.net\/?page_id=269\"><span style=\"color: #000080;\">Akemi Kurohime<\/span><\/a><\/li>\n<li class=\"page_item page-item-275\"><a href=\"http:\/\/kichiko.net\/?page_id=275\"><span style=\"color: #000080;\">Akemi Oniisan<\/span><\/a><\/li>\n<li class=\"page_item page-item-280\"><a href=\"http:\/\/kichiko.net\/?page_id=280\"><span style=\"color: #000080;\">Akemi Ototo<\/span><\/a><\/li>\n<\/ul>\n<\/li>\n<li class=\"page_item page-item-48 page_item_has_children\"><a href=\"http:\/\/kichiko.net\/?page_id=48\"><span style=\"color: #000080;\">B \u2013 Kullet<\/span><\/a>\n<ul class=\"children\">\n<li class=\"page_item page-item-295\"><a href=\"http:\/\/kichiko.net\/?page_id=295\"><span style=\"color: #000080;\">Banzai Ichi Kuro Musuko<\/span><\/a><\/li>\n<li class=\"page_item page-item-320\"><a href=\"http:\/\/kichiko.net\/?page_id=320\"><span style=\"color: #000080;\">Banzai Kawai Misako<\/span><\/a><\/li>\n<li class=\"page_item page-item-311\"><a href=\"http:\/\/kichiko.net\/?page_id=311\"><span style=\"color: #000080;\">Banzai Kyojin Riki<\/span><\/a><\/li>\n<li class=\"page_item page-item-301\"><a href=\"http:\/\/kichiko.net\/?page_id=301\"><span style=\"color: #000080;\">Banzai Misa Otohime<\/span><\/a><\/li>\n<\/ul>\n<\/li>\n<li class=\"page_item page-item-50 page_item_has_children\"><a href=\"http:\/\/kichiko.net\/?page_id=50\"><span style=\"color: #000080;\">C \u2013 Kullet<\/span><\/a>\n<ul class=\"children\">\n<li class=\"page_item page-item-326\"><a href=\"http:\/\/kichiko.net\/?page_id=326\"><span style=\"color: #000080;\">Chibi Akimaru<\/span><\/a><\/li>\n<li class=\"page_item page-item-335\"><a href=\"http:\/\/kichiko.net\/?page_id=335\"><span style=\"color: #000080;\">Chibi Dai-Seiko<\/span><\/a><\/li>\n<li class=\"page_item page-item-341\"><a href=\"http:\/\/kichiko.net\/?page_id=341\"><span style=\"color: #000080;\">Chibi Enshi<\/span><\/a><\/li>\n<\/ul>\n<\/li>\n<li class=\"page_item page-item-123 page_item_has_children\"><a href=\"http:\/\/kichiko.net\/?page_id=123\"><span style=\"color: #000080;\">D \u2013 Kullet<\/span><\/a>\n<ul class=\"children\">\n<li class=\"page_item page-item-362\"><a href=\"http:\/\/kichiko.net\/?page_id=362\"><span style=\"color: #000080;\">Daitan Imoto<\/span><\/a><\/li>\n<li class=\"page_item page-item-348\"><a href=\"http:\/\/kichiko.net\/?page_id=348\"><span style=\"color: #000080;\">Daitan Joseibi<\/span><\/a><\/li>\n<li class=\"page_item page-item-353\"><a href=\"http:\/\/kichiko.net\/?page_id=353\"><span style=\"color: #000080;\">Daitan Natsuko<\/span><\/a><\/li>\n<\/ul>\n<\/li>\n<li class=\"page_item page-item-125 page_item_has_children\"><a href=\"http:\/\/kichiko.net\/?page_id=125\"><span style=\"color: #000080;\">E \u2013 Kullet<\/span><\/a>\n<ul class=\"children\">\n<li class=\"page_item page-item-454\"><a href=\"http:\/\/kichiko.net\/?page_id=454\"><span style=\"color: #000080;\">Ei Hachiko<\/span><\/a><\/li>\n<li class=\"page_item page-item-478\"><a href=\"http:\/\/kichiko.net\/?page_id=478\"><span style=\"color: #000080;\">Ei Katsuko<\/span><\/a><\/li>\n<li class=\"page_item page-item-459\"><a href=\"http:\/\/kichiko.net\/?page_id=459\"><span style=\"color: #000080;\">Ei Shinju<\/span><\/a><\/li>\n<li class=\"page_item page-item-475\"><a href=\"http:\/\/kichiko.net\/?page_id=475\"><span style=\"color: #000080;\">Ei Tanrei Maru<\/span><\/a><\/li>\n<li class=\"page_item page-item-490\"><a href=\"http:\/\/kichiko.net\/?page_id=490\"><span style=\"color: #000080;\">Ei Tenshi<\/span><\/a><\/li>\n<\/ul>\n<\/li>\n<li class=\"page_item page-item-127 page_item_has_children\"><a href=\"http:\/\/kichiko.net\/?page_id=127\"><span style=\"color: #000080;\">F \u2013 Kullet<\/span><\/a>\n<ul class=\"children\">\n<li class=\"page_item page-item-521\"><a href=\"http:\/\/kichiko.net\/?page_id=521\"><span style=\"color: #000080;\">Fukuchibi<\/span><\/a><\/li>\n<li class=\"page_item page-item-514\"><a href=\"http:\/\/kichiko.net\/?page_id=514\"><span style=\"color: #000080;\">Fukuhime<\/span><\/a><\/li>\n<li class=\"page_item page-item-528\"><a href=\"http:\/\/kichiko.net\/?page_id=528\"><span style=\"color: #000080;\">Fukuhoshi<\/span><\/a><\/li>\n<li class=\"page_item page-item-501\"><a href=\"http:\/\/kichiko.net\/?page_id=501\"><span style=\"color: #000080;\">Fukutaro<\/span><\/a><\/li>\n<\/ul>\n<\/li>\n<li class=\"page_item page-item-129 page_item_has_children\"><a href=\"http:\/\/kichiko.net\/?page_id=129\"><span style=\"color: #000080;\">G \u2013 Kullet<\/span><\/a>\n<ul class=\"children\">\n<li class=\"page_item page-item-541\"><a href=\"http:\/\/kichiko.net\/?page_id=541\"><span style=\"color: #000080;\">Ginhime<\/span><\/a><\/li>\n<li class=\"page_item page-item-564\"><a href=\"http:\/\/kichiko.net\/?page_id=564\"><span style=\"color: #000080;\">Ginmaru<\/span><\/a><\/li>\n<\/ul>\n<\/li>\n<li class=\"page_item page-item-131 page_item_has_children\"><a href=\"http:\/\/kichiko.net\/?page_id=131\"><span style=\"color: #000080;\">H \u2013 Kullet<\/span><\/a>\n<ul class=\"children\">\n<li class=\"page_item page-item-577\"><a href=\"http:\/\/kichiko.net\/?page_id=577\"><span style=\"color: #000080;\">Hachi Fuyuko<\/span><\/a><\/li>\n<li class=\"page_item page-item-588\"><a href=\"http:\/\/kichiko.net\/?page_id=588\"><span style=\"color: #000080;\">Hachi Miu Fuyu<\/span><\/a><\/li>\n<\/ul>\n<\/li>\n<li class=\"page_item page-item-133 page_item_has_children\"><a href=\"http:\/\/kichiko.net\/?page_id=133\"><span style=\"color: #000080;\">I \u2013 Kullet<\/span><\/a>\n<ul class=\"children\">\n<li class=\"page_item page-item-594\"><a href=\"http:\/\/kichiko.net\/?page_id=594\"><span style=\"color: #000080;\">Ichi Musha<\/span><\/a><\/li>\n<li class=\"page_item page-item-601\"><a href=\"http:\/\/kichiko.net\/?page_id=601\"><span style=\"color: #000080;\">Ichi Katsu<\/span><\/a><\/li>\n<\/ul>\n<\/li>\n<li class=\"page_item page-item-135 page_item_has_children\"><a href=\"http:\/\/kichiko.net\/?page_id=135\"><span style=\"color: #000080;\">J \u2013 Kullet<\/span><\/a>\n<ul class=\"children\">\n<li class=\"page_item page-item-160\"><a href=\"http:\/\/kichiko.net\/?page_id=160\"><span style=\"color: #000080;\">Ji Akane<\/span><\/a><\/li>\n<li class=\"page_item page-item-200\"><a href=\"http:\/\/kichiko.net\/?page_id=200\"><span style=\"color: #000080;\">Ji Asahi<\/span><\/a><\/li>\n<\/ul>\n<\/li>\n<\/ul>\n<\/li>\n<li class=\"page_item page-item-148\"><a href=\"http:\/\/kichiko.net\/?page_id=148\"><span style=\"color: #000080;\">Utstillings resultater<\/span><\/a><\/li>\n<li class=\"page_item page-item-8 current_page_parent\"><a href=\"http:\/\/kichiko.net\/?page_id=8\"><span style=\"color: #000080;\">Gjestebok<\/span><\/a><\/li>\n<li class=\"page_item page-item-2\"><a href=\"http:\/\/kichiko.net\/?page_id=2\"><span style=\"color: #000080;\">Nyttig<\/span><\/a><\/li>\n<li class=\"page_item page-item-61 page_item_has_children\"><a href=\"http:\/\/kichiko.net\/?page_id=61\"><span style=\"color: #000080;\">Minnelund<\/span><\/a>\n<ul class=\"children\">\n<li class=\"page_item page-item-70\"><a href=\"http:\/\/kichiko.net\/?page_id=70\"><span style=\"color: #000080;\">Sacho<\/span><\/a><\/li>\n<li class=\"page_item page-item-492\"><a href=\"http:\/\/kichiko.net\/?page_id=492\"><span style=\"color: #000080;\">Bobby<\/span><\/a><\/li>\n<li class=\"page_item page-item-511\"><a href=\"http:\/\/kichiko.net\/?page_id=511\"><span style=\"color: #000080;\">Candy<\/span><\/a><\/li>\n<li class=\"page_item page-item-504\"><a href=\"http:\/\/kichiko.net\/?page_id=504\"><span style=\"color: #000080;\">Senta<\/span><\/a><\/li>\n<\/ul>\n<\/li>\n<li class=\"page_item page-item-102\"><a href=\"http:\/\/kichiko.net\/?page_id=102\"><span style=\"color: #000080;\">Om oss<\/span><\/a><\/li>\n<\/ul>\n<\/li>\n<\/ul>\n<\/div>\n<\/aside>\n","protected":false},"excerpt":{"rendered":"<p>Jeg heter Hilde Schyttelvik, bor i Asker sammen med min samboer Benny, har 2 d\u00f8tre \u2013 Veronica (f. 95) og Kristine Elene (f. 04). Vi har pr 2020 14 shibaer boende hjemme og noen ute p\u00e5 f\u00f2ravtale. Vi har ogs\u00e5 2 katter, Lillepus og Bittelille. Jeg fikk min f\u00f8rste hund i 1987 av naboen v\u00e5r [&hellip;]<\/p>\n","protected":false},"author":2,"featured_media":0,"parent":0,"menu_order":9,"comment_status":"closed","ping_status":"closed","template":"","meta":[],"_links":{"self":[{"href":"https:\/\/kichiko.net\/index.php?rest_route=\/wp\/v2\/pages\/102"}],"collection":[{"href":"https:\/\/kichiko.net\/index.php?rest_route=\/wp\/v2\/pages"}],"about":[{"href":"https:\/\/kichiko.net\/index.php?rest_route=\/wp\/v2\/types\/page"}],"author":[{"embeddable":true,"href":"https:\/\/kichiko.net\/index.php?rest_route=\/wp\/v2\/users\/2"}],"replies":[{"embeddable":true,"href":"https:\/\/kichiko.net\/index.php?rest_route=%2Fwp%2Fv2%2Fcomments&post=102"}],"version-history":[{"count":14,"href":"https:\/\/kichiko.net\/index.php?rest_route=\/wp\/v2\/pages\/102\/revisions"}],"predecessor-version":[{"id":2829,"href":"https:\/\/kichiko.net\/index.php?rest_route=\/wp\/v2\/pages\/102\/revisions\/2829"}],"wp:attachment":[{"href":"https:\/\/kichiko.net\/index.php?rest_route=%2Fwp%2Fv2%2Fmedia&parent=102"}],"curies":[{"name":"wp","href":"https:\/\/api.w.org\/{rel}","templated":true}]}}