{"id":2067,"date":"2019-03-15T22:32:54","date_gmt":"2019-03-15T21:32:54","guid":{"rendered":"http:\/\/kichiko.net\/?page_id=2067"},"modified":"2020-10-07T09:02:50","modified_gmt":"2020-10-07T08:02:50","slug":"kichikos-t-3","status":"publish","type":"page","link":"http:\/\/kichiko.net\/?page_id=2067","title":{"rendered":"Tada Ren-Ai"},"content":{"rendered":"<p>Kl. 21:20 . Nr.3 ble en r\u00f8d tispe som veide 240 gr.\u00a0\u00a0<span class=\"rtb4\">Hun fikk navnet : Kichiko`s\u00a0 Tada Ren-Ai. Det betyr : \u00c6rlig Kj\u00e6rlighet<\/span><\/p>\n<div class=\"tmpMainPicBox\">\n<div class=\"tmpMainPicSubBox\">\n<div class=\"tmpMainRich\">\n<p><span class=\"rtb4\">Nick : Phoenix<br \/>\nRase : Shiba<br \/>\nKj\u00f8nn : Tispe<br \/>\nFarge : R\u00f8d<br \/>\nF\u00f8dt : 15\/3-2019<br \/>\nReg.nr : NO38368\/19<br \/>\nHD : B\/B<br \/>\nAD : 0\/0<br \/>\n<\/span><\/p>\n<p><span class=\"rtb4\">Eier : Andrea Holan og Fredrik Andreassen, Oslo<\/span><\/p>\n<div id=\"attachment_2060\" style=\"width: 410px\" class=\"wp-caption alignnone\"><img aria-describedby=\"caption-attachment-2060\" loading=\"lazy\" class=\"size-medium wp-image-2060\" src=\"http:\/\/kichiko.net\/wp-content\/uploads\/2019\/03\/54518773_412044346266208_655813932409159680_n-400x420.jpg\" alt=\"Nyf\u00f8dt\" width=\"400\" height=\"420\" srcset=\"http:\/\/kichiko.net\/wp-content\/uploads\/2019\/03\/54518773_412044346266208_655813932409159680_n-400x420.jpg 400w, http:\/\/kichiko.net\/wp-content\/uploads\/2019\/03\/54518773_412044346266208_655813932409159680_n.jpg 686w\" sizes=\"(max-width: 400px) 100vw, 400px\" \/><p id=\"caption-attachment-2060\" class=\"wp-caption-text\">Nyf\u00f8dt<\/p><\/div>\n<div id=\"attachment_2078\" style=\"width: 410px\" class=\"wp-caption alignnone\"><img aria-describedby=\"caption-attachment-2078\" loading=\"lazy\" class=\"size-medium wp-image-2078\" src=\"http:\/\/kichiko.net\/wp-content\/uploads\/2019\/03\/IMG_0624-400x438.jpg\" alt=\"1 uke\" width=\"400\" height=\"438\" srcset=\"http:\/\/kichiko.net\/wp-content\/uploads\/2019\/03\/IMG_0624-400x438.jpg 400w, http:\/\/kichiko.net\/wp-content\/uploads\/2019\/03\/IMG_0624-768x841.jpg 768w, http:\/\/kichiko.net\/wp-content\/uploads\/2019\/03\/IMG_0624-935x1024.jpg 935w, http:\/\/kichiko.net\/wp-content\/uploads\/2019\/03\/IMG_0624.jpg 1313w\" sizes=\"(max-width: 400px) 100vw, 400px\" \/><p id=\"caption-attachment-2078\" class=\"wp-caption-text\">1 uke<\/p><\/div>\n<div id=\"attachment_2091\" style=\"width: 410px\" class=\"wp-caption alignnone\"><img aria-describedby=\"caption-attachment-2091\" loading=\"lazy\" class=\"size-medium wp-image-2091\" src=\"http:\/\/kichiko.net\/wp-content\/uploads\/2019\/03\/IMG_0648-400x427.jpg\" alt=\"2 uker\" width=\"400\" height=\"427\" srcset=\"http:\/\/kichiko.net\/wp-content\/uploads\/2019\/03\/IMG_0648-400x427.jpg 400w, http:\/\/kichiko.net\/wp-content\/uploads\/2019\/03\/IMG_0648-768x820.jpg 768w, http:\/\/kichiko.net\/wp-content\/uploads\/2019\/03\/IMG_0648-959x1024.jpg 959w, http:\/\/kichiko.net\/wp-content\/uploads\/2019\/03\/IMG_0648.jpg 1531w\" sizes=\"(max-width: 400px) 100vw, 400px\" \/><p id=\"caption-attachment-2091\" class=\"wp-caption-text\">2 uker<\/p><\/div>\n<div id=\"attachment_2104\" style=\"width: 410px\" class=\"wp-caption alignnone\"><img aria-describedby=\"caption-attachment-2104\" loading=\"lazy\" class=\"size-medium wp-image-2104\" src=\"http:\/\/kichiko.net\/wp-content\/uploads\/2019\/03\/IMG_0665-400x370.jpg\" alt=\"3 uker\" width=\"400\" height=\"370\" srcset=\"http:\/\/kichiko.net\/wp-content\/uploads\/2019\/03\/IMG_0665-400x370.jpg 400w, http:\/\/kichiko.net\/wp-content\/uploads\/2019\/03\/IMG_0665-768x710.jpg 768w, http:\/\/kichiko.net\/wp-content\/uploads\/2019\/03\/IMG_0665-1024x946.jpg 1024w, http:\/\/kichiko.net\/wp-content\/uploads\/2019\/03\/IMG_0665.jpg 1394w\" sizes=\"(max-width: 400px) 100vw, 400px\" \/><p id=\"caption-attachment-2104\" class=\"wp-caption-text\">3 uker<\/p><\/div>\n<div id=\"attachment_2113\" style=\"width: 410px\" class=\"wp-caption alignnone\"><img aria-describedby=\"caption-attachment-2113\" loading=\"lazy\" class=\"size-medium wp-image-2113\" src=\"http:\/\/kichiko.net\/wp-content\/uploads\/2019\/03\/IMG_0695-400x514.jpg\" alt=\"4 uker\" width=\"400\" height=\"514\" srcset=\"http:\/\/kichiko.net\/wp-content\/uploads\/2019\/03\/IMG_0695-400x514.jpg 400w, http:\/\/kichiko.net\/wp-content\/uploads\/2019\/03\/IMG_0695-768x987.jpg 768w, http:\/\/kichiko.net\/wp-content\/uploads\/2019\/03\/IMG_0695-797x1024.jpg 797w, http:\/\/kichiko.net\/wp-content\/uploads\/2019\/03\/IMG_0695.jpg 1486w\" sizes=\"(max-width: 400px) 100vw, 400px\" \/><p id=\"caption-attachment-2113\" class=\"wp-caption-text\">4 uker<\/p><\/div>\n<div id=\"attachment_2148\" style=\"width: 410px\" class=\"wp-caption alignnone\"><img aria-describedby=\"caption-attachment-2148\" loading=\"lazy\" class=\"size-medium wp-image-2148\" src=\"http:\/\/kichiko.net\/wp-content\/uploads\/2019\/03\/IMG_0726-400x338.jpg\" alt=\"5 uker\" width=\"400\" height=\"338\" srcset=\"http:\/\/kichiko.net\/wp-content\/uploads\/2019\/03\/IMG_0726-400x338.jpg 400w, http:\/\/kichiko.net\/wp-content\/uploads\/2019\/03\/IMG_0726-768x649.jpg 768w, http:\/\/kichiko.net\/wp-content\/uploads\/2019\/03\/IMG_0726-1024x865.jpg 1024w\" sizes=\"(max-width: 400px) 100vw, 400px\" \/><p id=\"caption-attachment-2148\" class=\"wp-caption-text\">5 uker<\/p><\/div>\n<div id=\"attachment_2140\" style=\"width: 410px\" class=\"wp-caption alignnone\"><img aria-describedby=\"caption-attachment-2140\" loading=\"lazy\" class=\"size-medium wp-image-2140\" src=\"http:\/\/kichiko.net\/wp-content\/uploads\/2019\/03\/IMG_0753-400x485.jpg\" alt=\"6 uker\" width=\"400\" height=\"485\" srcset=\"http:\/\/kichiko.net\/wp-content\/uploads\/2019\/03\/IMG_0753-400x485.jpg 400w, http:\/\/kichiko.net\/wp-content\/uploads\/2019\/03\/IMG_0753-768x931.jpg 768w, http:\/\/kichiko.net\/wp-content\/uploads\/2019\/03\/IMG_0753-845x1024.jpg 845w, http:\/\/kichiko.net\/wp-content\/uploads\/2019\/03\/IMG_0753.jpg 1695w\" sizes=\"(max-width: 400px) 100vw, 400px\" \/><p id=\"caption-attachment-2140\" class=\"wp-caption-text\">6 uker<\/p><\/div>\n<div id=\"attachment_2162\" style=\"width: 410px\" class=\"wp-caption alignnone\"><img aria-describedby=\"caption-attachment-2162\" loading=\"lazy\" class=\"size-medium wp-image-2162\" src=\"http:\/\/kichiko.net\/wp-content\/uploads\/2019\/03\/IMG_0778-400x461.jpg\" alt=\"7 uker\" width=\"400\" height=\"461\" srcset=\"http:\/\/kichiko.net\/wp-content\/uploads\/2019\/03\/IMG_0778-400x461.jpg 400w, http:\/\/kichiko.net\/wp-content\/uploads\/2019\/03\/IMG_0778-768x884.jpg 768w, http:\/\/kichiko.net\/wp-content\/uploads\/2019\/03\/IMG_0778-889x1024.jpg 889w, http:\/\/kichiko.net\/wp-content\/uploads\/2019\/03\/IMG_0778.jpg 1683w\" sizes=\"(max-width: 400px) 100vw, 400px\" \/><p id=\"caption-attachment-2162\" class=\"wp-caption-text\">7 uker<\/p><\/div>\n<div id=\"attachment_2186\" style=\"width: 410px\" class=\"wp-caption alignnone\"><img aria-describedby=\"caption-attachment-2186\" loading=\"lazy\" class=\"size-medium wp-image-2186\" src=\"http:\/\/kichiko.net\/wp-content\/uploads\/2019\/03\/IMG_0871-400x597.jpg\" alt=\"8 uker\" width=\"400\" height=\"597\" srcset=\"http:\/\/kichiko.net\/wp-content\/uploads\/2019\/03\/IMG_0871-400x597.jpg 400w, http:\/\/kichiko.net\/wp-content\/uploads\/2019\/03\/IMG_0871-768x1146.jpg 768w, http:\/\/kichiko.net\/wp-content\/uploads\/2019\/03\/IMG_0871-686x1024.jpg 686w, http:\/\/kichiko.net\/wp-content\/uploads\/2019\/03\/IMG_0871.jpg 1381w\" sizes=\"(max-width: 400px) 100vw, 400px\" \/><p id=\"caption-attachment-2186\" class=\"wp-caption-text\">8 uker<\/p><\/div>\n<div id=\"attachment_2193\" style=\"width: 410px\" class=\"wp-caption alignnone\"><img aria-describedby=\"caption-attachment-2193\" loading=\"lazy\" class=\"size-medium wp-image-2193\" src=\"http:\/\/kichiko.net\/wp-content\/uploads\/2019\/03\/IMG_0888-400x290.jpg\" alt=\"Phoenix med sine nye eiere, Andrea og Fredrik\" width=\"400\" height=\"290\" srcset=\"http:\/\/kichiko.net\/wp-content\/uploads\/2019\/03\/IMG_0888-400x290.jpg 400w, http:\/\/kichiko.net\/wp-content\/uploads\/2019\/03\/IMG_0888-768x557.jpg 768w, http:\/\/kichiko.net\/wp-content\/uploads\/2019\/03\/IMG_0888-1024x743.jpg 1024w\" sizes=\"(max-width: 400px) 100vw, 400px\" \/><p id=\"caption-attachment-2193\" class=\"wp-caption-text\">Phoenix med sine nye eiere, Andrea og Fredrik<\/p><\/div>\n<\/div>\n<\/div>\n<\/div>\n","protected":false},"excerpt":{"rendered":"<p>Kl. 21:20 . Nr.3 ble en r\u00f8d tispe som veide 240 gr.\u00a0\u00a0Hun fikk navnet : Kichiko`s\u00a0 Tada Ren-Ai. Det betyr : \u00c6rlig Kj\u00e6rlighet Nick : Phoenix Rase : Shiba Kj\u00f8nn : Tispe Farge : R\u00f8d F\u00f8dt : 15\/3-2019 Reg.nr : NO38368\/19 HD : B\/B AD : 0\/0 Eier : Andrea Holan og Fredrik Andreassen, Oslo<\/p>\n","protected":false},"author":2,"featured_media":0,"parent":2057,"menu_order":3,"comment_status":"closed","ping_status":"closed","template":"","meta":[],"_links":{"self":[{"href":"http:\/\/kichiko.net\/index.php?rest_route=\/wp\/v2\/pages\/2067"}],"collection":[{"href":"http:\/\/kichiko.net\/index.php?rest_route=\/wp\/v2\/pages"}],"about":[{"href":"http:\/\/kichiko.net\/index.php?rest_route=\/wp\/v2\/types\/page"}],"author":[{"embeddable":true,"href":"http:\/\/kichiko.net\/index.php?rest_route=\/wp\/v2\/users\/2"}],"replies":[{"embeddable":true,"href":"http:\/\/kichiko.net\/index.php?rest_route=%2Fwp%2Fv2%2Fcomments&post=2067"}],"version-history":[{"count":16,"href":"http:\/\/kichiko.net\/index.php?rest_route=\/wp\/v2\/pages\/2067\/revisions"}],"predecessor-version":[{"id":3098,"href":"http:\/\/kichiko.net\/index.php?rest_route=\/wp\/v2\/pages\/2067\/revisions\/3098"}],"up":[{"embeddable":true,"href":"http:\/\/kichiko.net\/index.php?rest_route=\/wp\/v2\/pages\/2057"}],"wp:attachment":[{"href":"http:\/\/kichiko.net\/index.php?rest_route=%2Fwp%2Fv2%2Fmedia&parent=2067"}],"curies":[{"name":"wp","href":"https:\/\/api.w.org\/{rel}","templated":true}]}}