{"id":2063,"date":"2019-03-15T22:31:37","date_gmt":"2019-03-15T21:31:37","guid":{"rendered":"http:\/\/kichiko.net\/?page_id=2063"},"modified":"2019-08-22T22:44:47","modified_gmt":"2019-08-22T21:44:47","slug":"kichikos-t","status":"publish","type":"page","link":"http:\/\/kichiko.net\/?page_id=2063","title":{"rendered":"Tada Tetsu Musuko"},"content":{"rendered":"<p>Kl. 19:55 . Nr.1 ble en r\u00f8d\u00a0hann som veide 230 gr.\u00a0\u00a0<span class=\"rtb4\">Han fikk navnet : Kichiko`s\u00a0 Tada Tetsu Musuko. Det betyr : \u00c6rlig Jern S\u00f8nn<\/span><\/p>\n<div class=\"tmpMainPicBox\">\n<div class=\"tmpMainPicSubBox\">\n<div class=\"tmpMainRich\">\n<p><span class=\"rtb4\">Nick : Ichigo<br \/>\nRase : Shiba<br \/>\nKj\u00f8nn :\u00a0Hann<br \/>\nFarge : R\u00f8d<br \/>\nF\u00f8dt : 15\/3-2019<br \/>\nReg.nr : NO38366\/19<br \/>\nHD :<br \/>\nAD :<br \/>\nPatella :\u00a0<\/span><\/p>\n<p><strong><span class=\"rtb4\"><br \/>\n<\/span><\/strong><span class=\"rtb4\">Eier : Silvia Ciobanu og Fredrik Sanne, Drammen<\/span><\/p>\n<div id=\"attachment_2059\" style=\"width: 410px\" class=\"wp-caption alignnone\"><img aria-describedby=\"caption-attachment-2059\" loading=\"lazy\" class=\"size-medium wp-image-2059\" src=\"http:\/\/kichiko.net\/wp-content\/uploads\/2019\/03\/54433011_1690067894459571_9043376524484411392_n-400x429.jpg\" alt=\"Nyf\u00f8dt\" width=\"400\" height=\"429\" srcset=\"http:\/\/kichiko.net\/wp-content\/uploads\/2019\/03\/54433011_1690067894459571_9043376524484411392_n-400x429.jpg 400w, http:\/\/kichiko.net\/wp-content\/uploads\/2019\/03\/54433011_1690067894459571_9043376524484411392_n.jpg 671w\" sizes=\"(max-width: 400px) 100vw, 400px\" \/><p id=\"caption-attachment-2059\" class=\"wp-caption-text\">Nyf\u00f8dt<\/p><\/div>\n<div id=\"attachment_2081\" style=\"width: 410px\" class=\"wp-caption alignnone\"><img aria-describedby=\"caption-attachment-2081\" loading=\"lazy\" class=\"size-medium wp-image-2081\" src=\"http:\/\/kichiko.net\/wp-content\/uploads\/2019\/03\/IMG_0620-400x386.jpg\" alt=\"1 uke\" width=\"400\" height=\"386\" srcset=\"http:\/\/kichiko.net\/wp-content\/uploads\/2019\/03\/IMG_0620-400x386.jpg 400w, http:\/\/kichiko.net\/wp-content\/uploads\/2019\/03\/IMG_0620-768x741.jpg 768w, http:\/\/kichiko.net\/wp-content\/uploads\/2019\/03\/IMG_0620-1024x988.jpg 1024w, http:\/\/kichiko.net\/wp-content\/uploads\/2019\/03\/IMG_0620.jpg 1775w\" sizes=\"(max-width: 400px) 100vw, 400px\" \/><p id=\"caption-attachment-2081\" class=\"wp-caption-text\">1 uke<\/p><\/div>\n<div id=\"attachment_2093\" style=\"width: 410px\" class=\"wp-caption alignnone\"><img aria-describedby=\"caption-attachment-2093\" loading=\"lazy\" class=\"size-medium wp-image-2093\" src=\"http:\/\/kichiko.net\/wp-content\/uploads\/2019\/03\/IMG_0640-400x354.jpg\" alt=\"2 uker\" width=\"400\" height=\"354\" srcset=\"http:\/\/kichiko.net\/wp-content\/uploads\/2019\/03\/IMG_0640-400x354.jpg 400w, http:\/\/kichiko.net\/wp-content\/uploads\/2019\/03\/IMG_0640-768x679.jpg 768w, http:\/\/kichiko.net\/wp-content\/uploads\/2019\/03\/IMG_0640-1024x905.jpg 1024w, http:\/\/kichiko.net\/wp-content\/uploads\/2019\/03\/IMG_0640.jpg 1743w\" sizes=\"(max-width: 400px) 100vw, 400px\" \/><p id=\"caption-attachment-2093\" class=\"wp-caption-text\">2 uker<\/p><\/div>\n<div id=\"attachment_2102\" style=\"width: 410px\" class=\"wp-caption alignnone\"><img aria-describedby=\"caption-attachment-2102\" loading=\"lazy\" class=\"size-medium wp-image-2102\" src=\"http:\/\/kichiko.net\/wp-content\/uploads\/2019\/03\/IMG_0658-400x342.jpg\" alt=\"3 uker\" width=\"400\" height=\"342\" srcset=\"http:\/\/kichiko.net\/wp-content\/uploads\/2019\/03\/IMG_0658-400x342.jpg 400w, http:\/\/kichiko.net\/wp-content\/uploads\/2019\/03\/IMG_0658-768x657.jpg 768w, http:\/\/kichiko.net\/wp-content\/uploads\/2019\/03\/IMG_0658-1024x876.jpg 1024w, http:\/\/kichiko.net\/wp-content\/uploads\/2019\/03\/IMG_0658.jpg 1667w\" sizes=\"(max-width: 400px) 100vw, 400px\" \/><p id=\"caption-attachment-2102\" class=\"wp-caption-text\">3 uker<\/p><\/div>\n<div id=\"attachment_2111\" style=\"width: 410px\" class=\"wp-caption alignnone\"><img aria-describedby=\"caption-attachment-2111\" loading=\"lazy\" class=\"size-medium wp-image-2111\" src=\"http:\/\/kichiko.net\/wp-content\/uploads\/2019\/03\/IMG_0684-400x357.jpg\" alt=\"4 uker\" width=\"400\" height=\"357\" srcset=\"http:\/\/kichiko.net\/wp-content\/uploads\/2019\/03\/IMG_0684-400x357.jpg 400w, http:\/\/kichiko.net\/wp-content\/uploads\/2019\/03\/IMG_0684-768x685.jpg 768w, http:\/\/kichiko.net\/wp-content\/uploads\/2019\/03\/IMG_0684-1024x913.jpg 1024w, http:\/\/kichiko.net\/wp-content\/uploads\/2019\/03\/IMG_0684.jpg 1450w\" sizes=\"(max-width: 400px) 100vw, 400px\" \/><p id=\"caption-attachment-2111\" class=\"wp-caption-text\">4 uker<\/p><\/div>\n<div id=\"attachment_2146\" style=\"width: 410px\" class=\"wp-caption alignnone\"><img aria-describedby=\"caption-attachment-2146\" loading=\"lazy\" class=\"size-medium wp-image-2146\" src=\"http:\/\/kichiko.net\/wp-content\/uploads\/2019\/03\/IMG_0716-400x511.jpg\" alt=\"5 uker\" width=\"400\" height=\"511\" srcset=\"http:\/\/kichiko.net\/wp-content\/uploads\/2019\/03\/IMG_0716-400x511.jpg 400w, http:\/\/kichiko.net\/wp-content\/uploads\/2019\/03\/IMG_0716-768x981.jpg 768w, http:\/\/kichiko.net\/wp-content\/uploads\/2019\/03\/IMG_0716-802x1024.jpg 802w, http:\/\/kichiko.net\/wp-content\/uploads\/2019\/03\/IMG_0716.jpg 1650w\" sizes=\"(max-width: 400px) 100vw, 400px\" \/><p id=\"caption-attachment-2146\" class=\"wp-caption-text\">5 uker<\/p><\/div>\n<div id=\"attachment_2138\" style=\"width: 410px\" class=\"wp-caption alignnone\"><img aria-describedby=\"caption-attachment-2138\" loading=\"lazy\" class=\"size-medium wp-image-2138\" src=\"http:\/\/kichiko.net\/wp-content\/uploads\/2019\/03\/IMG_0741-400x452.jpg\" alt=\"6 uker\" width=\"400\" height=\"452\" srcset=\"http:\/\/kichiko.net\/wp-content\/uploads\/2019\/03\/IMG_0741-400x452.jpg 400w, http:\/\/kichiko.net\/wp-content\/uploads\/2019\/03\/IMG_0741-768x869.jpg 768w, http:\/\/kichiko.net\/wp-content\/uploads\/2019\/03\/IMG_0741-905x1024.jpg 905w, http:\/\/kichiko.net\/wp-content\/uploads\/2019\/03\/IMG_0741.jpg 1740w\" sizes=\"(max-width: 400px) 100vw, 400px\" \/><p id=\"caption-attachment-2138\" class=\"wp-caption-text\">6 uker<\/p><\/div>\n<div id=\"attachment_2160\" style=\"width: 410px\" class=\"wp-caption alignnone\"><img aria-describedby=\"caption-attachment-2160\" loading=\"lazy\" class=\"size-medium wp-image-2160\" src=\"http:\/\/kichiko.net\/wp-content\/uploads\/2019\/03\/IMG_0767-400x514.jpg\" alt=\"7 uker\" width=\"400\" height=\"514\" srcset=\"http:\/\/kichiko.net\/wp-content\/uploads\/2019\/03\/IMG_0767-400x514.jpg 400w, http:\/\/kichiko.net\/wp-content\/uploads\/2019\/03\/IMG_0767-768x987.jpg 768w, http:\/\/kichiko.net\/wp-content\/uploads\/2019\/03\/IMG_0767-797x1024.jpg 797w, http:\/\/kichiko.net\/wp-content\/uploads\/2019\/03\/IMG_0767.jpg 1714w\" sizes=\"(max-width: 400px) 100vw, 400px\" \/><p id=\"caption-attachment-2160\" class=\"wp-caption-text\">7 uker<\/p><\/div>\n<div id=\"attachment_2184\" style=\"width: 410px\" class=\"wp-caption alignnone\"><img aria-describedby=\"caption-attachment-2184\" loading=\"lazy\" class=\"size-medium wp-image-2184\" src=\"http:\/\/kichiko.net\/wp-content\/uploads\/2019\/03\/IMG_0851-400x551.jpg\" alt=\"8 uker\" width=\"400\" height=\"551\" srcset=\"http:\/\/kichiko.net\/wp-content\/uploads\/2019\/03\/IMG_0851-400x551.jpg 400w, http:\/\/kichiko.net\/wp-content\/uploads\/2019\/03\/IMG_0851-768x1059.jpg 768w, http:\/\/kichiko.net\/wp-content\/uploads\/2019\/03\/IMG_0851-743x1024.jpg 743w, http:\/\/kichiko.net\/wp-content\/uploads\/2019\/03\/IMG_0851.jpg 1548w\" sizes=\"(max-width: 400px) 100vw, 400px\" \/><p id=\"caption-attachment-2184\" class=\"wp-caption-text\">8 uker<\/p><\/div>\n<div id=\"attachment_2194\" style=\"width: 410px\" class=\"wp-caption alignnone\"><img aria-describedby=\"caption-attachment-2194\" loading=\"lazy\" class=\"size-medium wp-image-2194\" src=\"http:\/\/kichiko.net\/wp-content\/uploads\/2019\/03\/IMG_0891-400x333.jpg\" alt=\"Ichigo med sine nye eiere, Silvia og Fredrik\" width=\"400\" height=\"333\" srcset=\"http:\/\/kichiko.net\/wp-content\/uploads\/2019\/03\/IMG_0891-400x333.jpg 400w, http:\/\/kichiko.net\/wp-content\/uploads\/2019\/03\/IMG_0891-768x640.jpg 768w, http:\/\/kichiko.net\/wp-content\/uploads\/2019\/03\/IMG_0891-1024x853.jpg 1024w\" sizes=\"(max-width: 400px) 100vw, 400px\" \/><p id=\"caption-attachment-2194\" class=\"wp-caption-text\">Ichigo med sine nye eiere, Silvia og Fredrik<\/p><\/div>\n<\/div>\n<\/div>\n<\/div>\n","protected":false},"excerpt":{"rendered":"<p>Kl. 19:55 . Nr.1 ble en r\u00f8d\u00a0hann som veide 230 gr.\u00a0\u00a0Han fikk navnet : Kichiko`s\u00a0 Tada Tetsu Musuko. Det betyr : \u00c6rlig Jern S\u00f8nn Nick : Ichigo Rase : Shiba Kj\u00f8nn :\u00a0Hann Farge : R\u00f8d F\u00f8dt : 15\/3-2019 Reg.nr : NO38366\/19 HD : AD : Patella :\u00a0 Eier : Silvia Ciobanu og Fredrik Sanne, Drammen<\/p>\n","protected":false},"author":2,"featured_media":0,"parent":2057,"menu_order":1,"comment_status":"closed","ping_status":"closed","template":"","meta":[],"_links":{"self":[{"href":"http:\/\/kichiko.net\/index.php?rest_route=\/wp\/v2\/pages\/2063"}],"collection":[{"href":"http:\/\/kichiko.net\/index.php?rest_route=\/wp\/v2\/pages"}],"about":[{"href":"http:\/\/kichiko.net\/index.php?rest_route=\/wp\/v2\/types\/page"}],"author":[{"embeddable":true,"href":"http:\/\/kichiko.net\/index.php?rest_route=\/wp\/v2\/users\/2"}],"replies":[{"embeddable":true,"href":"http:\/\/kichiko.net\/index.php?rest_route=%2Fwp%2Fv2%2Fcomments&post=2063"}],"version-history":[{"count":14,"href":"http:\/\/kichiko.net\/index.php?rest_route=\/wp\/v2\/pages\/2063\/revisions"}],"predecessor-version":[{"id":2300,"href":"http:\/\/kichiko.net\/index.php?rest_route=\/wp\/v2\/pages\/2063\/revisions\/2300"}],"up":[{"embeddable":true,"href":"http:\/\/kichiko.net\/index.php?rest_route=\/wp\/v2\/pages\/2057"}],"wp:attachment":[{"href":"http:\/\/kichiko.net\/index.php?rest_route=%2Fwp%2Fv2%2Fmedia&parent=2063"}],"curies":[{"name":"wp","href":"https:\/\/api.w.org\/{rel}","templated":true}]}}